{"version":"1.0","provider_name":"Eurecat","provider_url":"https:\/\/eurecat.org\/es\/","author_name":"EurecatEM","author_url":"https:\/\/eurecat.org\/es\/author\/elena-merin\/","title":"\u00bfC\u00f3mo medir el impacto de los eventos culturales?","type":"rich","width":600,"height":338,"html":"<blockquote class=\"wp-embedded-content\" data-secret=\"LnZjNqdM4l\"><a href=\"https:\/\/eurecat.org\/es\/como-medir-el-impacto-de-los-eventos-culturales\/\">\u00bfC\u00f3mo medir el impacto de los eventos culturales?<\/a><\/blockquote><iframe sandbox=\"allow-scripts\" security=\"restricted\" src=\"https:\/\/eurecat.org\/es\/como-medir-el-impacto-de-los-eventos-culturales\/embed\/#?secret=LnZjNqdM4l\" width=\"600\" height=\"338\" title=\"\u00ab\u00bfC\u00f3mo medir el impacto de los eventos culturales?\u00bb \u2014 Eurecat\" data-secret=\"LnZjNqdM4l\" frameborder=\"0\" marginwidth=\"0\" marginheight=\"0\" scrolling=\"no\" class=\"wp-embedded-content\"><\/iframe><script type=\"text\/javascript\">\n\/* <![CDATA[ *\/\n\/*! This file is auto-generated *\/\n!function(d,l){\"use strict\";l.querySelector&&d.addEventListener&&\"undefined\"!=typeof URL&&(d.wp=d.wp||{},d.wp.receiveEmbedMessage||(d.wp.receiveEmbedMessage=function(e){var t=e.data;if((t||t.secret||t.message||t.value)&&!\/[^a-zA-Z0-9]\/.test(t.secret)){for(var s,r,n,a=l.querySelectorAll('iframe[data-secret=\"'+t.secret+'\"]'),o=l.querySelectorAll('blockquote[data-secret=\"'+t.secret+'\"]'),c=new RegExp(\"^https?:$\",\"i\"),i=0;i<o.length;i++)o[i].style.display=\"none\";for(i=0;i<a.length;i++)s=a[i],e.source===s.contentWindow&&(s.removeAttribute(\"style\"),\"height\"===t.message?(1e3<(r=parseInt(t.value,10))?r=1e3:~~r<200&&(r=200),s.height=r):\"link\"===t.message&&(r=new URL(s.getAttribute(\"src\")),n=new URL(t.value),c.test(n.protocol))&&n.host===r.host&&l.activeElement===s&&(d.top.location.href=t.value))}},d.addEventListener(\"message\",d.wp.receiveEmbedMessage,!1),l.addEventListener(\"DOMContentLoaded\",function(){for(var e,t,s=l.querySelectorAll(\"iframe.wp-embedded-content\"),r=0;r<s.length;r++)(t=(e=s[r]).getAttribute(\"data-secret\"))||(t=Math.random().toString(36).substring(2,12),e.src+=\"#?secret=\"+t,e.setAttribute(\"data-secret\",t)),e.contentWindow.postMessage({message:\"ready\",secret:t},\"*\")},!1)))}(window,document);\n\/\/# sourceURL=https:\/\/eurecat.org\/wp-includes\/js\/wp-embed.min.js\n\/* ]]> *\/\n<\/script>\n","thumbnail_url":"https:\/\/eurecat.org\/wp-content\/uploads\/2015\/11\/medir_impacto_cultural.jpg","thumbnail_width":1102,"thumbnail_height":526,"description":"Las Fiestas de la Merc\u00e8 o el Primavera Sound son dos de los eventos culturales que m\u00e1s impacto social, econ\u00f3mico y en t\u00e9rminos de movilidad urbana registra la ciudad de Barcelona. Pero, \u00bfc\u00f3mo podemos determinar el impacto de actividades como el asociacionismo, de gran tradici\u00f3n en Catalu\u00f1a? Desde el a\u00f1o 2012, el Consejo Nacional de [...]"}

¿Cómo medir el impacto de los eventos culturales?

<blockquote class="wp-embedded-content" data-secret="LnZjNqdM4l"><a href="https://eurecat.org/es/como-medir-el-impacto-de-los-eventos-culturales/">¿Cómo medir el impacto de los eventos culturales?</a></blockquote><iframe sandbox="allow-scripts" security="restricted" src="https://eurecat.org/es/como-medir-el-impacto-de-los-eventos-culturales/embed/#?secret=LnZjNqdM4l" width="600" height="338" title="«¿Cómo medir el impacto de los eventos culturales?» — Eurecat" data-secret="LnZjNqdM4l" frameborder="0" marginwidth="0" marginheight="0" scrolling="no" class="wp-embedded-content"></iframe><script type="text/javascript">
/* <![CDATA[ */
/*! This file is auto-generated */
!function(d,l){"use strict";l.querySelector&&d.addEventListener&&"undefined"!=typeof URL&&(d.wp=d.wp||{},d.wp.receiveEmbedMessage||(d.wp.receiveEmbedMessage=function(e){var t=e.data;if((t||t.secret||t.message||t.value)&&!/[^a-zA-Z0-9]/.test(t.secret)){for(var s,r,n,a=l.querySelectorAll('iframe[data-secret="'+t.secret+'"]'),o=l.querySelectorAll('blockquote[data-secret="'+t.secret+'"]'),c=new RegExp("^https?:$","i"),i=0;i<o.length;i++)o[i].style.display="none";for(i=0;i<a.length;i++)s=a[i],e.source===s.contentWindow&&(s.removeAttribute("style"),"height"===t.message?(1e3<(r=parseInt(t.value,10))?r=1e3:~~r<200&&(r=200),s.height=r):"link"===t.message&&(r=new URL(s.getAttribute("src")),n=new URL(t.value),c.test(n.protocol))&&n.host===r.host&&l.activeElement===s&&(d.top.location.href=t.value))}},d.addEventListener("message",d.wp.receiveEmbedMessage,!1),l.addEventListener("DOMContentLoaded",function(){for(var e,t,s=l.querySelectorAll("iframe.wp-embedded-content"),r=0;r<s.length;r++)(t=(e=s[r]).getAttribute("data-secret"))||(t=Math.random().toString(36).substring(2,12),e.src+="#?secret="+t,e.setAttribute("data-secret",t)),e.contentWindow.postMessage({message:"ready",secret:t},"*")},!1)))}(window,document);
//# sourceURL=https://eurecat.org/wp-includes/js/wp-embed.min.js
/* ]]> */
</script>

Las Fiestas de la Mercè o el Primavera Sound son dos de los eventos culturales que más impacto social, económico y en términos de movilidad urbana registra la ciudad de Barcelona. Pero, ¿cómo podemos determinar el impacto de actividades como el asociacionismo, de gran tradición en Cataluña? Desde el año 2012, el Consejo Nacional de [...]
