{"version":"1.0","provider_name":"Eurecat","provider_url":"https:\/\/eurecat.org\/es\/","author_name":"EurecatEG","author_url":"https:\/\/eurecat.org\/es\/author\/enric-guillen\/","title":"Editorial: Hacia una f\u00e1brica m\u00e1s inteligente y conectada - Eurecat","type":"rich","width":600,"height":338,"html":"<blockquote class=\"wp-embedded-content\" data-secret=\"T7EhifN8t9\"><a href=\"https:\/\/eurecat.org\/es\/editorial-hacia-una-fabrica-mas-inteligente-y-conectada\/\">Editorial: Hacia una f\u00e1brica m\u00e1s inteligente y conectada<\/a><\/blockquote><iframe sandbox=\"allow-scripts\" security=\"restricted\" src=\"https:\/\/eurecat.org\/es\/editorial-hacia-una-fabrica-mas-inteligente-y-conectada\/embed\/#?secret=T7EhifN8t9\" width=\"600\" height=\"338\" title=\"\u00abEditorial: Hacia una f\u00e1brica m\u00e1s inteligente y conectada\u00bb \u2014 Eurecat\" data-secret=\"T7EhifN8t9\" frameborder=\"0\" marginwidth=\"0\" marginheight=\"0\" scrolling=\"no\" class=\"wp-embedded-content\"><\/iframe><script type=\"text\/javascript\">\n\/* <![CDATA[ *\/\n\/*! This file is auto-generated *\/\n!function(d,l){\"use strict\";l.querySelector&&d.addEventListener&&\"undefined\"!=typeof URL&&(d.wp=d.wp||{},d.wp.receiveEmbedMessage||(d.wp.receiveEmbedMessage=function(e){var t=e.data;if((t||t.secret||t.message||t.value)&&!\/[^a-zA-Z0-9]\/.test(t.secret)){for(var s,r,n,a=l.querySelectorAll('iframe[data-secret=\"'+t.secret+'\"]'),o=l.querySelectorAll('blockquote[data-secret=\"'+t.secret+'\"]'),c=new RegExp(\"^https?:$\",\"i\"),i=0;i<o.length;i++)o[i].style.display=\"none\";for(i=0;i<a.length;i++)s=a[i],e.source===s.contentWindow&&(s.removeAttribute(\"style\"),\"height\"===t.message?(1e3<(r=parseInt(t.value,10))?r=1e3:~~r<200&&(r=200),s.height=r):\"link\"===t.message&&(r=new URL(s.getAttribute(\"src\")),n=new URL(t.value),c.test(n.protocol))&&n.host===r.host&&l.activeElement===s&&(d.top.location.href=t.value))}},d.addEventListener(\"message\",d.wp.receiveEmbedMessage,!1),l.addEventListener(\"DOMContentLoaded\",function(){for(var e,t,s=l.querySelectorAll(\"iframe.wp-embedded-content\"),r=0;r<s.length;r++)(t=(e=s[r]).getAttribute(\"data-secret\"))||(t=Math.random().toString(36).substring(2,12),e.src+=\"#?secret=\"+t,e.setAttribute(\"data-secret\",t)),e.contentWindow.postMessage({message:\"ready\",secret:t},\"*\")},!1)))}(window,document);\n\/\/# sourceURL=https:\/\/eurecat.org\/wp-includes\/js\/wp-embed.min.js\n\/* ]]> *\/\n<\/script>\n","thumbnail_url":"https:\/\/eurecat.org\/wp-content\/uploads\/2021\/04\/XAVIER-TORRA-1200X800.jpg","thumbnail_width":1200,"thumbnail_height":800,"description":"La concienciaci\u00f3n hacia el calentamiento global di\u00f3 pie al establecimiento del D\u00eda de la Tierra, una fecha que se celebra cada 22 de abril desde 1970 para poner de relieve la interdependencia entre todos los ecosistemas y los seres vivos que los habitamos"}

Editorial: Hacia una fábrica más inteligente y conectada - Eurecat

<blockquote class="wp-embedded-content" data-secret="T7EhifN8t9"><a href="https://eurecat.org/es/editorial-hacia-una-fabrica-mas-inteligente-y-conectada/">Editorial: Hacia una fábrica más inteligente y conectada</a></blockquote><iframe sandbox="allow-scripts" security="restricted" src="https://eurecat.org/es/editorial-hacia-una-fabrica-mas-inteligente-y-conectada/embed/#?secret=T7EhifN8t9" width="600" height="338" title="«Editorial: Hacia una fábrica más inteligente y conectada» — Eurecat" data-secret="T7EhifN8t9" frameborder="0" marginwidth="0" marginheight="0" scrolling="no" class="wp-embedded-content"></iframe><script type="text/javascript">
/* <![CDATA[ */
/*! This file is auto-generated */
!function(d,l){"use strict";l.querySelector&&d.addEventListener&&"undefined"!=typeof URL&&(d.wp=d.wp||{},d.wp.receiveEmbedMessage||(d.wp.receiveEmbedMessage=function(e){var t=e.data;if((t||t.secret||t.message||t.value)&&!/[^a-zA-Z0-9]/.test(t.secret)){for(var s,r,n,a=l.querySelectorAll('iframe[data-secret="'+t.secret+'"]'),o=l.querySelectorAll('blockquote[data-secret="'+t.secret+'"]'),c=new RegExp("^https?:$","i"),i=0;i<o.length;i++)o[i].style.display="none";for(i=0;i<a.length;i++)s=a[i],e.source===s.contentWindow&&(s.removeAttribute("style"),"height"===t.message?(1e3<(r=parseInt(t.value,10))?r=1e3:~~r<200&&(r=200),s.height=r):"link"===t.message&&(r=new URL(s.getAttribute("src")),n=new URL(t.value),c.test(n.protocol))&&n.host===r.host&&l.activeElement===s&&(d.top.location.href=t.value))}},d.addEventListener("message",d.wp.receiveEmbedMessage,!1),l.addEventListener("DOMContentLoaded",function(){for(var e,t,s=l.querySelectorAll("iframe.wp-embedded-content"),r=0;r<s.length;r++)(t=(e=s[r]).getAttribute("data-secret"))||(t=Math.random().toString(36).substring(2,12),e.src+="#?secret="+t,e.setAttribute("data-secret",t)),e.contentWindow.postMessage({message:"ready",secret:t},"*")},!1)))}(window,document);
//# sourceURL=https://eurecat.org/wp-includes/js/wp-embed.min.js
/* ]]> */
</script>

La concienciación hacia el calentamiento global dió pie al establecimiento del Día de la Tierra, una fecha que se celebra cada 22 de abril desde 1970 para poner de relieve la interdependencia entre todos los ecosistemas y los seres vivos que los habitamos
