{"version":"1.0","provider_name":"Eurecat","provider_url":"https:\/\/eurecat.org\/es\/","author_name":"EurecatEQZ","author_url":"https:\/\/eurecat.org\/es\/author\/eva-marquez\/","title":"Innovaci\u00f3n frente a los desaf\u00edos globales - Eurecat","type":"rich","width":600,"height":338,"html":"<blockquote class=\"wp-embedded-content\" data-secret=\"nyadiRQbIu\"><a href=\"https:\/\/eurecat.org\/es\/editorial_innovacion-frente-a-los-desafios-globales\/\">Innovaci\u00f3n frente a los desaf\u00edos globales<\/a><\/blockquote><iframe sandbox=\"allow-scripts\" security=\"restricted\" src=\"https:\/\/eurecat.org\/es\/editorial_innovacion-frente-a-los-desafios-globales\/embed\/#?secret=nyadiRQbIu\" width=\"600\" height=\"338\" title=\"\u00abInnovaci\u00f3n frente a los desaf\u00edos globales\u00bb \u2014 Eurecat\" data-secret=\"nyadiRQbIu\" frameborder=\"0\" marginwidth=\"0\" marginheight=\"0\" scrolling=\"no\" class=\"wp-embedded-content\"><\/iframe><script type=\"text\/javascript\">\n\/* <![CDATA[ *\/\n\/*! This file is auto-generated *\/\n!function(d,l){\"use strict\";l.querySelector&&d.addEventListener&&\"undefined\"!=typeof URL&&(d.wp=d.wp||{},d.wp.receiveEmbedMessage||(d.wp.receiveEmbedMessage=function(e){var t=e.data;if((t||t.secret||t.message||t.value)&&!\/[^a-zA-Z0-9]\/.test(t.secret)){for(var s,r,n,a=l.querySelectorAll('iframe[data-secret=\"'+t.secret+'\"]'),o=l.querySelectorAll('blockquote[data-secret=\"'+t.secret+'\"]'),c=new RegExp(\"^https?:$\",\"i\"),i=0;i<o.length;i++)o[i].style.display=\"none\";for(i=0;i<a.length;i++)s=a[i],e.source===s.contentWindow&&(s.removeAttribute(\"style\"),\"height\"===t.message?(1e3<(r=parseInt(t.value,10))?r=1e3:~~r<200&&(r=200),s.height=r):\"link\"===t.message&&(r=new URL(s.getAttribute(\"src\")),n=new URL(t.value),c.test(n.protocol))&&n.host===r.host&&l.activeElement===s&&(d.top.location.href=t.value))}},d.addEventListener(\"message\",d.wp.receiveEmbedMessage,!1),l.addEventListener(\"DOMContentLoaded\",function(){for(var e,t,s=l.querySelectorAll(\"iframe.wp-embedded-content\"),r=0;r<s.length;r++)(t=(e=s[r]).getAttribute(\"data-secret\"))||(t=Math.random().toString(36).substring(2,12),e.src+=\"#?secret=\"+t,e.setAttribute(\"data-secret\",t)),e.contentWindow.postMessage({message:\"ready\",secret:t},\"*\")},!1)))}(window,document);\n\/\/# sourceURL=https:\/\/eurecat.org\/wp-includes\/js\/wp-embed.min.js\n\/* ]]> *\/\n<\/script>\n","thumbnail_url":"https:\/\/eurecat.org\/wp-content\/uploads\/2021\/09\/Xavier_Torra_600-X-400.jpg","thumbnail_width":600,"thumbnail_height":400,"description":"Encontrar f\u00f3rmulas para acelerar el trabajo conjunto de los sectores privado y p\u00fablico, de la sociedad y de los cient\u00edficos para implementar soluciones a largo plazo orientadas a resolver los retos ambientales que afronta el Mediterr\u00e1neo ha sido una de las principales conclusiones de la conferencia internacional Cassandra, organizada desde Eurecat con la visi\u00f3n de compartir una perspectiva transversal frente a algunos de los desaf\u00edos que nos afectan de forma muy cercana."}

Innovación frente a los desafíos globales - Eurecat

<blockquote class="wp-embedded-content" data-secret="nyadiRQbIu"><a href="https://eurecat.org/es/editorial_innovacion-frente-a-los-desafios-globales/">Innovación frente a los desafíos globales</a></blockquote><iframe sandbox="allow-scripts" security="restricted" src="https://eurecat.org/es/editorial_innovacion-frente-a-los-desafios-globales/embed/#?secret=nyadiRQbIu" width="600" height="338" title="«Innovación frente a los desafíos globales» — Eurecat" data-secret="nyadiRQbIu" frameborder="0" marginwidth="0" marginheight="0" scrolling="no" class="wp-embedded-content"></iframe><script type="text/javascript">
/* <![CDATA[ */
/*! This file is auto-generated */
!function(d,l){"use strict";l.querySelector&&d.addEventListener&&"undefined"!=typeof URL&&(d.wp=d.wp||{},d.wp.receiveEmbedMessage||(d.wp.receiveEmbedMessage=function(e){var t=e.data;if((t||t.secret||t.message||t.value)&&!/[^a-zA-Z0-9]/.test(t.secret)){for(var s,r,n,a=l.querySelectorAll('iframe[data-secret="'+t.secret+'"]'),o=l.querySelectorAll('blockquote[data-secret="'+t.secret+'"]'),c=new RegExp("^https?:$","i"),i=0;i<o.length;i++)o[i].style.display="none";for(i=0;i<a.length;i++)s=a[i],e.source===s.contentWindow&&(s.removeAttribute("style"),"height"===t.message?(1e3<(r=parseInt(t.value,10))?r=1e3:~~r<200&&(r=200),s.height=r):"link"===t.message&&(r=new URL(s.getAttribute("src")),n=new URL(t.value),c.test(n.protocol))&&n.host===r.host&&l.activeElement===s&&(d.top.location.href=t.value))}},d.addEventListener("message",d.wp.receiveEmbedMessage,!1),l.addEventListener("DOMContentLoaded",function(){for(var e,t,s=l.querySelectorAll("iframe.wp-embedded-content"),r=0;r<s.length;r++)(t=(e=s[r]).getAttribute("data-secret"))||(t=Math.random().toString(36).substring(2,12),e.src+="#?secret="+t,e.setAttribute("data-secret",t)),e.contentWindow.postMessage({message:"ready",secret:t},"*")},!1)))}(window,document);
//# sourceURL=https://eurecat.org/wp-includes/js/wp-embed.min.js
/* ]]> */
</script>

Encontrar fórmulas para acelerar el trabajo conjunto de los sectores privado y público, de la sociedad y de los científicos para implementar soluciones a largo plazo orientadas a resolver los retos ambientales que afronta el Mediterráneo ha sido una de las principales conclusiones de la conferencia internacional Cassandra, organizada desde Eurecat con la visión de compartir una perspectiva transversal frente a algunos de los desafíos que nos afectan de forma muy cercana.
