{"id":125673,"date":"2022-08-24T11:32:21","date_gmt":"2022-08-24T10:32:21","guid":{"rendered":"https:\/\/eurecat.org\/?post_type=mec-events&#038;p=125673"},"modified":"2022-09-14T11:19:13","modified_gmt":"2022-09-14T10:19:13","slug":"jornada-de-innovacion-transicion-digital-y-sostenible-de-la-cadena-de-valor-textil-en-catalunya","status":"publish","type":"mec-events","link":"https:\/\/eurecat.org\/es\/calendario\/jornada-de-innovacion-transicion-digital-y-sostenible-de-la-cadena-de-valor-textil-en-catalunya\/","title":{"rendered":"Jornada de Innovaci\u00f3n: Transici\u00f3n Digital y Sostenible de la Cadena de Valor Textil y Moda en Catalunya"},"content":{"rendered":"<p>Eurecat en el marco de la iniciativa Reimagine Textile coorganiza el pr\u00f3ximo <strong>19 de octubre<\/strong> una jornada de innovaci\u00f3n para el sector textil catal\u00e1n.<\/p>\n<p>La jornada de innovaci\u00f3n <strong>\u201cTransici\u00f3n digital y sostenible de la cadena de valor textil y moda en Catalunya\u201d<\/strong> est\u00e1 dirigida a la cadena de valor textil catalana, para dar eco y compartir:<\/p>\n<ul>\n<li>El significado y alcance del reto de transici\u00f3n digital y sostenible<\/li>\n<li>Oportunidades para facilitar el proceso de dicha transici\u00f3n<\/li>\n<li>Experiencias reales de empresas que alienten la toma de decisi\u00f3n<\/li>\n<li>Nuevas tecnolog\u00edas que facilitan los procesos de digitalizaci\u00f3n y transici\u00f3n sostenible<\/li>\n<li>El otorgamiento de los premios Reimagine Textile a las iniciativas m\u00e1s innovadoras de las start-ups del sector textil y cadena de valor textil-moda.<\/li>\n<\/ul>\n<p>&nbsp;<\/p>\n<div class=\"fusion-button-wrapper fusion-aligncenter\"><a class=\"fusion-button button-flat fusion-button-default-size button-default fusion-button-default button-1 fusion-button-default-span fusion-button-default-type\" target=\"_blank\" rel=\"noopener noreferrer\" href=\"https:\/\/reimaginetextile.com\/jornada-transicio-digital-sostenible-cadena-valor-textil-catalunya\/\"><span class=\"fusion-button-text awb-button__text awb-button__text--default\">Consulta el programa e inscr\u00edbete aqu\u00ed<\/span><\/a><\/div>\n","protected":false},"excerpt":{"rendered":"<p>Eurecat en el marco de la iniciativa Reimagine Textile coorganiza el pr\u00f3ximo 19 de octubre una jornada de innovaci\u00f3n para el sector textil catal\u00e1n. La jornada de innovaci\u00f3n \u201cTransici\u00f3n digital y sostenible de la cadena de valor textil y moda en Catalunya\u201d est\u00e1 dirigida a la cadena de valor textil catalana, para dar eco y  [&#8230;]<\/p>\n","protected":false},"author":20,"featured_media":126566,"comment_status":"closed","ping_status":"closed","template":"","tags":[],"mec_category":[986],"class_list":["post-125673","mec-events","type-mec-events","status-publish","has-post-thumbnail","hentry","mec_category-actos-cientificos-tecnologicos"],"yoast_head":"<!-- This site is optimized with the Yoast SEO plugin v27.4 - https:\/\/yoast.com\/product\/yoast-seo-wordpress\/ -->\n<title>Jornada de Innovaci\u00f3n: Transici\u00f3n Digital y Sostenible de la Cadena de Valor Textil y Moda en Catalunya - Eurecat<\/title>\n<meta name=\"description\" content=\"Eurecat en el marco de la iniciativa Reimagine Textile coorganiza el pr\u00f3ximo 19 de octubre una jornada de innovaci\u00f3n para el sector textil catal\u00e1n.\" \/>\n<meta name=\"robots\" content=\"index, follow, max-snippet:-1, max-image-preview:large, max-video-preview:-1\" \/>\n<link rel=\"canonical\" href=\"https:\/\/eurecat.org\/es\/calendario\/jornada-de-innovacion-transicion-digital-y-sostenible-de-la-cadena-de-valor-textil-en-catalunya\/\" \/>\n<meta property=\"og:locale\" content=\"es_ES\" \/>\n<meta property=\"og:type\" content=\"article\" \/>\n<meta property=\"og:title\" content=\"Jornada de Innovaci\u00f3n: Transici\u00f3n Digital y Sostenible de la Cadena de Valor Textil y Moda en Catalunya - Eurecat\" \/>\n<meta property=\"og:description\" content=\"Eurecat en el marco de la iniciativa Reimagine Textile coorganiza el pr\u00f3ximo 19 de octubre una jornada de innovaci\u00f3n para el sector textil catal\u00e1n.\" \/>\n<meta property=\"og:url\" content=\"https:\/\/eurecat.org\/es\/calendario\/jornada-de-innovacion-transicion-digital-y-sostenible-de-la-cadena-de-valor-textil-en-catalunya\/\" \/>\n<meta property=\"og:site_name\" content=\"Eurecat\" \/>\n<meta property=\"article:modified_time\" content=\"2022-09-14T10:19:13+00:00\" \/>\n<meta property=\"og:image\" content=\"https:\/\/eurecat.org\/wp-content\/uploads\/2022\/08\/agenda-eurecat-reimagine-2.jpg\" \/>\n\t<meta property=\"og:image:width\" content=\"750\" \/>\n\t<meta property=\"og:image:height\" content=\"400\" \/>\n\t<meta property=\"og:image:type\" content=\"image\/jpeg\" \/>\n<meta name=\"twitter:card\" content=\"summary_large_image\" \/>\n<meta name=\"twitter:label1\" content=\"Tiempo de lectura\" \/>\n\t<meta name=\"twitter:data1\" content=\"2 minutos\" \/>\n<script type=\"application\/ld+json\" class=\"yoast-schema-graph\">{\"@context\":\"https:\\\/\\\/schema.org\",\"@graph\":[{\"@type\":\"WebPage\",\"@id\":\"https:\\\/\\\/eurecat.org\\\/es\\\/calendario\\\/jornada-de-innovacion-transicion-digital-y-sostenible-de-la-cadena-de-valor-textil-en-catalunya\\\/\",\"url\":\"https:\\\/\\\/eurecat.org\\\/es\\\/calendario\\\/jornada-de-innovacion-transicion-digital-y-sostenible-de-la-cadena-de-valor-textil-en-catalunya\\\/\",\"name\":\"Jornada de Innovaci\u00f3n: Transici\u00f3n Digital y Sostenible de la Cadena de Valor Textil y Moda en Catalunya - Eurecat\",\"isPartOf\":{\"@id\":\"https:\\\/\\\/eurecat.org\\\/es\\\/#website\"},\"primaryImageOfPage\":{\"@id\":\"https:\\\/\\\/eurecat.org\\\/es\\\/calendario\\\/jornada-de-innovacion-transicion-digital-y-sostenible-de-la-cadena-de-valor-textil-en-catalunya\\\/#primaryimage\"},\"image\":{\"@id\":\"https:\\\/\\\/eurecat.org\\\/es\\\/calendario\\\/jornada-de-innovacion-transicion-digital-y-sostenible-de-la-cadena-de-valor-textil-en-catalunya\\\/#primaryimage\"},\"thumbnailUrl\":\"https:\\\/\\\/eurecat.org\\\/wp-content\\\/uploads\\\/2022\\\/08\\\/agenda-eurecat-reimagine-3.jpg\",\"datePublished\":\"2022-08-24T10:32:21+00:00\",\"dateModified\":\"2022-09-14T10:19:13+00:00\",\"description\":\"Eurecat en el marco de la iniciativa Reimagine Textile coorganiza el pr\u00f3ximo 19 de octubre una jornada de innovaci\u00f3n para el sector textil catal\u00e1n.\",\"breadcrumb\":{\"@id\":\"https:\\\/\\\/eurecat.org\\\/es\\\/calendario\\\/jornada-de-innovacion-transicion-digital-y-sostenible-de-la-cadena-de-valor-textil-en-catalunya\\\/#breadcrumb\"},\"inLanguage\":\"es\",\"potentialAction\":[{\"@type\":\"ReadAction\",\"target\":[\"https:\\\/\\\/eurecat.org\\\/es\\\/calendario\\\/jornada-de-innovacion-transicion-digital-y-sostenible-de-la-cadena-de-valor-textil-en-catalunya\\\/\"]}]},{\"@type\":\"ImageObject\",\"inLanguage\":\"es\",\"@id\":\"https:\\\/\\\/eurecat.org\\\/es\\\/calendario\\\/jornada-de-innovacion-transicion-digital-y-sostenible-de-la-cadena-de-valor-textil-en-catalunya\\\/#primaryimage\",\"url\":\"https:\\\/\\\/eurecat.org\\\/wp-content\\\/uploads\\\/2022\\\/08\\\/agenda-eurecat-reimagine-3.jpg\",\"contentUrl\":\"https:\\\/\\\/eurecat.org\\\/wp-content\\\/uploads\\\/2022\\\/08\\\/agenda-eurecat-reimagine-3.jpg\",\"width\":750,\"height\":400,\"caption\":\"jornada innovaci\u00f3 t\u00e8xtil\"},{\"@type\":\"BreadcrumbList\",\"@id\":\"https:\\\/\\\/eurecat.org\\\/es\\\/calendario\\\/jornada-de-innovacion-transicion-digital-y-sostenible-de-la-cadena-de-valor-textil-en-catalunya\\\/#breadcrumb\",\"itemListElement\":[{\"@type\":\"ListItem\",\"position\":1,\"name\":\"Inici\",\"item\":\"https:\\\/\\\/eurecat.org\\\/es\\\/\"},{\"@type\":\"ListItem\",\"position\":2,\"name\":\"Eventos\",\"item\":\"https:\\\/\\\/eurecat.org\\\/es\\\/calendario\\\/\"},{\"@type\":\"ListItem\",\"position\":3,\"name\":\"Jornada de Innovaci\u00f3n: Transici\u00f3n Digital y Sostenible de la Cadena de Valor Textil y Moda en Catalunya\"}]},{\"@type\":\"WebSite\",\"@id\":\"https:\\\/\\\/eurecat.org\\\/es\\\/#website\",\"url\":\"https:\\\/\\\/eurecat.org\\\/es\\\/\",\"name\":\"Eurecat\",\"description\":\"Otro sitio realizado con WordPress\",\"potentialAction\":[{\"@type\":\"SearchAction\",\"target\":{\"@type\":\"EntryPoint\",\"urlTemplate\":\"https:\\\/\\\/eurecat.org\\\/es\\\/?s={search_term_string}\"},\"query-input\":{\"@type\":\"PropertyValueSpecification\",\"valueRequired\":true,\"valueName\":\"search_term_string\"}}],\"inLanguage\":\"es\"}]}<\/script>\n<!-- \/ Yoast SEO plugin. -->","yoast_head_json":{"title":"Jornada de Innovaci\u00f3n: Transici\u00f3n Digital y Sostenible de la Cadena de Valor Textil y Moda en Catalunya - Eurecat","description":"Eurecat en el marco de la iniciativa Reimagine Textile coorganiza el pr\u00f3ximo 19 de octubre una jornada de innovaci\u00f3n para el sector textil catal\u00e1n.","robots":{"index":"index","follow":"follow","max-snippet":"max-snippet:-1","max-image-preview":"max-image-preview:large","max-video-preview":"max-video-preview:-1"},"canonical":"https:\/\/eurecat.org\/es\/calendario\/jornada-de-innovacion-transicion-digital-y-sostenible-de-la-cadena-de-valor-textil-en-catalunya\/","og_locale":"es_ES","og_type":"article","og_title":"Jornada de Innovaci\u00f3n: Transici\u00f3n Digital y Sostenible de la Cadena de Valor Textil y Moda en Catalunya - Eurecat","og_description":"Eurecat en el marco de la iniciativa Reimagine Textile coorganiza el pr\u00f3ximo 19 de octubre una jornada de innovaci\u00f3n para el sector textil catal\u00e1n.","og_url":"https:\/\/eurecat.org\/es\/calendario\/jornada-de-innovacion-transicion-digital-y-sostenible-de-la-cadena-de-valor-textil-en-catalunya\/","og_site_name":"Eurecat","article_modified_time":"2022-09-14T10:19:13+00:00","og_image":[{"width":750,"height":400,"url":"https:\/\/eurecat.org\/wp-content\/uploads\/2022\/08\/agenda-eurecat-reimagine-2.jpg","type":"image\/jpeg"}],"twitter_card":"summary_large_image","twitter_misc":{"Tiempo de lectura":"2 minutos"},"schema":{"@context":"https:\/\/schema.org","@graph":[{"@type":"WebPage","@id":"https:\/\/eurecat.org\/es\/calendario\/jornada-de-innovacion-transicion-digital-y-sostenible-de-la-cadena-de-valor-textil-en-catalunya\/","url":"https:\/\/eurecat.org\/es\/calendario\/jornada-de-innovacion-transicion-digital-y-sostenible-de-la-cadena-de-valor-textil-en-catalunya\/","name":"Jornada de Innovaci\u00f3n: Transici\u00f3n Digital y Sostenible de la Cadena de Valor Textil y Moda en Catalunya - Eurecat","isPartOf":{"@id":"https:\/\/eurecat.org\/es\/#website"},"primaryImageOfPage":{"@id":"https:\/\/eurecat.org\/es\/calendario\/jornada-de-innovacion-transicion-digital-y-sostenible-de-la-cadena-de-valor-textil-en-catalunya\/#primaryimage"},"image":{"@id":"https:\/\/eurecat.org\/es\/calendario\/jornada-de-innovacion-transicion-digital-y-sostenible-de-la-cadena-de-valor-textil-en-catalunya\/#primaryimage"},"thumbnailUrl":"https:\/\/eurecat.org\/wp-content\/uploads\/2022\/08\/agenda-eurecat-reimagine-3.jpg","datePublished":"2022-08-24T10:32:21+00:00","dateModified":"2022-09-14T10:19:13+00:00","description":"Eurecat en el marco de la iniciativa Reimagine Textile coorganiza el pr\u00f3ximo 19 de octubre una jornada de innovaci\u00f3n para el sector textil catal\u00e1n.","breadcrumb":{"@id":"https:\/\/eurecat.org\/es\/calendario\/jornada-de-innovacion-transicion-digital-y-sostenible-de-la-cadena-de-valor-textil-en-catalunya\/#breadcrumb"},"inLanguage":"es","potentialAction":[{"@type":"ReadAction","target":["https:\/\/eurecat.org\/es\/calendario\/jornada-de-innovacion-transicion-digital-y-sostenible-de-la-cadena-de-valor-textil-en-catalunya\/"]}]},{"@type":"ImageObject","inLanguage":"es","@id":"https:\/\/eurecat.org\/es\/calendario\/jornada-de-innovacion-transicion-digital-y-sostenible-de-la-cadena-de-valor-textil-en-catalunya\/#primaryimage","url":"https:\/\/eurecat.org\/wp-content\/uploads\/2022\/08\/agenda-eurecat-reimagine-3.jpg","contentUrl":"https:\/\/eurecat.org\/wp-content\/uploads\/2022\/08\/agenda-eurecat-reimagine-3.jpg","width":750,"height":400,"caption":"jornada innovaci\u00f3 t\u00e8xtil"},{"@type":"BreadcrumbList","@id":"https:\/\/eurecat.org\/es\/calendario\/jornada-de-innovacion-transicion-digital-y-sostenible-de-la-cadena-de-valor-textil-en-catalunya\/#breadcrumb","itemListElement":[{"@type":"ListItem","position":1,"name":"Inici","item":"https:\/\/eurecat.org\/es\/"},{"@type":"ListItem","position":2,"name":"Eventos","item":"https:\/\/eurecat.org\/es\/calendario\/"},{"@type":"ListItem","position":3,"name":"Jornada de Innovaci\u00f3n: Transici\u00f3n Digital y Sostenible de la Cadena de Valor Textil y Moda en Catalunya"}]},{"@type":"WebSite","@id":"https:\/\/eurecat.org\/es\/#website","url":"https:\/\/eurecat.org\/es\/","name":"Eurecat","description":"Otro sitio realizado con WordPress","potentialAction":[{"@type":"SearchAction","target":{"@type":"EntryPoint","urlTemplate":"https:\/\/eurecat.org\/es\/?s={search_term_string}"},"query-input":{"@type":"PropertyValueSpecification","valueRequired":true,"valueName":"search_term_string"}}],"inLanguage":"es"}]}},"_links":{"self":[{"href":"https:\/\/eurecat.org\/es\/wp-json\/wp\/v2\/mec-events\/125673","targetHints":{"allow":["GET"]}}],"collection":[{"href":"https:\/\/eurecat.org\/es\/wp-json\/wp\/v2\/mec-events"}],"about":[{"href":"https:\/\/eurecat.org\/es\/wp-json\/wp\/v2\/types\/mec-events"}],"author":[{"embeddable":true,"href":"https:\/\/eurecat.org\/es\/wp-json\/wp\/v2\/users\/20"}],"replies":[{"embeddable":true,"href":"https:\/\/eurecat.org\/es\/wp-json\/wp\/v2\/comments?post=125673"}],"wp:featuredmedia":[{"embeddable":true,"href":"https:\/\/eurecat.org\/es\/wp-json\/wp\/v2\/media\/126566"}],"wp:attachment":[{"href":"https:\/\/eurecat.org\/es\/wp-json\/wp\/v2\/media?parent=125673"}],"wp:term":[{"taxonomy":"post_tag","embeddable":true,"href":"https:\/\/eurecat.org\/es\/wp-json\/wp\/v2\/tags?post=125673"},{"taxonomy":"mec_category","embeddable":true,"href":"https:\/\/eurecat.org\/es\/wp-json\/wp\/v2\/mec_category?post=125673"}],"curies":[{"name":"wp","href":"https:\/\/api.w.org\/{rel}","templated":true}]}}

Jornada de Innovación: Transición Digital y Sostenible de la Cadena de Valor Textil y Moda en Catalunya

<p>Eurecat en el marco de la iniciativa Reimagine Textile coorganiza el próximo <strong>19 de octubre</strong> una jornada de innovación para el sector textil catalán.</p>
<p>La jornada de innovación <strong>“Transición digital y sostenible de la cadena de valor textil y moda en Catalunya”</strong> está dirigida a la cadena de valor textil catalana, para dar eco y compartir:</p>
<ul>
<li>El significado y alcance del reto de transición digital y sostenible</li>
<li>Oportunidades para facilitar el proceso de dicha transición</li>
<li>Experiencias reales de empresas que alienten la toma de decisión</li>
<li>Nuevas tecnologías que facilitan los procesos de digitalización y transición sostenible</li>
<li>El otorgamiento de los premios Reimagine Textile a las iniciativas más innovadoras de las start-ups del sector textil y cadena de valor textil-moda.</li>
</ul>
<p>&nbsp;</p>
<div class="fusion-button-wrapper fusion-aligncenter"><a class="fusion-button button-flat fusion-button-default-size button-default fusion-button-default button-1 fusion-button-default-span fusion-button-default-type" target="_blank" rel="noopener noreferrer" href="https://reimaginetextile.com/jornada-transicio-digital-sostenible-cadena-valor-textil-catalunya/"><span class="fusion-button-text awb-button__text awb-button__text--default">Consulta el programa e inscríbete aquí</span></a></div>

<p>Eurecat en el marco de la iniciativa Reimagine Textile coorganiza el próximo 19 de octubre una jornada de innovación para el sector textil catalán. La jornada de innovación “Transición digital y sostenible de la cadena de valor textil y moda en Catalunya” está dirigida a la cadena de valor textil catalana, para dar eco y  [&#8230;]</p>

<!-- This site is optimized with the Yoast SEO plugin v27.4 - https://yoast.com/product/yoast-seo-wordpress/ -->
<title>Jornada de Innovación: Transición Digital y Sostenible de la Cadena de Valor Textil y Moda en Catalunya - Eurecat</title>
<meta name="description" content="Eurecat en el marco de la iniciativa Reimagine Textile coorganiza el próximo 19 de octubre una jornada de innovación para el sector textil catalán." />
<meta name="robots" content="index, follow, max-snippet:-1, max-image-preview:large, max-video-preview:-1" />
<link rel="canonical" href="https://eurecat.org/es/calendario/jornada-de-innovacion-transicion-digital-y-sostenible-de-la-cadena-de-valor-textil-en-catalunya/" />
<meta property="og:locale" content="es_ES" />
<meta property="og:type" content="article" />
<meta property="og:title" content="Jornada de Innovación: Transición Digital y Sostenible de la Cadena de Valor Textil y Moda en Catalunya - Eurecat" />
<meta property="og:description" content="Eurecat en el marco de la iniciativa Reimagine Textile coorganiza el próximo 19 de octubre una jornada de innovación para el sector textil catalán." />
<meta property="og:url" content="https://eurecat.org/es/calendario/jornada-de-innovacion-transicion-digital-y-sostenible-de-la-cadena-de-valor-textil-en-catalunya/" />
<meta property="og:site_name" content="Eurecat" />
<meta property="article:modified_time" content="2022-09-14T10:19:13+00:00" />
<meta property="og:image" content="https://eurecat.org/wp-content/uploads/2022/08/agenda-eurecat-reimagine-2.jpg" />
	<meta property="og:image:width" content="750" />
	<meta property="og:image:height" content="400" />
	<meta property="og:image:type" content="image/jpeg" />
<meta name="twitter:card" content="summary_large_image" />
<meta name="twitter:label1" content="Tiempo de lectura" />
	<meta name="twitter:data1" content="2 minutos" />
<script type="application/ld+json" class="yoast-schema-graph">{"@context":"https:\/\/schema.org","@graph":[{"@type":"WebPage","@id":"https:\/\/eurecat.org\/es\/calendario\/jornada-de-innovacion-transicion-digital-y-sostenible-de-la-cadena-de-valor-textil-en-catalunya\/","url":"https:\/\/eurecat.org\/es\/calendario\/jornada-de-innovacion-transicion-digital-y-sostenible-de-la-cadena-de-valor-textil-en-catalunya\/","name":"Jornada de Innovación: Transición Digital y Sostenible de la Cadena de Valor Textil y Moda en Catalunya - Eurecat","isPartOf":{"@id":"https:\/\/eurecat.org\/es\/#website"},"primaryImageOfPage":{"@id":"https:\/\/eurecat.org\/es\/calendario\/jornada-de-innovacion-transicion-digital-y-sostenible-de-la-cadena-de-valor-textil-en-catalunya\/#primaryimage"},"image":{"@id":"https:\/\/eurecat.org\/es\/calendario\/jornada-de-innovacion-transicion-digital-y-sostenible-de-la-cadena-de-valor-textil-en-catalunya\/#primaryimage"},"thumbnailUrl":"https:\/\/eurecat.org\/wp-content\/uploads\/2022\/08\/agenda-eurecat-reimagine-3.jpg","datePublished":"2022-08-24T10:32:21+00:00","dateModified":"2022-09-14T10:19:13+00:00","description":"Eurecat en el marco de la iniciativa Reimagine Textile coorganiza el próximo 19 de octubre una jornada de innovación para el sector textil catalán.","breadcrumb":{"@id":"https:\/\/eurecat.org\/es\/calendario\/jornada-de-innovacion-transicion-digital-y-sostenible-de-la-cadena-de-valor-textil-en-catalunya\/#breadcrumb"},"inLanguage":"es","potentialAction":[{"@type":"ReadAction","target":["https:\/\/eurecat.org\/es\/calendario\/jornada-de-innovacion-transicion-digital-y-sostenible-de-la-cadena-de-valor-textil-en-catalunya\/"]}]},{"@type":"ImageObject","inLanguage":"es","@id":"https:\/\/eurecat.org\/es\/calendario\/jornada-de-innovacion-transicion-digital-y-sostenible-de-la-cadena-de-valor-textil-en-catalunya\/#primaryimage","url":"https:\/\/eurecat.org\/wp-content\/uploads\/2022\/08\/agenda-eurecat-reimagine-3.jpg","contentUrl":"https:\/\/eurecat.org\/wp-content\/uploads\/2022\/08\/agenda-eurecat-reimagine-3.jpg","width":750,"height":400,"caption":"jornada innovació tèxtil"},{"@type":"BreadcrumbList","@id":"https:\/\/eurecat.org\/es\/calendario\/jornada-de-innovacion-transicion-digital-y-sostenible-de-la-cadena-de-valor-textil-en-catalunya\/#breadcrumb","itemListElement":[{"@type":"ListItem","position":1,"name":"Inici","item":"https:\/\/eurecat.org\/es\/"},{"@type":"ListItem","position":2,"name":"Eventos","item":"https:\/\/eurecat.org\/es\/calendario\/"},{"@type":"ListItem","position":3,"name":"Jornada de Innovación: Transición Digital y Sostenible de la Cadena de Valor Textil y Moda en Catalunya"}]},{"@type":"WebSite","@id":"https:\/\/eurecat.org\/es\/#website","url":"https:\/\/eurecat.org\/es\/","name":"Eurecat","description":"Otro sitio realizado con WordPress","potentialAction":[{"@type":"SearchAction","target":{"@type":"EntryPoint","urlTemplate":"https:\/\/eurecat.org\/es\/?s={search_term_string}"},"query-input":{"@type":"PropertyValueSpecification","valueRequired":true,"valueName":"search_term_string"}}],"inLanguage":"es"}]}</script>
<!-- / Yoast SEO plugin. -->

Jornada de Innovación: Transición Digital y Sostenible de la Cadena de Valor Textil y Moda en Catalunya - Eurecat

Eurecat en el marco de la iniciativa Reimagine Textile coorganiza el próximo 19 de octubre una jornada de innovación para el sector textil catalán.

jornada innovació tèxtil
