{"id":125949,"date":"2022-09-12T10:51:41","date_gmt":"2022-09-12T09:51:41","guid":{"rendered":"https:\/\/eurecat.org\/?post_type=mec-events&#038;p=125949"},"modified":"2022-10-04T08:09:30","modified_gmt":"2022-10-04T07:09:30","slug":"jornada-sobre-la-prevencion-y-el-control-del-despilfarro-alimentario","status":"publish","type":"mec-events","link":"https:\/\/eurecat.org\/es\/calendario\/jornada-sobre-la-prevencion-y-el-control-del-despilfarro-alimentario\/","title":{"rendered":"Jornada sobre prevenci\u00f3n y control del despilfarro alimentario"},"content":{"rendered":"<p>El pr\u00f3ximo<strong> 17 de octubre<\/strong>, Eurecat co-organiza con Formaci\u00f3 i Treball y el IQS, la <strong>jornada sobre prevenci\u00f3n y control del despilfarro alimentario<\/strong> que tendr\u00e1 lugar en la <strong>Sala Multimedia del IQS<\/strong> en Barcelona.<\/p>\n<p><strong>Ignacio de las Cuevas<\/strong>, del departamento de Consultor\u00eda y Gerente del Centro de Excelencia en Innovaci\u00f3n Tur\u00edstica de Eurecat, participar\u00e1 con la mesa redonda dedicada a \u00abLa Innovaci\u00f3n tecnol\u00f3gica para medir y prevenir el desperdicio alimentario\u00bb.<\/p>\n<div class=\"fusion-button-wrapper fusion-aligncenter\"><a class=\"fusion-button button-flat fusion-button-default-size button-default fusion-button-default button-1 fusion-button-default-span fusion-button-default-type\" target=\"_blank\" rel=\"noopener noreferrer\" href=\"http:\/\/image.mail.iqs.edu\/lib\/fe2d1170756404757c1177\/m\/4\/87553011-376b-4312-ab23-f23acf71ed23.pdf\"><span class=\"fusion-button-text awb-button__text awb-button__text--default\">Puedes consultar el programa e inscribirte aqu\u00ed<\/span><\/a><\/div>\n","protected":false},"excerpt":{"rendered":"<p>El pr\u00f3ximo 17 de octubre, Eurecat co-organiza con Formaci\u00f3 i Treball y el IQS, la jornada sobre prevenci\u00f3n y control del despilfarro alimentario que tendr\u00e1 lugar en la Sala Multimedia del IQS en Barcelona. Ignacio de las Cuevas, del departamento de Consultor\u00eda y Gerente del Centro de Excelencia en Innovaci\u00f3n Tur\u00edstica de Eurecat, participar\u00e1 con  [&#8230;]<\/p>\n","protected":false},"author":20,"featured_media":125948,"comment_status":"closed","ping_status":"closed","template":"","tags":[],"mec_category":[986],"class_list":["post-125949","mec-events","type-mec-events","status-publish","has-post-thumbnail","hentry","mec_category-actos-cientificos-tecnologicos"],"yoast_head":"<!-- This site is optimized with the Yoast SEO plugin v27.4 - https:\/\/yoast.com\/product\/yoast-seo-wordpress\/ -->\n<title>Jornada sobre prevenci\u00f3n y control del despilfarro alimentario - Eurecat<\/title>\n<meta name=\"description\" content=\"El pr\u00f3ximo 17 de octubre, Eurecat co-organiza con Formaci\u00f3 i Treball y el IQS, la jornada sobre Prevenci\u00f3n y Control del Despilfarro Alimentario que tendr\u00e1 lugar en la Sala Multimedia del IQS en Barcelona.\" \/>\n<meta name=\"robots\" content=\"index, follow, max-snippet:-1, max-image-preview:large, max-video-preview:-1\" \/>\n<link rel=\"canonical\" href=\"https:\/\/eurecat.org\/es\/calendario\/jornada-sobre-la-prevencion-y-el-control-del-despilfarro-alimentario\/\" \/>\n<meta property=\"og:locale\" content=\"es_ES\" \/>\n<meta property=\"og:type\" content=\"article\" \/>\n<meta property=\"og:title\" content=\"Jornada sobre prevenci\u00f3n y control del despilfarro alimentario - Eurecat\" \/>\n<meta property=\"og:description\" content=\"El pr\u00f3ximo 17 de octubre, Eurecat co-organiza con Formaci\u00f3 i Treball y el IQS, la jornada sobre Prevenci\u00f3n y Control del Despilfarro Alimentario que tendr\u00e1 lugar en la Sala Multimedia del IQS en Barcelona.\" \/>\n<meta property=\"og:url\" content=\"https:\/\/eurecat.org\/es\/calendario\/jornada-sobre-la-prevencion-y-el-control-del-despilfarro-alimentario\/\" \/>\n<meta property=\"og:site_name\" content=\"Eurecat\" \/>\n<meta property=\"article:modified_time\" content=\"2022-10-04T07:09:30+00:00\" \/>\n<meta property=\"og:image\" content=\"https:\/\/eurecat.org\/wp-content\/uploads\/2022\/09\/jornada-17-octubre_malbaratament-alimentari_web-1.jpg\" \/>\n\t<meta property=\"og:image:width\" content=\"750\" \/>\n\t<meta property=\"og:image:height\" content=\"400\" \/>\n\t<meta property=\"og:image:type\" content=\"image\/jpeg\" \/>\n<meta name=\"twitter:card\" content=\"summary_large_image\" \/>\n<meta name=\"twitter:label1\" content=\"Tiempo de lectura\" \/>\n\t<meta name=\"twitter:data1\" content=\"1 minuto\" \/>\n<script type=\"application\/ld+json\" class=\"yoast-schema-graph\">{\"@context\":\"https:\\\/\\\/schema.org\",\"@graph\":[{\"@type\":\"WebPage\",\"@id\":\"https:\\\/\\\/eurecat.org\\\/es\\\/calendario\\\/jornada-sobre-la-prevencion-y-el-control-del-despilfarro-alimentario\\\/\",\"url\":\"https:\\\/\\\/eurecat.org\\\/es\\\/calendario\\\/jornada-sobre-la-prevencion-y-el-control-del-despilfarro-alimentario\\\/\",\"name\":\"Jornada sobre prevenci\u00f3n y control del despilfarro alimentario - Eurecat\",\"isPartOf\":{\"@id\":\"https:\\\/\\\/eurecat.org\\\/es\\\/#website\"},\"primaryImageOfPage\":{\"@id\":\"https:\\\/\\\/eurecat.org\\\/es\\\/calendario\\\/jornada-sobre-la-prevencion-y-el-control-del-despilfarro-alimentario\\\/#primaryimage\"},\"image\":{\"@id\":\"https:\\\/\\\/eurecat.org\\\/es\\\/calendario\\\/jornada-sobre-la-prevencion-y-el-control-del-despilfarro-alimentario\\\/#primaryimage\"},\"thumbnailUrl\":\"https:\\\/\\\/eurecat.org\\\/wp-content\\\/uploads\\\/2022\\\/09\\\/jornada-17-octubre_malbaratament-alimentari_web-1.jpg\",\"datePublished\":\"2022-09-12T09:51:41+00:00\",\"dateModified\":\"2022-10-04T07:09:30+00:00\",\"description\":\"El pr\u00f3ximo 17 de octubre, Eurecat co-organiza con Formaci\u00f3 i Treball y el IQS, la jornada sobre Prevenci\u00f3n y Control del Despilfarro Alimentario que tendr\u00e1 lugar en la Sala Multimedia del IQS en Barcelona.\",\"breadcrumb\":{\"@id\":\"https:\\\/\\\/eurecat.org\\\/es\\\/calendario\\\/jornada-sobre-la-prevencion-y-el-control-del-despilfarro-alimentario\\\/#breadcrumb\"},\"inLanguage\":\"es\",\"potentialAction\":[{\"@type\":\"ReadAction\",\"target\":[\"https:\\\/\\\/eurecat.org\\\/es\\\/calendario\\\/jornada-sobre-la-prevencion-y-el-control-del-despilfarro-alimentario\\\/\"]}]},{\"@type\":\"ImageObject\",\"inLanguage\":\"es\",\"@id\":\"https:\\\/\\\/eurecat.org\\\/es\\\/calendario\\\/jornada-sobre-la-prevencion-y-el-control-del-despilfarro-alimentario\\\/#primaryimage\",\"url\":\"https:\\\/\\\/eurecat.org\\\/wp-content\\\/uploads\\\/2022\\\/09\\\/jornada-17-octubre_malbaratament-alimentari_web-1.jpg\",\"contentUrl\":\"https:\\\/\\\/eurecat.org\\\/wp-content\\\/uploads\\\/2022\\\/09\\\/jornada-17-octubre_malbaratament-alimentari_web-1.jpg\",\"width\":750,\"height\":400},{\"@type\":\"BreadcrumbList\",\"@id\":\"https:\\\/\\\/eurecat.org\\\/es\\\/calendario\\\/jornada-sobre-la-prevencion-y-el-control-del-despilfarro-alimentario\\\/#breadcrumb\",\"itemListElement\":[{\"@type\":\"ListItem\",\"position\":1,\"name\":\"Inici\",\"item\":\"https:\\\/\\\/eurecat.org\\\/es\\\/\"},{\"@type\":\"ListItem\",\"position\":2,\"name\":\"Eventos\",\"item\":\"https:\\\/\\\/eurecat.org\\\/es\\\/calendario\\\/\"},{\"@type\":\"ListItem\",\"position\":3,\"name\":\"Jornada sobre prevenci\u00f3n y control del despilfarro alimentario\"}]},{\"@type\":\"WebSite\",\"@id\":\"https:\\\/\\\/eurecat.org\\\/es\\\/#website\",\"url\":\"https:\\\/\\\/eurecat.org\\\/es\\\/\",\"name\":\"Eurecat\",\"description\":\"Otro sitio realizado con WordPress\",\"potentialAction\":[{\"@type\":\"SearchAction\",\"target\":{\"@type\":\"EntryPoint\",\"urlTemplate\":\"https:\\\/\\\/eurecat.org\\\/es\\\/?s={search_term_string}\"},\"query-input\":{\"@type\":\"PropertyValueSpecification\",\"valueRequired\":true,\"valueName\":\"search_term_string\"}}],\"inLanguage\":\"es\"}]}<\/script>\n<!-- \/ Yoast SEO plugin. -->","yoast_head_json":{"title":"Jornada sobre prevenci\u00f3n y control del despilfarro alimentario - Eurecat","description":"El pr\u00f3ximo 17 de octubre, Eurecat co-organiza con Formaci\u00f3 i Treball y el IQS, la jornada sobre Prevenci\u00f3n y Control del Despilfarro Alimentario que tendr\u00e1 lugar en la Sala Multimedia del IQS en Barcelona.","robots":{"index":"index","follow":"follow","max-snippet":"max-snippet:-1","max-image-preview":"max-image-preview:large","max-video-preview":"max-video-preview:-1"},"canonical":"https:\/\/eurecat.org\/es\/calendario\/jornada-sobre-la-prevencion-y-el-control-del-despilfarro-alimentario\/","og_locale":"es_ES","og_type":"article","og_title":"Jornada sobre prevenci\u00f3n y control del despilfarro alimentario - Eurecat","og_description":"El pr\u00f3ximo 17 de octubre, Eurecat co-organiza con Formaci\u00f3 i Treball y el IQS, la jornada sobre Prevenci\u00f3n y Control del Despilfarro Alimentario que tendr\u00e1 lugar en la Sala Multimedia del IQS en Barcelona.","og_url":"https:\/\/eurecat.org\/es\/calendario\/jornada-sobre-la-prevencion-y-el-control-del-despilfarro-alimentario\/","og_site_name":"Eurecat","article_modified_time":"2022-10-04T07:09:30+00:00","og_image":[{"width":750,"height":400,"url":"https:\/\/eurecat.org\/wp-content\/uploads\/2022\/09\/jornada-17-octubre_malbaratament-alimentari_web-1.jpg","type":"image\/jpeg"}],"twitter_card":"summary_large_image","twitter_misc":{"Tiempo de lectura":"1 minuto"},"schema":{"@context":"https:\/\/schema.org","@graph":[{"@type":"WebPage","@id":"https:\/\/eurecat.org\/es\/calendario\/jornada-sobre-la-prevencion-y-el-control-del-despilfarro-alimentario\/","url":"https:\/\/eurecat.org\/es\/calendario\/jornada-sobre-la-prevencion-y-el-control-del-despilfarro-alimentario\/","name":"Jornada sobre prevenci\u00f3n y control del despilfarro alimentario - Eurecat","isPartOf":{"@id":"https:\/\/eurecat.org\/es\/#website"},"primaryImageOfPage":{"@id":"https:\/\/eurecat.org\/es\/calendario\/jornada-sobre-la-prevencion-y-el-control-del-despilfarro-alimentario\/#primaryimage"},"image":{"@id":"https:\/\/eurecat.org\/es\/calendario\/jornada-sobre-la-prevencion-y-el-control-del-despilfarro-alimentario\/#primaryimage"},"thumbnailUrl":"https:\/\/eurecat.org\/wp-content\/uploads\/2022\/09\/jornada-17-octubre_malbaratament-alimentari_web-1.jpg","datePublished":"2022-09-12T09:51:41+00:00","dateModified":"2022-10-04T07:09:30+00:00","description":"El pr\u00f3ximo 17 de octubre, Eurecat co-organiza con Formaci\u00f3 i Treball y el IQS, la jornada sobre Prevenci\u00f3n y Control del Despilfarro Alimentario que tendr\u00e1 lugar en la Sala Multimedia del IQS en Barcelona.","breadcrumb":{"@id":"https:\/\/eurecat.org\/es\/calendario\/jornada-sobre-la-prevencion-y-el-control-del-despilfarro-alimentario\/#breadcrumb"},"inLanguage":"es","potentialAction":[{"@type":"ReadAction","target":["https:\/\/eurecat.org\/es\/calendario\/jornada-sobre-la-prevencion-y-el-control-del-despilfarro-alimentario\/"]}]},{"@type":"ImageObject","inLanguage":"es","@id":"https:\/\/eurecat.org\/es\/calendario\/jornada-sobre-la-prevencion-y-el-control-del-despilfarro-alimentario\/#primaryimage","url":"https:\/\/eurecat.org\/wp-content\/uploads\/2022\/09\/jornada-17-octubre_malbaratament-alimentari_web-1.jpg","contentUrl":"https:\/\/eurecat.org\/wp-content\/uploads\/2022\/09\/jornada-17-octubre_malbaratament-alimentari_web-1.jpg","width":750,"height":400},{"@type":"BreadcrumbList","@id":"https:\/\/eurecat.org\/es\/calendario\/jornada-sobre-la-prevencion-y-el-control-del-despilfarro-alimentario\/#breadcrumb","itemListElement":[{"@type":"ListItem","position":1,"name":"Inici","item":"https:\/\/eurecat.org\/es\/"},{"@type":"ListItem","position":2,"name":"Eventos","item":"https:\/\/eurecat.org\/es\/calendario\/"},{"@type":"ListItem","position":3,"name":"Jornada sobre prevenci\u00f3n y control del despilfarro alimentario"}]},{"@type":"WebSite","@id":"https:\/\/eurecat.org\/es\/#website","url":"https:\/\/eurecat.org\/es\/","name":"Eurecat","description":"Otro sitio realizado con WordPress","potentialAction":[{"@type":"SearchAction","target":{"@type":"EntryPoint","urlTemplate":"https:\/\/eurecat.org\/es\/?s={search_term_string}"},"query-input":{"@type":"PropertyValueSpecification","valueRequired":true,"valueName":"search_term_string"}}],"inLanguage":"es"}]}},"_links":{"self":[{"href":"https:\/\/eurecat.org\/es\/wp-json\/wp\/v2\/mec-events\/125949","targetHints":{"allow":["GET"]}}],"collection":[{"href":"https:\/\/eurecat.org\/es\/wp-json\/wp\/v2\/mec-events"}],"about":[{"href":"https:\/\/eurecat.org\/es\/wp-json\/wp\/v2\/types\/mec-events"}],"author":[{"embeddable":true,"href":"https:\/\/eurecat.org\/es\/wp-json\/wp\/v2\/users\/20"}],"replies":[{"embeddable":true,"href":"https:\/\/eurecat.org\/es\/wp-json\/wp\/v2\/comments?post=125949"}],"wp:featuredmedia":[{"embeddable":true,"href":"https:\/\/eurecat.org\/es\/wp-json\/wp\/v2\/media\/125948"}],"wp:attachment":[{"href":"https:\/\/eurecat.org\/es\/wp-json\/wp\/v2\/media?parent=125949"}],"wp:term":[{"taxonomy":"post_tag","embeddable":true,"href":"https:\/\/eurecat.org\/es\/wp-json\/wp\/v2\/tags?post=125949"},{"taxonomy":"mec_category","embeddable":true,"href":"https:\/\/eurecat.org\/es\/wp-json\/wp\/v2\/mec_category?post=125949"}],"curies":[{"name":"wp","href":"https:\/\/api.w.org\/{rel}","templated":true}]}}

Jornada sobre prevención y control del despilfarro alimentario

<p>El próximo<strong> 17 de octubre</strong>, Eurecat co-organiza con Formació i Treball y el IQS, la <strong>jornada sobre prevención y control del despilfarro alimentario</strong> que tendrá lugar en la <strong>Sala Multimedia del IQS</strong> en Barcelona.</p>
<p><strong>Ignacio de las Cuevas</strong>, del departamento de Consultoría y Gerente del Centro de Excelencia en Innovación Turística de Eurecat, participará con la mesa redonda dedicada a «La Innovación tecnológica para medir y prevenir el desperdicio alimentario».</p>
<div class="fusion-button-wrapper fusion-aligncenter"><a class="fusion-button button-flat fusion-button-default-size button-default fusion-button-default button-1 fusion-button-default-span fusion-button-default-type" target="_blank" rel="noopener noreferrer" href="http://image.mail.iqs.edu/lib/fe2d1170756404757c1177/m/4/87553011-376b-4312-ab23-f23acf71ed23.pdf"><span class="fusion-button-text awb-button__text awb-button__text--default">Puedes consultar el programa e inscribirte aquí</span></a></div>

<p>El próximo 17 de octubre, Eurecat co-organiza con Formació i Treball y el IQS, la jornada sobre prevención y control del despilfarro alimentario que tendrá lugar en la Sala Multimedia del IQS en Barcelona. Ignacio de las Cuevas, del departamento de Consultoría y Gerente del Centro de Excelencia en Innovación Turística de Eurecat, participará con  [&#8230;]</p>

<!-- This site is optimized with the Yoast SEO plugin v27.4 - https://yoast.com/product/yoast-seo-wordpress/ -->
<title>Jornada sobre prevención y control del despilfarro alimentario - Eurecat</title>
<meta name="description" content="El próximo 17 de octubre, Eurecat co-organiza con Formació i Treball y el IQS, la jornada sobre Prevención y Control del Despilfarro Alimentario que tendrá lugar en la Sala Multimedia del IQS en Barcelona." />
<meta name="robots" content="index, follow, max-snippet:-1, max-image-preview:large, max-video-preview:-1" />
<link rel="canonical" href="https://eurecat.org/es/calendario/jornada-sobre-la-prevencion-y-el-control-del-despilfarro-alimentario/" />
<meta property="og:locale" content="es_ES" />
<meta property="og:type" content="article" />
<meta property="og:title" content="Jornada sobre prevención y control del despilfarro alimentario - Eurecat" />
<meta property="og:description" content="El próximo 17 de octubre, Eurecat co-organiza con Formació i Treball y el IQS, la jornada sobre Prevención y Control del Despilfarro Alimentario que tendrá lugar en la Sala Multimedia del IQS en Barcelona." />
<meta property="og:url" content="https://eurecat.org/es/calendario/jornada-sobre-la-prevencion-y-el-control-del-despilfarro-alimentario/" />
<meta property="og:site_name" content="Eurecat" />
<meta property="article:modified_time" content="2022-10-04T07:09:30+00:00" />
<meta property="og:image" content="https://eurecat.org/wp-content/uploads/2022/09/jornada-17-octubre_malbaratament-alimentari_web-1.jpg" />
	<meta property="og:image:width" content="750" />
	<meta property="og:image:height" content="400" />
	<meta property="og:image:type" content="image/jpeg" />
<meta name="twitter:card" content="summary_large_image" />
<meta name="twitter:label1" content="Tiempo de lectura" />
	<meta name="twitter:data1" content="1 minuto" />
<script type="application/ld+json" class="yoast-schema-graph">{"@context":"https:\/\/schema.org","@graph":[{"@type":"WebPage","@id":"https:\/\/eurecat.org\/es\/calendario\/jornada-sobre-la-prevencion-y-el-control-del-despilfarro-alimentario\/","url":"https:\/\/eurecat.org\/es\/calendario\/jornada-sobre-la-prevencion-y-el-control-del-despilfarro-alimentario\/","name":"Jornada sobre prevención y control del despilfarro alimentario - Eurecat","isPartOf":{"@id":"https:\/\/eurecat.org\/es\/#website"},"primaryImageOfPage":{"@id":"https:\/\/eurecat.org\/es\/calendario\/jornada-sobre-la-prevencion-y-el-control-del-despilfarro-alimentario\/#primaryimage"},"image":{"@id":"https:\/\/eurecat.org\/es\/calendario\/jornada-sobre-la-prevencion-y-el-control-del-despilfarro-alimentario\/#primaryimage"},"thumbnailUrl":"https:\/\/eurecat.org\/wp-content\/uploads\/2022\/09\/jornada-17-octubre_malbaratament-alimentari_web-1.jpg","datePublished":"2022-09-12T09:51:41+00:00","dateModified":"2022-10-04T07:09:30+00:00","description":"El próximo 17 de octubre, Eurecat co-organiza con Formació i Treball y el IQS, la jornada sobre Prevención y Control del Despilfarro Alimentario que tendrá lugar en la Sala Multimedia del IQS en Barcelona.","breadcrumb":{"@id":"https:\/\/eurecat.org\/es\/calendario\/jornada-sobre-la-prevencion-y-el-control-del-despilfarro-alimentario\/#breadcrumb"},"inLanguage":"es","potentialAction":[{"@type":"ReadAction","target":["https:\/\/eurecat.org\/es\/calendario\/jornada-sobre-la-prevencion-y-el-control-del-despilfarro-alimentario\/"]}]},{"@type":"ImageObject","inLanguage":"es","@id":"https:\/\/eurecat.org\/es\/calendario\/jornada-sobre-la-prevencion-y-el-control-del-despilfarro-alimentario\/#primaryimage","url":"https:\/\/eurecat.org\/wp-content\/uploads\/2022\/09\/jornada-17-octubre_malbaratament-alimentari_web-1.jpg","contentUrl":"https:\/\/eurecat.org\/wp-content\/uploads\/2022\/09\/jornada-17-octubre_malbaratament-alimentari_web-1.jpg","width":750,"height":400},{"@type":"BreadcrumbList","@id":"https:\/\/eurecat.org\/es\/calendario\/jornada-sobre-la-prevencion-y-el-control-del-despilfarro-alimentario\/#breadcrumb","itemListElement":[{"@type":"ListItem","position":1,"name":"Inici","item":"https:\/\/eurecat.org\/es\/"},{"@type":"ListItem","position":2,"name":"Eventos","item":"https:\/\/eurecat.org\/es\/calendario\/"},{"@type":"ListItem","position":3,"name":"Jornada sobre prevención y control del despilfarro alimentario"}]},{"@type":"WebSite","@id":"https:\/\/eurecat.org\/es\/#website","url":"https:\/\/eurecat.org\/es\/","name":"Eurecat","description":"Otro sitio realizado con WordPress","potentialAction":[{"@type":"SearchAction","target":{"@type":"EntryPoint","urlTemplate":"https:\/\/eurecat.org\/es\/?s={search_term_string}"},"query-input":{"@type":"PropertyValueSpecification","valueRequired":true,"valueName":"search_term_string"}}],"inLanguage":"es"}]}</script>
<!-- / Yoast SEO plugin. -->

Jornada sobre prevención y control del despilfarro alimentario - Eurecat

El próximo 17 de octubre, Eurecat co-organiza con Formació i Treball y el IQS, la jornada sobre Prevención y Control del Despilfarro Alimentario que tendrá lugar en la Sala Multimedia del IQS en Barcelona.
