{"id":126915,"date":"2022-10-06T11:52:30","date_gmt":"2022-10-06T10:52:30","guid":{"rendered":"https:\/\/eurecat.org\/?post_type=mec-events&#038;p=126915"},"modified":"2022-10-06T11:58:14","modified_gmt":"2022-10-06T10:58:14","slug":"jornada-tecnica-tecnologia-digital-y-optimizacion-de-la-experiencia-turistica","status":"publish","type":"mec-events","link":"https:\/\/eurecat.org\/es\/calendario\/jornada-tecnica-tecnologia-digital-y-optimizacion-de-la-experiencia-turistica\/","title":{"rendered":"Jornada t\u00e9cnica: Tecnolog\u00eda digital y optimizaci\u00f3n de la experiencia tur\u00edstica"},"content":{"rendered":"<p>En los \u00faltimos a\u00f1os hemos visto c\u00f3mo la tecnolog\u00eda digital ha transformado el turismo, no s\u00f3lo para poder ofrecer una experiencia final m\u00e1s interactiva y completa al consumidor sino tambi\u00e9n para optimizar el proceso de planificaci\u00f3n y gesti\u00f3n, as\u00ed como contribuir a su fidelizaci\u00f3n.<\/p>\n<p>En la jornada organizada por el programa del <strong>Laboratorio de Innovaci\u00f3n e Inteligencia Tur\u00edstica (LABIIT) de Eurecat y del Patronato de Turismo de la Diputaci\u00f3n de Tarragona del pr\u00f3ximo 28 de octubre en el Celler de Vila-seca<\/strong>; reflexionaremos sobre las oportunidades que nos brindan las herramientas tecnol\u00f3gicas existentes a la hora de predecir y adaptarnos de forma m\u00e1s \u00e1gil y con efectividad a las necesidades futuras del sector tur\u00edstico, as\u00ed como disponer de informaci\u00f3n en tiempo real para la toma de decisiones a lo largo de la cadena de valor y mejorar la experiencia de nuestros visitantes.<\/p>\n<p>&nbsp;<\/p>\n<div class=\"fusion-button-wrapper fusion-aligncenter\"><a class=\"fusion-button button-flat fusion-button-default-size button-default fusion-button-default button-1 fusion-button-default-span fusion-button-default-type\" target=\"_blank\" rel=\"noopener noreferrer\" href=\"https:\/\/eurecat.org\/serveis\/eurecatevents\/jornada-tecnologia-digital-i-optimitzacio-experiencia-turistica\/\"><span class=\"fusion-button-text awb-button__text awb-button__text--default\">Consulta aqu\u00ed el programa i inscriu-t&#8217;hi<\/span><\/a><\/div>\n","protected":false},"excerpt":{"rendered":"<p>En los \u00faltimos a\u00f1os hemos visto c\u00f3mo la tecnolog\u00eda digital ha transformado el turismo, no s\u00f3lo para poder ofrecer una experiencia final m\u00e1s interactiva y completa al consumidor sino tambi\u00e9n para optimizar el proceso de planificaci\u00f3n y gesti\u00f3n, as\u00ed como contribuir a su fidelizaci\u00f3n. En la jornada organizada por el programa del Laboratorio de Innovaci\u00f3n  [&#8230;]<\/p>\n","protected":false},"author":20,"featured_media":126896,"comment_status":"closed","ping_status":"closed","template":"","tags":[],"mec_category":[986],"class_list":["post-126915","mec-events","type-mec-events","status-publish","has-post-thumbnail","hentry","mec_category-actos-cientificos-tecnologicos"],"yoast_head":"<!-- This site is optimized with the Yoast SEO plugin v27.4 - https:\/\/yoast.com\/product\/yoast-seo-wordpress\/ -->\n<title>Jornada t\u00e9cnica: Tecnolog\u00eda digital y optimizaci\u00f3n de la experiencia tur\u00edstica - Eurecat<\/title>\n<meta name=\"description\" content=\"En la jornada organizada por el programa del LABIIT de Eurecat y del Patronato de Turismo de la Diputaci\u00f3n de Tarragona del pr\u00f3ximo 28 de octubre en el Celler de Vila-seca; reflexionaremos sobre las oportunidades que nos brindan las herramientas tecnol\u00f3gicas existentes\" \/>\n<meta name=\"robots\" content=\"index, follow, max-snippet:-1, max-image-preview:large, max-video-preview:-1\" \/>\n<link rel=\"canonical\" href=\"https:\/\/eurecat.org\/es\/calendario\/jornada-tecnica-tecnologia-digital-y-optimizacion-de-la-experiencia-turistica\/\" \/>\n<meta property=\"og:locale\" content=\"es_ES\" \/>\n<meta property=\"og:type\" content=\"article\" \/>\n<meta property=\"og:title\" content=\"Jornada t\u00e9cnica: Tecnolog\u00eda digital y optimizaci\u00f3n de la experiencia tur\u00edstica - Eurecat\" \/>\n<meta property=\"og:description\" content=\"En la jornada organizada por el programa del LABIIT de Eurecat y del Patronato de Turismo de la Diputaci\u00f3n de Tarragona del pr\u00f3ximo 28 de octubre en el Celler de Vila-seca; reflexionaremos sobre las oportunidades que nos brindan las herramientas tecnol\u00f3gicas existentes\" \/>\n<meta property=\"og:url\" content=\"https:\/\/eurecat.org\/es\/calendario\/jornada-tecnica-tecnologia-digital-y-optimizacion-de-la-experiencia-turistica\/\" \/>\n<meta property=\"og:site_name\" content=\"Eurecat\" \/>\n<meta property=\"article:modified_time\" content=\"2022-10-06T10:58:14+00:00\" \/>\n<meta property=\"og:image\" content=\"https:\/\/eurecat.org\/wp-content\/uploads\/2022\/10\/agenda474x324.jpg\" \/>\n\t<meta property=\"og:image:width\" content=\"474\" \/>\n\t<meta property=\"og:image:height\" content=\"324\" \/>\n\t<meta property=\"og:image:type\" content=\"image\/jpeg\" \/>\n<meta name=\"twitter:card\" content=\"summary_large_image\" \/>\n<meta name=\"twitter:label1\" content=\"Tiempo de lectura\" \/>\n\t<meta name=\"twitter:data1\" content=\"2 minutos\" \/>\n<script type=\"application\/ld+json\" class=\"yoast-schema-graph\">{\"@context\":\"https:\\\/\\\/schema.org\",\"@graph\":[{\"@type\":\"WebPage\",\"@id\":\"https:\\\/\\\/eurecat.org\\\/es\\\/calendario\\\/jornada-tecnica-tecnologia-digital-y-optimizacion-de-la-experiencia-turistica\\\/\",\"url\":\"https:\\\/\\\/eurecat.org\\\/es\\\/calendario\\\/jornada-tecnica-tecnologia-digital-y-optimizacion-de-la-experiencia-turistica\\\/\",\"name\":\"Jornada t\u00e9cnica: Tecnolog\u00eda digital y optimizaci\u00f3n de la experiencia tur\u00edstica - Eurecat\",\"isPartOf\":{\"@id\":\"https:\\\/\\\/eurecat.org\\\/es\\\/#website\"},\"primaryImageOfPage\":{\"@id\":\"https:\\\/\\\/eurecat.org\\\/es\\\/calendario\\\/jornada-tecnica-tecnologia-digital-y-optimizacion-de-la-experiencia-turistica\\\/#primaryimage\"},\"image\":{\"@id\":\"https:\\\/\\\/eurecat.org\\\/es\\\/calendario\\\/jornada-tecnica-tecnologia-digital-y-optimizacion-de-la-experiencia-turistica\\\/#primaryimage\"},\"thumbnailUrl\":\"https:\\\/\\\/eurecat.org\\\/wp-content\\\/uploads\\\/2022\\\/10\\\/agenda474x324.jpg\",\"datePublished\":\"2022-10-06T10:52:30+00:00\",\"dateModified\":\"2022-10-06T10:58:14+00:00\",\"description\":\"En la jornada organizada por el programa del LABIIT de Eurecat y del Patronato de Turismo de la Diputaci\u00f3n de Tarragona del pr\u00f3ximo 28 de octubre en el Celler de Vila-seca; reflexionaremos sobre las oportunidades que nos brindan las herramientas tecnol\u00f3gicas existentes\",\"breadcrumb\":{\"@id\":\"https:\\\/\\\/eurecat.org\\\/es\\\/calendario\\\/jornada-tecnica-tecnologia-digital-y-optimizacion-de-la-experiencia-turistica\\\/#breadcrumb\"},\"inLanguage\":\"es\",\"potentialAction\":[{\"@type\":\"ReadAction\",\"target\":[\"https:\\\/\\\/eurecat.org\\\/es\\\/calendario\\\/jornada-tecnica-tecnologia-digital-y-optimizacion-de-la-experiencia-turistica\\\/\"]}]},{\"@type\":\"ImageObject\",\"inLanguage\":\"es\",\"@id\":\"https:\\\/\\\/eurecat.org\\\/es\\\/calendario\\\/jornada-tecnica-tecnologia-digital-y-optimizacion-de-la-experiencia-turistica\\\/#primaryimage\",\"url\":\"https:\\\/\\\/eurecat.org\\\/wp-content\\\/uploads\\\/2022\\\/10\\\/agenda474x324.jpg\",\"contentUrl\":\"https:\\\/\\\/eurecat.org\\\/wp-content\\\/uploads\\\/2022\\\/10\\\/agenda474x324.jpg\",\"width\":474,\"height\":324},{\"@type\":\"BreadcrumbList\",\"@id\":\"https:\\\/\\\/eurecat.org\\\/es\\\/calendario\\\/jornada-tecnica-tecnologia-digital-y-optimizacion-de-la-experiencia-turistica\\\/#breadcrumb\",\"itemListElement\":[{\"@type\":\"ListItem\",\"position\":1,\"name\":\"Inici\",\"item\":\"https:\\\/\\\/eurecat.org\\\/es\\\/\"},{\"@type\":\"ListItem\",\"position\":2,\"name\":\"Eventos\",\"item\":\"https:\\\/\\\/eurecat.org\\\/es\\\/calendario\\\/\"},{\"@type\":\"ListItem\",\"position\":3,\"name\":\"Jornada t\u00e9cnica: Tecnolog\u00eda digital y optimizaci\u00f3n de la experiencia tur\u00edstica\"}]},{\"@type\":\"WebSite\",\"@id\":\"https:\\\/\\\/eurecat.org\\\/es\\\/#website\",\"url\":\"https:\\\/\\\/eurecat.org\\\/es\\\/\",\"name\":\"Eurecat\",\"description\":\"Otro sitio realizado con WordPress\",\"potentialAction\":[{\"@type\":\"SearchAction\",\"target\":{\"@type\":\"EntryPoint\",\"urlTemplate\":\"https:\\\/\\\/eurecat.org\\\/es\\\/?s={search_term_string}\"},\"query-input\":{\"@type\":\"PropertyValueSpecification\",\"valueRequired\":true,\"valueName\":\"search_term_string\"}}],\"inLanguage\":\"es\"}]}<\/script>\n<!-- \/ Yoast SEO plugin. -->","yoast_head_json":{"title":"Jornada t\u00e9cnica: Tecnolog\u00eda digital y optimizaci\u00f3n de la experiencia tur\u00edstica - Eurecat","description":"En la jornada organizada por el programa del LABIIT de Eurecat y del Patronato de Turismo de la Diputaci\u00f3n de Tarragona del pr\u00f3ximo 28 de octubre en el Celler de Vila-seca; reflexionaremos sobre las oportunidades que nos brindan las herramientas tecnol\u00f3gicas existentes","robots":{"index":"index","follow":"follow","max-snippet":"max-snippet:-1","max-image-preview":"max-image-preview:large","max-video-preview":"max-video-preview:-1"},"canonical":"https:\/\/eurecat.org\/es\/calendario\/jornada-tecnica-tecnologia-digital-y-optimizacion-de-la-experiencia-turistica\/","og_locale":"es_ES","og_type":"article","og_title":"Jornada t\u00e9cnica: Tecnolog\u00eda digital y optimizaci\u00f3n de la experiencia tur\u00edstica - Eurecat","og_description":"En la jornada organizada por el programa del LABIIT de Eurecat y del Patronato de Turismo de la Diputaci\u00f3n de Tarragona del pr\u00f3ximo 28 de octubre en el Celler de Vila-seca; reflexionaremos sobre las oportunidades que nos brindan las herramientas tecnol\u00f3gicas existentes","og_url":"https:\/\/eurecat.org\/es\/calendario\/jornada-tecnica-tecnologia-digital-y-optimizacion-de-la-experiencia-turistica\/","og_site_name":"Eurecat","article_modified_time":"2022-10-06T10:58:14+00:00","og_image":[{"width":474,"height":324,"url":"https:\/\/eurecat.org\/wp-content\/uploads\/2022\/10\/agenda474x324.jpg","type":"image\/jpeg"}],"twitter_card":"summary_large_image","twitter_misc":{"Tiempo de lectura":"2 minutos"},"schema":{"@context":"https:\/\/schema.org","@graph":[{"@type":"WebPage","@id":"https:\/\/eurecat.org\/es\/calendario\/jornada-tecnica-tecnologia-digital-y-optimizacion-de-la-experiencia-turistica\/","url":"https:\/\/eurecat.org\/es\/calendario\/jornada-tecnica-tecnologia-digital-y-optimizacion-de-la-experiencia-turistica\/","name":"Jornada t\u00e9cnica: Tecnolog\u00eda digital y optimizaci\u00f3n de la experiencia tur\u00edstica - Eurecat","isPartOf":{"@id":"https:\/\/eurecat.org\/es\/#website"},"primaryImageOfPage":{"@id":"https:\/\/eurecat.org\/es\/calendario\/jornada-tecnica-tecnologia-digital-y-optimizacion-de-la-experiencia-turistica\/#primaryimage"},"image":{"@id":"https:\/\/eurecat.org\/es\/calendario\/jornada-tecnica-tecnologia-digital-y-optimizacion-de-la-experiencia-turistica\/#primaryimage"},"thumbnailUrl":"https:\/\/eurecat.org\/wp-content\/uploads\/2022\/10\/agenda474x324.jpg","datePublished":"2022-10-06T10:52:30+00:00","dateModified":"2022-10-06T10:58:14+00:00","description":"En la jornada organizada por el programa del LABIIT de Eurecat y del Patronato de Turismo de la Diputaci\u00f3n de Tarragona del pr\u00f3ximo 28 de octubre en el Celler de Vila-seca; reflexionaremos sobre las oportunidades que nos brindan las herramientas tecnol\u00f3gicas existentes","breadcrumb":{"@id":"https:\/\/eurecat.org\/es\/calendario\/jornada-tecnica-tecnologia-digital-y-optimizacion-de-la-experiencia-turistica\/#breadcrumb"},"inLanguage":"es","potentialAction":[{"@type":"ReadAction","target":["https:\/\/eurecat.org\/es\/calendario\/jornada-tecnica-tecnologia-digital-y-optimizacion-de-la-experiencia-turistica\/"]}]},{"@type":"ImageObject","inLanguage":"es","@id":"https:\/\/eurecat.org\/es\/calendario\/jornada-tecnica-tecnologia-digital-y-optimizacion-de-la-experiencia-turistica\/#primaryimage","url":"https:\/\/eurecat.org\/wp-content\/uploads\/2022\/10\/agenda474x324.jpg","contentUrl":"https:\/\/eurecat.org\/wp-content\/uploads\/2022\/10\/agenda474x324.jpg","width":474,"height":324},{"@type":"BreadcrumbList","@id":"https:\/\/eurecat.org\/es\/calendario\/jornada-tecnica-tecnologia-digital-y-optimizacion-de-la-experiencia-turistica\/#breadcrumb","itemListElement":[{"@type":"ListItem","position":1,"name":"Inici","item":"https:\/\/eurecat.org\/es\/"},{"@type":"ListItem","position":2,"name":"Eventos","item":"https:\/\/eurecat.org\/es\/calendario\/"},{"@type":"ListItem","position":3,"name":"Jornada t\u00e9cnica: Tecnolog\u00eda digital y optimizaci\u00f3n de la experiencia tur\u00edstica"}]},{"@type":"WebSite","@id":"https:\/\/eurecat.org\/es\/#website","url":"https:\/\/eurecat.org\/es\/","name":"Eurecat","description":"Otro sitio realizado con WordPress","potentialAction":[{"@type":"SearchAction","target":{"@type":"EntryPoint","urlTemplate":"https:\/\/eurecat.org\/es\/?s={search_term_string}"},"query-input":{"@type":"PropertyValueSpecification","valueRequired":true,"valueName":"search_term_string"}}],"inLanguage":"es"}]}},"_links":{"self":[{"href":"https:\/\/eurecat.org\/es\/wp-json\/wp\/v2\/mec-events\/126915","targetHints":{"allow":["GET"]}}],"collection":[{"href":"https:\/\/eurecat.org\/es\/wp-json\/wp\/v2\/mec-events"}],"about":[{"href":"https:\/\/eurecat.org\/es\/wp-json\/wp\/v2\/types\/mec-events"}],"author":[{"embeddable":true,"href":"https:\/\/eurecat.org\/es\/wp-json\/wp\/v2\/users\/20"}],"replies":[{"embeddable":true,"href":"https:\/\/eurecat.org\/es\/wp-json\/wp\/v2\/comments?post=126915"}],"wp:featuredmedia":[{"embeddable":true,"href":"https:\/\/eurecat.org\/es\/wp-json\/wp\/v2\/media\/126896"}],"wp:attachment":[{"href":"https:\/\/eurecat.org\/es\/wp-json\/wp\/v2\/media?parent=126915"}],"wp:term":[{"taxonomy":"post_tag","embeddable":true,"href":"https:\/\/eurecat.org\/es\/wp-json\/wp\/v2\/tags?post=126915"},{"taxonomy":"mec_category","embeddable":true,"href":"https:\/\/eurecat.org\/es\/wp-json\/wp\/v2\/mec_category?post=126915"}],"curies":[{"name":"wp","href":"https:\/\/api.w.org\/{rel}","templated":true}]}}

Jornada técnica: Tecnología digital y optimización de la experiencia turística

<p>En los últimos años hemos visto cómo la tecnología digital ha transformado el turismo, no sólo para poder ofrecer una experiencia final más interactiva y completa al consumidor sino también para optimizar el proceso de planificación y gestión, así como contribuir a su fidelización.</p>
<p>En la jornada organizada por el programa del <strong>Laboratorio de Innovación e Inteligencia Turística (LABIIT) de Eurecat y del Patronato de Turismo de la Diputación de Tarragona del próximo 28 de octubre en el Celler de Vila-seca</strong>; reflexionaremos sobre las oportunidades que nos brindan las herramientas tecnológicas existentes a la hora de predecir y adaptarnos de forma más ágil y con efectividad a las necesidades futuras del sector turístico, así como disponer de información en tiempo real para la toma de decisiones a lo largo de la cadena de valor y mejorar la experiencia de nuestros visitantes.</p>
<p>&nbsp;</p>
<div class="fusion-button-wrapper fusion-aligncenter"><a class="fusion-button button-flat fusion-button-default-size button-default fusion-button-default button-1 fusion-button-default-span fusion-button-default-type" target="_blank" rel="noopener noreferrer" href="https://eurecat.org/serveis/eurecatevents/jornada-tecnologia-digital-i-optimitzacio-experiencia-turistica/"><span class="fusion-button-text awb-button__text awb-button__text--default">Consulta aquí el programa i inscriu-t&#8217;hi</span></a></div>

<p>En los últimos años hemos visto cómo la tecnología digital ha transformado el turismo, no sólo para poder ofrecer una experiencia final más interactiva y completa al consumidor sino también para optimizar el proceso de planificación y gestión, así como contribuir a su fidelización. En la jornada organizada por el programa del Laboratorio de Innovación  [&#8230;]</p>

<!-- This site is optimized with the Yoast SEO plugin v27.4 - https://yoast.com/product/yoast-seo-wordpress/ -->
<title>Jornada técnica: Tecnología digital y optimización de la experiencia turística - Eurecat</title>
<meta name="description" content="En la jornada organizada por el programa del LABIIT de Eurecat y del Patronato de Turismo de la Diputación de Tarragona del próximo 28 de octubre en el Celler de Vila-seca; reflexionaremos sobre las oportunidades que nos brindan las herramientas tecnológicas existentes" />
<meta name="robots" content="index, follow, max-snippet:-1, max-image-preview:large, max-video-preview:-1" />
<link rel="canonical" href="https://eurecat.org/es/calendario/jornada-tecnica-tecnologia-digital-y-optimizacion-de-la-experiencia-turistica/" />
<meta property="og:locale" content="es_ES" />
<meta property="og:type" content="article" />
<meta property="og:title" content="Jornada técnica: Tecnología digital y optimización de la experiencia turística - Eurecat" />
<meta property="og:description" content="En la jornada organizada por el programa del LABIIT de Eurecat y del Patronato de Turismo de la Diputación de Tarragona del próximo 28 de octubre en el Celler de Vila-seca; reflexionaremos sobre las oportunidades que nos brindan las herramientas tecnológicas existentes" />
<meta property="og:url" content="https://eurecat.org/es/calendario/jornada-tecnica-tecnologia-digital-y-optimizacion-de-la-experiencia-turistica/" />
<meta property="og:site_name" content="Eurecat" />
<meta property="article:modified_time" content="2022-10-06T10:58:14+00:00" />
<meta property="og:image" content="https://eurecat.org/wp-content/uploads/2022/10/agenda474x324.jpg" />
	<meta property="og:image:width" content="474" />
	<meta property="og:image:height" content="324" />
	<meta property="og:image:type" content="image/jpeg" />
<meta name="twitter:card" content="summary_large_image" />
<meta name="twitter:label1" content="Tiempo de lectura" />
	<meta name="twitter:data1" content="2 minutos" />
<script type="application/ld+json" class="yoast-schema-graph">{"@context":"https:\/\/schema.org","@graph":[{"@type":"WebPage","@id":"https:\/\/eurecat.org\/es\/calendario\/jornada-tecnica-tecnologia-digital-y-optimizacion-de-la-experiencia-turistica\/","url":"https:\/\/eurecat.org\/es\/calendario\/jornada-tecnica-tecnologia-digital-y-optimizacion-de-la-experiencia-turistica\/","name":"Jornada técnica: Tecnología digital y optimización de la experiencia turística - Eurecat","isPartOf":{"@id":"https:\/\/eurecat.org\/es\/#website"},"primaryImageOfPage":{"@id":"https:\/\/eurecat.org\/es\/calendario\/jornada-tecnica-tecnologia-digital-y-optimizacion-de-la-experiencia-turistica\/#primaryimage"},"image":{"@id":"https:\/\/eurecat.org\/es\/calendario\/jornada-tecnica-tecnologia-digital-y-optimizacion-de-la-experiencia-turistica\/#primaryimage"},"thumbnailUrl":"https:\/\/eurecat.org\/wp-content\/uploads\/2022\/10\/agenda474x324.jpg","datePublished":"2022-10-06T10:52:30+00:00","dateModified":"2022-10-06T10:58:14+00:00","description":"En la jornada organizada por el programa del LABIIT de Eurecat y del Patronato de Turismo de la Diputación de Tarragona del próximo 28 de octubre en el Celler de Vila-seca; reflexionaremos sobre las oportunidades que nos brindan las herramientas tecnológicas existentes","breadcrumb":{"@id":"https:\/\/eurecat.org\/es\/calendario\/jornada-tecnica-tecnologia-digital-y-optimizacion-de-la-experiencia-turistica\/#breadcrumb"},"inLanguage":"es","potentialAction":[{"@type":"ReadAction","target":["https:\/\/eurecat.org\/es\/calendario\/jornada-tecnica-tecnologia-digital-y-optimizacion-de-la-experiencia-turistica\/"]}]},{"@type":"ImageObject","inLanguage":"es","@id":"https:\/\/eurecat.org\/es\/calendario\/jornada-tecnica-tecnologia-digital-y-optimizacion-de-la-experiencia-turistica\/#primaryimage","url":"https:\/\/eurecat.org\/wp-content\/uploads\/2022\/10\/agenda474x324.jpg","contentUrl":"https:\/\/eurecat.org\/wp-content\/uploads\/2022\/10\/agenda474x324.jpg","width":474,"height":324},{"@type":"BreadcrumbList","@id":"https:\/\/eurecat.org\/es\/calendario\/jornada-tecnica-tecnologia-digital-y-optimizacion-de-la-experiencia-turistica\/#breadcrumb","itemListElement":[{"@type":"ListItem","position":1,"name":"Inici","item":"https:\/\/eurecat.org\/es\/"},{"@type":"ListItem","position":2,"name":"Eventos","item":"https:\/\/eurecat.org\/es\/calendario\/"},{"@type":"ListItem","position":3,"name":"Jornada técnica: Tecnología digital y optimización de la experiencia turística"}]},{"@type":"WebSite","@id":"https:\/\/eurecat.org\/es\/#website","url":"https:\/\/eurecat.org\/es\/","name":"Eurecat","description":"Otro sitio realizado con WordPress","potentialAction":[{"@type":"SearchAction","target":{"@type":"EntryPoint","urlTemplate":"https:\/\/eurecat.org\/es\/?s={search_term_string}"},"query-input":{"@type":"PropertyValueSpecification","valueRequired":true,"valueName":"search_term_string"}}],"inLanguage":"es"}]}</script>
<!-- / Yoast SEO plugin. -->

Jornada técnica: Tecnología digital y optimización de la experiencia turística - Eurecat

En la jornada organizada por el programa del LABIIT de Eurecat y del Patronato de Turismo de la Diputación de Tarragona del próximo 28 de octubre en el Celler de Vila-seca; reflexionaremos sobre las oportunidades que nos brindan las herramientas tecnológicas existentes
