{"id":129851,"date":"2023-01-11T11:05:50","date_gmt":"2023-01-11T10:05:50","guid":{"rendered":"https:\/\/eurecat.org\/?post_type=mec-events&#038;p=129851"},"modified":"2023-01-11T11:11:30","modified_gmt":"2023-01-11T10:11:30","slug":"jornada-battech-zwick-roell-retos-y-soluciones-para-la-movilidad-del-futuro","status":"publish","type":"mec-events","link":"https:\/\/eurecat.org\/es\/calendario\/jornada-battech-zwick-roell-retos-y-soluciones-para-la-movilidad-del-futuro\/","title":{"rendered":"Jornada BATTECH Zwick Roell: Retos y Soluciones para la Movilidad del Futuro"},"content":{"rendered":"<p>En esta jornada del 9 de febrero, <strong><a href=\"https:\/\/battechbatteryhub.org\/\">BATTECH<\/a> y ZwickRoell<\/strong>\u00a0presentar\u00e1n los retos que afrotan las bater\u00edas el\u00e9ctricas y el almacenamiento de energ\u00eda con hidr\u00f3geno, as\u00ed como las soluciones para que puedan maximizarse sus usos en aplicaciones finales.<\/p>\n<p><strong><em>Las bater\u00edas el\u00e9ctricas y el hidr\u00f3geno generado con energ\u00edas renovables son el tipo de almacenamiento de energ\u00eda prometedor del futuro.<\/em><\/strong><\/p>\n<p>Los retos de sus correspondientes cadenas de valor son numerosos, desde la fabricaci\u00f3n de celas, bater\u00edas y pilas de combustible y sus validaciones, hasta la generaci\u00f3n de hidr\u00f3geno y su almacenaje y transporte, as\u00ed como el uso final de las dos tecnolog\u00edas.<\/p>\n<p><strong>El objetivo de la jornada ser\u00e1 presentar los retos tecnol\u00f3gicos de las bater\u00edas el\u00e9ctricas y el almacenamiento de energ\u00eda con hidr\u00f3geno as\u00ed como sus soluciones de testing.<\/strong><\/p>\n<p>&nbsp;<\/p>\n<div class=\"fusion-button-wrapper fusion-aligncenter\"><a class=\"fusion-button button-flat fusion-button-default-size button-default fusion-button-default button-1 fusion-button-default-span fusion-button-default-type\" target=\"_blank\" rel=\"noopener noreferrer\" href=\"https:\/\/eurecat.org\/es\/servicios\/eurecatevents\/jornada-battech-zwickroell-retos-y-soluciones-para-la-movilidad-del-futuro\/\"><span class=\"fusion-button-text awb-button__text awb-button__text--default\">Conoce el PROGRAMA e INSCR\u00cdBETE AQU\u00cd<\/span><\/a><\/div>\n","protected":false},"excerpt":{"rendered":"<p>En esta jornada del 9 de febrero, BATTECH y ZwickRoell\u00a0presentar\u00e1n los retos que afrotan las bater\u00edas el\u00e9ctricas y el almacenamiento de energ\u00eda con hidr\u00f3geno, as\u00ed como las soluciones para que puedan maximizarse sus usos en aplicaciones finales. Las bater\u00edas el\u00e9ctricas y el hidr\u00f3geno generado con energ\u00edas renovables son el tipo de almacenamiento de energ\u00eda prometedor  [&#8230;]<\/p>\n","protected":false},"author":20,"featured_media":129859,"comment_status":"closed","ping_status":"closed","template":"","tags":[2448],"mec_category":[986,1960,2231],"class_list":["post-129851","mec-events","type-mec-events","status-publish","has-post-thumbnail","hentry","tag-battech-es","mec_category-actos-cientificos-tecnologicos","mec_category-workshop","mec_category-workshops-es"],"yoast_head":"<!-- This site is optimized with the Yoast SEO plugin v27.4 - https:\/\/yoast.com\/product\/yoast-seo-wordpress\/ -->\n<title>Jornada BATTECH Zwick Roell: Retos y Soluciones para la Movilidad del Futuro - Eurecat<\/title>\n<meta name=\"description\" content=\"En esta jornada BATTECH y ZwickRoell\u00a0presentar\u00e1n los retos que afrotan las bater\u00edas el\u00e9ctricas y el almacenamiento de energ\u00eda con hidr\u00f3geno\" \/>\n<meta name=\"robots\" content=\"index, follow, max-snippet:-1, max-image-preview:large, max-video-preview:-1\" \/>\n<link rel=\"canonical\" href=\"https:\/\/eurecat.org\/es\/calendario\/jornada-battech-zwick-roell-retos-y-soluciones-para-la-movilidad-del-futuro\/\" \/>\n<meta property=\"og:locale\" content=\"es_ES\" \/>\n<meta property=\"og:type\" content=\"article\" \/>\n<meta property=\"og:title\" content=\"Jornada BATTECH Zwick Roell: Retos y Soluciones para la Movilidad del Futuro - Eurecat\" \/>\n<meta property=\"og:description\" content=\"En esta jornada BATTECH y ZwickRoell\u00a0presentar\u00e1n los retos que afrotan las bater\u00edas el\u00e9ctricas y el almacenamiento de energ\u00eda con hidr\u00f3geno\" \/>\n<meta property=\"og:url\" content=\"https:\/\/eurecat.org\/es\/calendario\/jornada-battech-zwick-roell-retos-y-soluciones-para-la-movilidad-del-futuro\/\" \/>\n<meta property=\"og:site_name\" content=\"Eurecat\" \/>\n<meta property=\"article:modified_time\" content=\"2023-01-11T10:11:30+00:00\" \/>\n<meta property=\"og:image\" content=\"https:\/\/eurecat.org\/wp-content\/uploads\/2023\/01\/JORNADA_BATTECH_9FEB_ES.jpg\" \/>\n\t<meta property=\"og:image:width\" content=\"750\" \/>\n\t<meta property=\"og:image:height\" content=\"400\" \/>\n\t<meta property=\"og:image:type\" content=\"image\/jpeg\" \/>\n<meta name=\"twitter:card\" content=\"summary_large_image\" \/>\n<meta name=\"twitter:label1\" content=\"Tiempo de lectura\" \/>\n\t<meta name=\"twitter:data1\" content=\"2 minutos\" \/>\n<script type=\"application\/ld+json\" class=\"yoast-schema-graph\">{\"@context\":\"https:\\\/\\\/schema.org\",\"@graph\":[{\"@type\":\"WebPage\",\"@id\":\"https:\\\/\\\/eurecat.org\\\/es\\\/calendario\\\/jornada-battech-zwick-roell-retos-y-soluciones-para-la-movilidad-del-futuro\\\/\",\"url\":\"https:\\\/\\\/eurecat.org\\\/es\\\/calendario\\\/jornada-battech-zwick-roell-retos-y-soluciones-para-la-movilidad-del-futuro\\\/\",\"name\":\"Jornada BATTECH Zwick Roell: Retos y Soluciones para la Movilidad del Futuro - Eurecat\",\"isPartOf\":{\"@id\":\"https:\\\/\\\/eurecat.org\\\/es\\\/#website\"},\"primaryImageOfPage\":{\"@id\":\"https:\\\/\\\/eurecat.org\\\/es\\\/calendario\\\/jornada-battech-zwick-roell-retos-y-soluciones-para-la-movilidad-del-futuro\\\/#primaryimage\"},\"image\":{\"@id\":\"https:\\\/\\\/eurecat.org\\\/es\\\/calendario\\\/jornada-battech-zwick-roell-retos-y-soluciones-para-la-movilidad-del-futuro\\\/#primaryimage\"},\"thumbnailUrl\":\"https:\\\/\\\/eurecat.org\\\/wp-content\\\/uploads\\\/2023\\\/01\\\/JORNADA_BATTECH_9FEB_ES.jpg\",\"datePublished\":\"2023-01-11T10:05:50+00:00\",\"dateModified\":\"2023-01-11T10:11:30+00:00\",\"description\":\"En esta jornada BATTECH y ZwickRoell\u00a0presentar\u00e1n los retos que afrotan las bater\u00edas el\u00e9ctricas y el almacenamiento de energ\u00eda con hidr\u00f3geno\",\"breadcrumb\":{\"@id\":\"https:\\\/\\\/eurecat.org\\\/es\\\/calendario\\\/jornada-battech-zwick-roell-retos-y-soluciones-para-la-movilidad-del-futuro\\\/#breadcrumb\"},\"inLanguage\":\"es\",\"potentialAction\":[{\"@type\":\"ReadAction\",\"target\":[\"https:\\\/\\\/eurecat.org\\\/es\\\/calendario\\\/jornada-battech-zwick-roell-retos-y-soluciones-para-la-movilidad-del-futuro\\\/\"]}]},{\"@type\":\"ImageObject\",\"inLanguage\":\"es\",\"@id\":\"https:\\\/\\\/eurecat.org\\\/es\\\/calendario\\\/jornada-battech-zwick-roell-retos-y-soluciones-para-la-movilidad-del-futuro\\\/#primaryimage\",\"url\":\"https:\\\/\\\/eurecat.org\\\/wp-content\\\/uploads\\\/2023\\\/01\\\/JORNADA_BATTECH_9FEB_ES.jpg\",\"contentUrl\":\"https:\\\/\\\/eurecat.org\\\/wp-content\\\/uploads\\\/2023\\\/01\\\/JORNADA_BATTECH_9FEB_ES.jpg\",\"width\":750,\"height\":400,\"caption\":\"Jornada BATTECH ZwickRoell\"},{\"@type\":\"BreadcrumbList\",\"@id\":\"https:\\\/\\\/eurecat.org\\\/es\\\/calendario\\\/jornada-battech-zwick-roell-retos-y-soluciones-para-la-movilidad-del-futuro\\\/#breadcrumb\",\"itemListElement\":[{\"@type\":\"ListItem\",\"position\":1,\"name\":\"Inici\",\"item\":\"https:\\\/\\\/eurecat.org\\\/es\\\/\"},{\"@type\":\"ListItem\",\"position\":2,\"name\":\"Eventos\",\"item\":\"https:\\\/\\\/eurecat.org\\\/es\\\/calendario\\\/\"},{\"@type\":\"ListItem\",\"position\":3,\"name\":\"Jornada BATTECH Zwick Roell: Retos y Soluciones para la Movilidad del Futuro\"}]},{\"@type\":\"WebSite\",\"@id\":\"https:\\\/\\\/eurecat.org\\\/es\\\/#website\",\"url\":\"https:\\\/\\\/eurecat.org\\\/es\\\/\",\"name\":\"Eurecat\",\"description\":\"Otro sitio realizado con WordPress\",\"potentialAction\":[{\"@type\":\"SearchAction\",\"target\":{\"@type\":\"EntryPoint\",\"urlTemplate\":\"https:\\\/\\\/eurecat.org\\\/es\\\/?s={search_term_string}\"},\"query-input\":{\"@type\":\"PropertyValueSpecification\",\"valueRequired\":true,\"valueName\":\"search_term_string\"}}],\"inLanguage\":\"es\"}]}<\/script>\n<!-- \/ Yoast SEO plugin. -->","yoast_head_json":{"title":"Jornada BATTECH Zwick Roell: Retos y Soluciones para la Movilidad del Futuro - Eurecat","description":"En esta jornada BATTECH y ZwickRoell\u00a0presentar\u00e1n los retos que afrotan las bater\u00edas el\u00e9ctricas y el almacenamiento de energ\u00eda con hidr\u00f3geno","robots":{"index":"index","follow":"follow","max-snippet":"max-snippet:-1","max-image-preview":"max-image-preview:large","max-video-preview":"max-video-preview:-1"},"canonical":"https:\/\/eurecat.org\/es\/calendario\/jornada-battech-zwick-roell-retos-y-soluciones-para-la-movilidad-del-futuro\/","og_locale":"es_ES","og_type":"article","og_title":"Jornada BATTECH Zwick Roell: Retos y Soluciones para la Movilidad del Futuro - Eurecat","og_description":"En esta jornada BATTECH y ZwickRoell\u00a0presentar\u00e1n los retos que afrotan las bater\u00edas el\u00e9ctricas y el almacenamiento de energ\u00eda con hidr\u00f3geno","og_url":"https:\/\/eurecat.org\/es\/calendario\/jornada-battech-zwick-roell-retos-y-soluciones-para-la-movilidad-del-futuro\/","og_site_name":"Eurecat","article_modified_time":"2023-01-11T10:11:30+00:00","og_image":[{"width":750,"height":400,"url":"https:\/\/eurecat.org\/wp-content\/uploads\/2023\/01\/JORNADA_BATTECH_9FEB_ES.jpg","type":"image\/jpeg"}],"twitter_card":"summary_large_image","twitter_misc":{"Tiempo de lectura":"2 minutos"},"schema":{"@context":"https:\/\/schema.org","@graph":[{"@type":"WebPage","@id":"https:\/\/eurecat.org\/es\/calendario\/jornada-battech-zwick-roell-retos-y-soluciones-para-la-movilidad-del-futuro\/","url":"https:\/\/eurecat.org\/es\/calendario\/jornada-battech-zwick-roell-retos-y-soluciones-para-la-movilidad-del-futuro\/","name":"Jornada BATTECH Zwick Roell: Retos y Soluciones para la Movilidad del Futuro - Eurecat","isPartOf":{"@id":"https:\/\/eurecat.org\/es\/#website"},"primaryImageOfPage":{"@id":"https:\/\/eurecat.org\/es\/calendario\/jornada-battech-zwick-roell-retos-y-soluciones-para-la-movilidad-del-futuro\/#primaryimage"},"image":{"@id":"https:\/\/eurecat.org\/es\/calendario\/jornada-battech-zwick-roell-retos-y-soluciones-para-la-movilidad-del-futuro\/#primaryimage"},"thumbnailUrl":"https:\/\/eurecat.org\/wp-content\/uploads\/2023\/01\/JORNADA_BATTECH_9FEB_ES.jpg","datePublished":"2023-01-11T10:05:50+00:00","dateModified":"2023-01-11T10:11:30+00:00","description":"En esta jornada BATTECH y ZwickRoell\u00a0presentar\u00e1n los retos que afrotan las bater\u00edas el\u00e9ctricas y el almacenamiento de energ\u00eda con hidr\u00f3geno","breadcrumb":{"@id":"https:\/\/eurecat.org\/es\/calendario\/jornada-battech-zwick-roell-retos-y-soluciones-para-la-movilidad-del-futuro\/#breadcrumb"},"inLanguage":"es","potentialAction":[{"@type":"ReadAction","target":["https:\/\/eurecat.org\/es\/calendario\/jornada-battech-zwick-roell-retos-y-soluciones-para-la-movilidad-del-futuro\/"]}]},{"@type":"ImageObject","inLanguage":"es","@id":"https:\/\/eurecat.org\/es\/calendario\/jornada-battech-zwick-roell-retos-y-soluciones-para-la-movilidad-del-futuro\/#primaryimage","url":"https:\/\/eurecat.org\/wp-content\/uploads\/2023\/01\/JORNADA_BATTECH_9FEB_ES.jpg","contentUrl":"https:\/\/eurecat.org\/wp-content\/uploads\/2023\/01\/JORNADA_BATTECH_9FEB_ES.jpg","width":750,"height":400,"caption":"Jornada BATTECH ZwickRoell"},{"@type":"BreadcrumbList","@id":"https:\/\/eurecat.org\/es\/calendario\/jornada-battech-zwick-roell-retos-y-soluciones-para-la-movilidad-del-futuro\/#breadcrumb","itemListElement":[{"@type":"ListItem","position":1,"name":"Inici","item":"https:\/\/eurecat.org\/es\/"},{"@type":"ListItem","position":2,"name":"Eventos","item":"https:\/\/eurecat.org\/es\/calendario\/"},{"@type":"ListItem","position":3,"name":"Jornada BATTECH Zwick Roell: Retos y Soluciones para la Movilidad del Futuro"}]},{"@type":"WebSite","@id":"https:\/\/eurecat.org\/es\/#website","url":"https:\/\/eurecat.org\/es\/","name":"Eurecat","description":"Otro sitio realizado con WordPress","potentialAction":[{"@type":"SearchAction","target":{"@type":"EntryPoint","urlTemplate":"https:\/\/eurecat.org\/es\/?s={search_term_string}"},"query-input":{"@type":"PropertyValueSpecification","valueRequired":true,"valueName":"search_term_string"}}],"inLanguage":"es"}]}},"_links":{"self":[{"href":"https:\/\/eurecat.org\/es\/wp-json\/wp\/v2\/mec-events\/129851","targetHints":{"allow":["GET"]}}],"collection":[{"href":"https:\/\/eurecat.org\/es\/wp-json\/wp\/v2\/mec-events"}],"about":[{"href":"https:\/\/eurecat.org\/es\/wp-json\/wp\/v2\/types\/mec-events"}],"author":[{"embeddable":true,"href":"https:\/\/eurecat.org\/es\/wp-json\/wp\/v2\/users\/20"}],"replies":[{"embeddable":true,"href":"https:\/\/eurecat.org\/es\/wp-json\/wp\/v2\/comments?post=129851"}],"wp:featuredmedia":[{"embeddable":true,"href":"https:\/\/eurecat.org\/es\/wp-json\/wp\/v2\/media\/129859"}],"wp:attachment":[{"href":"https:\/\/eurecat.org\/es\/wp-json\/wp\/v2\/media?parent=129851"}],"wp:term":[{"taxonomy":"post_tag","embeddable":true,"href":"https:\/\/eurecat.org\/es\/wp-json\/wp\/v2\/tags?post=129851"},{"taxonomy":"mec_category","embeddable":true,"href":"https:\/\/eurecat.org\/es\/wp-json\/wp\/v2\/mec_category?post=129851"}],"curies":[{"name":"wp","href":"https:\/\/api.w.org\/{rel}","templated":true}]}}

<p>En esta jornada del 9 de febrero, <strong><a href="https://battechbatteryhub.org/">BATTECH</a> y ZwickRoell</strong> presentarán los retos que afrotan las baterías eléctricas y el almacenamiento de energía con hidrógeno, así como las soluciones para que puedan maximizarse sus usos en aplicaciones finales.</p>
<p><strong><em>Las baterías eléctricas y el hidrógeno generado con energías renovables son el tipo de almacenamiento de energía prometedor del futuro.</em></strong></p>
<p>Los retos de sus correspondientes cadenas de valor son numerosos, desde la fabricación de celas, baterías y pilas de combustible y sus validaciones, hasta la generación de hidrógeno y su almacenaje y transporte, así como el uso final de las dos tecnologías.</p>
<p><strong>El objetivo de la jornada será presentar los retos tecnológicos de las baterías eléctricas y el almacenamiento de energía con hidrógeno así como sus soluciones de testing.</strong></p>
<p>&nbsp;</p>
<div class="fusion-button-wrapper fusion-aligncenter"><a class="fusion-button button-flat fusion-button-default-size button-default fusion-button-default button-1 fusion-button-default-span fusion-button-default-type" target="_blank" rel="noopener noreferrer" href="https://eurecat.org/es/servicios/eurecatevents/jornada-battech-zwickroell-retos-y-soluciones-para-la-movilidad-del-futuro/"><span class="fusion-button-text awb-button__text awb-button__text--default">Conoce el PROGRAMA e INSCRÍBETE AQUÍ</span></a></div>

<p>En esta jornada del 9 de febrero, BATTECH y ZwickRoell presentarán los retos que afrotan las baterías eléctricas y el almacenamiento de energía con hidrógeno, así como las soluciones para que puedan maximizarse sus usos en aplicaciones finales. Las baterías eléctricas y el hidrógeno generado con energías renovables son el tipo de almacenamiento de energía prometedor  [&#8230;]</p>

<!-- This site is optimized with the Yoast SEO plugin v27.4 - https://yoast.com/product/yoast-seo-wordpress/ -->
<title>Jornada BATTECH Zwick Roell: Retos y Soluciones para la Movilidad del Futuro - Eurecat</title>
<meta name="description" content="En esta jornada BATTECH y ZwickRoell presentarán los retos que afrotan las baterías eléctricas y el almacenamiento de energía con hidrógeno" />
<meta name="robots" content="index, follow, max-snippet:-1, max-image-preview:large, max-video-preview:-1" />
<link rel="canonical" href="https://eurecat.org/es/calendario/jornada-battech-zwick-roell-retos-y-soluciones-para-la-movilidad-del-futuro/" />
<meta property="og:locale" content="es_ES" />
<meta property="og:type" content="article" />
<meta property="og:title" content="Jornada BATTECH Zwick Roell: Retos y Soluciones para la Movilidad del Futuro - Eurecat" />
<meta property="og:description" content="En esta jornada BATTECH y ZwickRoell presentarán los retos que afrotan las baterías eléctricas y el almacenamiento de energía con hidrógeno" />
<meta property="og:url" content="https://eurecat.org/es/calendario/jornada-battech-zwick-roell-retos-y-soluciones-para-la-movilidad-del-futuro/" />
<meta property="og:site_name" content="Eurecat" />
<meta property="article:modified_time" content="2023-01-11T10:11:30+00:00" />
<meta property="og:image" content="https://eurecat.org/wp-content/uploads/2023/01/JORNADA_BATTECH_9FEB_ES.jpg" />
	<meta property="og:image:width" content="750" />
	<meta property="og:image:height" content="400" />
	<meta property="og:image:type" content="image/jpeg" />
<meta name="twitter:card" content="summary_large_image" />
<meta name="twitter:label1" content="Tiempo de lectura" />
	<meta name="twitter:data1" content="2 minutos" />
<script type="application/ld+json" class="yoast-schema-graph">{"@context":"https:\/\/schema.org","@graph":[{"@type":"WebPage","@id":"https:\/\/eurecat.org\/es\/calendario\/jornada-battech-zwick-roell-retos-y-soluciones-para-la-movilidad-del-futuro\/","url":"https:\/\/eurecat.org\/es\/calendario\/jornada-battech-zwick-roell-retos-y-soluciones-para-la-movilidad-del-futuro\/","name":"Jornada BATTECH Zwick Roell: Retos y Soluciones para la Movilidad del Futuro - Eurecat","isPartOf":{"@id":"https:\/\/eurecat.org\/es\/#website"},"primaryImageOfPage":{"@id":"https:\/\/eurecat.org\/es\/calendario\/jornada-battech-zwick-roell-retos-y-soluciones-para-la-movilidad-del-futuro\/#primaryimage"},"image":{"@id":"https:\/\/eurecat.org\/es\/calendario\/jornada-battech-zwick-roell-retos-y-soluciones-para-la-movilidad-del-futuro\/#primaryimage"},"thumbnailUrl":"https:\/\/eurecat.org\/wp-content\/uploads\/2023\/01\/JORNADA_BATTECH_9FEB_ES.jpg","datePublished":"2023-01-11T10:05:50+00:00","dateModified":"2023-01-11T10:11:30+00:00","description":"En esta jornada BATTECH y ZwickRoell presentarán los retos que afrotan las baterías eléctricas y el almacenamiento de energía con hidrógeno","breadcrumb":{"@id":"https:\/\/eurecat.org\/es\/calendario\/jornada-battech-zwick-roell-retos-y-soluciones-para-la-movilidad-del-futuro\/#breadcrumb"},"inLanguage":"es","potentialAction":[{"@type":"ReadAction","target":["https:\/\/eurecat.org\/es\/calendario\/jornada-battech-zwick-roell-retos-y-soluciones-para-la-movilidad-del-futuro\/"]}]},{"@type":"ImageObject","inLanguage":"es","@id":"https:\/\/eurecat.org\/es\/calendario\/jornada-battech-zwick-roell-retos-y-soluciones-para-la-movilidad-del-futuro\/#primaryimage","url":"https:\/\/eurecat.org\/wp-content\/uploads\/2023\/01\/JORNADA_BATTECH_9FEB_ES.jpg","contentUrl":"https:\/\/eurecat.org\/wp-content\/uploads\/2023\/01\/JORNADA_BATTECH_9FEB_ES.jpg","width":750,"height":400,"caption":"Jornada BATTECH ZwickRoell"},{"@type":"BreadcrumbList","@id":"https:\/\/eurecat.org\/es\/calendario\/jornada-battech-zwick-roell-retos-y-soluciones-para-la-movilidad-del-futuro\/#breadcrumb","itemListElement":[{"@type":"ListItem","position":1,"name":"Inici","item":"https:\/\/eurecat.org\/es\/"},{"@type":"ListItem","position":2,"name":"Eventos","item":"https:\/\/eurecat.org\/es\/calendario\/"},{"@type":"ListItem","position":3,"name":"Jornada BATTECH Zwick Roell: Retos y Soluciones para la Movilidad del Futuro"}]},{"@type":"WebSite","@id":"https:\/\/eurecat.org\/es\/#website","url":"https:\/\/eurecat.org\/es\/","name":"Eurecat","description":"Otro sitio realizado con WordPress","potentialAction":[{"@type":"SearchAction","target":{"@type":"EntryPoint","urlTemplate":"https:\/\/eurecat.org\/es\/?s={search_term_string}"},"query-input":{"@type":"PropertyValueSpecification","valueRequired":true,"valueName":"search_term_string"}}],"inLanguage":"es"}]}</script>
<!-- / Yoast SEO plugin. -->

En esta jornada BATTECH y ZwickRoell presentarán los retos que afrotan las baterías eléctricas y el almacenamiento de energía con hidrógeno
