{"id":136246,"date":"2023-06-01T13:17:30","date_gmt":"2023-06-01T11:17:30","guid":{"rendered":"https:\/\/eurecat.org\/?post_type=mec-events&#038;p=136246"},"modified":"2023-06-08T13:32:20","modified_gmt":"2023-06-08T11:32:20","slug":"jornada-aplicacion-de-las-herramientas-digitales-al-sector-de-la-movilidad","status":"publish","type":"mec-events","link":"https:\/\/eurecat.org\/es\/calendario\/jornada-aplicacion-de-las-herramientas-digitales-al-sector-de-la-movilidad\/","title":{"rendered":"Jornada Aplicaci\u00f3n de las herramientas digitales al sector de la movilidad"},"content":{"rendered":"<div class=\"fusion-fullwidth fullwidth-box fusion-builder-row-1 fusion-flex-container has-pattern-background has-mask-background nonhundred-percent-fullwidth non-hundred-percent-height-scrolling\" style=\"--awb-border-radius-top-left:0px;--awb-border-radius-top-right:0px;--awb-border-radius-bottom-right:0px;--awb-border-radius-bottom-left:0px;--awb-flex-wrap:wrap;\" ><div class=\"fusion-builder-row fusion-row fusion-flex-align-items-flex-start fusion-flex-content-wrap\" style=\"max-width:1424.8px;margin-left: calc(-4% \/ 2 );margin-right: calc(-4% \/ 2 );\"><div class=\"fusion-layout-column fusion_builder_column fusion-builder-column-0 fusion_builder_column_1_1 1_1 fusion-flex-column\" style=\"--awb-bg-size:cover;--awb-width-large:100%;--awb-margin-top-large:0px;--awb-spacing-right-large:1.92%;--awb-margin-bottom-large:20px;--awb-spacing-left-large:1.92%;--awb-width-medium:100%;--awb-order-medium:0;--awb-spacing-right-medium:1.92%;--awb-spacing-left-medium:1.92%;--awb-width-small:100%;--awb-order-small:0;--awb-spacing-right-small:1.92%;--awb-spacing-left-small:1.92%;\"><div class=\"fusion-column-wrapper fusion-column-has-shadow fusion-flex-justify-content-flex-start fusion-content-layout-column\"><div class=\"fusion-text fusion-text-1\"><div class=\"fusion-text fusion-text-5\">\n<p>El desarrollo que han experimentado las tecnolog\u00edas digitales en los \u00faltimos a\u00f1os permiten tener un mayor control sobre el estado de los activos, los procesos, los consumos, etc. y a la vez permiten an\u00e1lisis cuidadosos y autom\u00e1ticas que permiten detectar lo que est\u00e1 pasando, hacer diagn\u00f3sticos, predicciones y llegar a hacer prescripciones para optimizar los recursos.<\/p>\n<p><strong>En esta jornada veremos cu\u00e1l es el estado de estas tecnolog\u00edas digitales y como se pueden aplicar a la industria en general y al sector de la movilidad en particular.<\/strong><\/p>\n<\/div>\n<\/div><div style=\"text-align:center;\"><a class=\"fusion-button button-flat fusion-button-default-size button-default fusion-button-default button-1 fusion-button-default-span fusion-button-default-type\" target=\"_blank\" rel=\"noopener noreferrer\" href=\"https:\/\/eurecat.org\/es\/servicios\/eurecatevents\/jornada-aplicacion-herramientas-digitales-al-sector-movilidad\/\"><span class=\"fusion-button-text awb-button__text awb-button__text--default\">Conoce el programa e inscr\u00edbete aqu\u00ed<\/span><\/a><\/div><\/div><\/div><\/div><\/div>\n","protected":false},"excerpt":{"rendered":"","protected":false},"author":20,"featured_media":136431,"comment_status":"closed","ping_status":"closed","template":"","tags":[],"mec_category":[986,2231],"class_list":["post-136246","mec-events","type-mec-events","status-publish","has-post-thumbnail","hentry","mec_category-actos-cientificos-tecnologicos","mec_category-workshops-es"],"yoast_head":"<!-- This site is optimized with the Yoast SEO plugin v27.4 - https:\/\/yoast.com\/product\/yoast-seo-wordpress\/ -->\n<title>Jornada Aplicaci\u00f3n de las herramientas digitales al sector de la movilidad - Eurecat<\/title>\n<meta name=\"description\" content=\"Jornada presencial y on line para ver el estado de las tecnolog\u00edas digitales y como aplicarlas al sector de la movilidad\" \/>\n<meta name=\"robots\" content=\"index, follow, max-snippet:-1, max-image-preview:large, max-video-preview:-1\" \/>\n<link rel=\"canonical\" href=\"https:\/\/eurecat.org\/es\/calendario\/jornada-aplicacion-de-las-herramientas-digitales-al-sector-de-la-movilidad\/\" \/>\n<meta property=\"og:locale\" content=\"es_ES\" \/>\n<meta property=\"og:type\" content=\"article\" \/>\n<meta property=\"og:title\" content=\"Jornada Aplicaci\u00f3n de las herramientas digitales al sector de la movilidad - Eurecat\" \/>\n<meta property=\"og:description\" content=\"Jornada presencial y on line para ver el estado de las tecnolog\u00edas digitales y como aplicarlas al sector de la movilidad\" \/>\n<meta property=\"og:url\" content=\"https:\/\/eurecat.org\/es\/calendario\/jornada-aplicacion-de-las-herramientas-digitales-al-sector-de-la-movilidad\/\" \/>\n<meta property=\"og:site_name\" content=\"Eurecat\" \/>\n<meta property=\"article:modified_time\" content=\"2023-06-08T11:32:20+00:00\" \/>\n<meta property=\"og:image\" content=\"https:\/\/eurecat.org\/wp-content\/uploads\/2023\/06\/21juny_inmove_web_esNUEVA.jpg\" \/>\n\t<meta property=\"og:image:width\" content=\"750\" \/>\n\t<meta property=\"og:image:height\" content=\"400\" \/>\n\t<meta property=\"og:image:type\" content=\"image\/jpeg\" \/>\n<meta name=\"twitter:card\" content=\"summary_large_image\" \/>\n<meta name=\"twitter:label1\" content=\"Tiempo de lectura\" \/>\n\t<meta name=\"twitter:data1\" content=\"3 minutos\" \/>\n<script type=\"application\/ld+json\" class=\"yoast-schema-graph\">{\"@context\":\"https:\\\/\\\/schema.org\",\"@graph\":[{\"@type\":\"WebPage\",\"@id\":\"https:\\\/\\\/eurecat.org\\\/es\\\/calendario\\\/jornada-aplicacion-de-las-herramientas-digitales-al-sector-de-la-movilidad\\\/\",\"url\":\"https:\\\/\\\/eurecat.org\\\/es\\\/calendario\\\/jornada-aplicacion-de-las-herramientas-digitales-al-sector-de-la-movilidad\\\/\",\"name\":\"Jornada Aplicaci\u00f3n de las herramientas digitales al sector de la movilidad - Eurecat\",\"isPartOf\":{\"@id\":\"https:\\\/\\\/eurecat.org\\\/es\\\/#website\"},\"primaryImageOfPage\":{\"@id\":\"https:\\\/\\\/eurecat.org\\\/es\\\/calendario\\\/jornada-aplicacion-de-las-herramientas-digitales-al-sector-de-la-movilidad\\\/#primaryimage\"},\"image\":{\"@id\":\"https:\\\/\\\/eurecat.org\\\/es\\\/calendario\\\/jornada-aplicacion-de-las-herramientas-digitales-al-sector-de-la-movilidad\\\/#primaryimage\"},\"thumbnailUrl\":\"https:\\\/\\\/eurecat.org\\\/wp-content\\\/uploads\\\/2023\\\/06\\\/21juny_inmove_web_esNUEVA.jpg\",\"datePublished\":\"2023-06-01T11:17:30+00:00\",\"dateModified\":\"2023-06-08T11:32:20+00:00\",\"description\":\"Jornada presencial y on line para ver el estado de las tecnolog\u00edas digitales y como aplicarlas al sector de la movilidad\",\"breadcrumb\":{\"@id\":\"https:\\\/\\\/eurecat.org\\\/es\\\/calendario\\\/jornada-aplicacion-de-las-herramientas-digitales-al-sector-de-la-movilidad\\\/#breadcrumb\"},\"inLanguage\":\"es\",\"potentialAction\":[{\"@type\":\"ReadAction\",\"target\":[\"https:\\\/\\\/eurecat.org\\\/es\\\/calendario\\\/jornada-aplicacion-de-las-herramientas-digitales-al-sector-de-la-movilidad\\\/\"]}]},{\"@type\":\"ImageObject\",\"inLanguage\":\"es\",\"@id\":\"https:\\\/\\\/eurecat.org\\\/es\\\/calendario\\\/jornada-aplicacion-de-las-herramientas-digitales-al-sector-de-la-movilidad\\\/#primaryimage\",\"url\":\"https:\\\/\\\/eurecat.org\\\/wp-content\\\/uploads\\\/2023\\\/06\\\/21juny_inmove_web_esNUEVA.jpg\",\"contentUrl\":\"https:\\\/\\\/eurecat.org\\\/wp-content\\\/uploads\\\/2023\\\/06\\\/21juny_inmove_web_esNUEVA.jpg\",\"width\":750,\"height\":400},{\"@type\":\"BreadcrumbList\",\"@id\":\"https:\\\/\\\/eurecat.org\\\/es\\\/calendario\\\/jornada-aplicacion-de-las-herramientas-digitales-al-sector-de-la-movilidad\\\/#breadcrumb\",\"itemListElement\":[{\"@type\":\"ListItem\",\"position\":1,\"name\":\"Inici\",\"item\":\"https:\\\/\\\/eurecat.org\\\/es\\\/\"},{\"@type\":\"ListItem\",\"position\":2,\"name\":\"Eventos\",\"item\":\"https:\\\/\\\/eurecat.org\\\/es\\\/calendario\\\/\"},{\"@type\":\"ListItem\",\"position\":3,\"name\":\"Jornada Aplicaci\u00f3n de las herramientas digitales al sector de la movilidad\"}]},{\"@type\":\"WebSite\",\"@id\":\"https:\\\/\\\/eurecat.org\\\/es\\\/#website\",\"url\":\"https:\\\/\\\/eurecat.org\\\/es\\\/\",\"name\":\"Eurecat\",\"description\":\"Otro sitio realizado con WordPress\",\"potentialAction\":[{\"@type\":\"SearchAction\",\"target\":{\"@type\":\"EntryPoint\",\"urlTemplate\":\"https:\\\/\\\/eurecat.org\\\/es\\\/?s={search_term_string}\"},\"query-input\":{\"@type\":\"PropertyValueSpecification\",\"valueRequired\":true,\"valueName\":\"search_term_string\"}}],\"inLanguage\":\"es\"}]}<\/script>\n<!-- \/ Yoast SEO plugin. -->","yoast_head_json":{"title":"Jornada Aplicaci\u00f3n de las herramientas digitales al sector de la movilidad - Eurecat","description":"Jornada presencial y on line para ver el estado de las tecnolog\u00edas digitales y como aplicarlas al sector de la movilidad","robots":{"index":"index","follow":"follow","max-snippet":"max-snippet:-1","max-image-preview":"max-image-preview:large","max-video-preview":"max-video-preview:-1"},"canonical":"https:\/\/eurecat.org\/es\/calendario\/jornada-aplicacion-de-las-herramientas-digitales-al-sector-de-la-movilidad\/","og_locale":"es_ES","og_type":"article","og_title":"Jornada Aplicaci\u00f3n de las herramientas digitales al sector de la movilidad - Eurecat","og_description":"Jornada presencial y on line para ver el estado de las tecnolog\u00edas digitales y como aplicarlas al sector de la movilidad","og_url":"https:\/\/eurecat.org\/es\/calendario\/jornada-aplicacion-de-las-herramientas-digitales-al-sector-de-la-movilidad\/","og_site_name":"Eurecat","article_modified_time":"2023-06-08T11:32:20+00:00","og_image":[{"width":750,"height":400,"url":"https:\/\/eurecat.org\/wp-content\/uploads\/2023\/06\/21juny_inmove_web_esNUEVA.jpg","type":"image\/jpeg"}],"twitter_card":"summary_large_image","twitter_misc":{"Tiempo de lectura":"3 minutos"},"schema":{"@context":"https:\/\/schema.org","@graph":[{"@type":"WebPage","@id":"https:\/\/eurecat.org\/es\/calendario\/jornada-aplicacion-de-las-herramientas-digitales-al-sector-de-la-movilidad\/","url":"https:\/\/eurecat.org\/es\/calendario\/jornada-aplicacion-de-las-herramientas-digitales-al-sector-de-la-movilidad\/","name":"Jornada Aplicaci\u00f3n de las herramientas digitales al sector de la movilidad - Eurecat","isPartOf":{"@id":"https:\/\/eurecat.org\/es\/#website"},"primaryImageOfPage":{"@id":"https:\/\/eurecat.org\/es\/calendario\/jornada-aplicacion-de-las-herramientas-digitales-al-sector-de-la-movilidad\/#primaryimage"},"image":{"@id":"https:\/\/eurecat.org\/es\/calendario\/jornada-aplicacion-de-las-herramientas-digitales-al-sector-de-la-movilidad\/#primaryimage"},"thumbnailUrl":"https:\/\/eurecat.org\/wp-content\/uploads\/2023\/06\/21juny_inmove_web_esNUEVA.jpg","datePublished":"2023-06-01T11:17:30+00:00","dateModified":"2023-06-08T11:32:20+00:00","description":"Jornada presencial y on line para ver el estado de las tecnolog\u00edas digitales y como aplicarlas al sector de la movilidad","breadcrumb":{"@id":"https:\/\/eurecat.org\/es\/calendario\/jornada-aplicacion-de-las-herramientas-digitales-al-sector-de-la-movilidad\/#breadcrumb"},"inLanguage":"es","potentialAction":[{"@type":"ReadAction","target":["https:\/\/eurecat.org\/es\/calendario\/jornada-aplicacion-de-las-herramientas-digitales-al-sector-de-la-movilidad\/"]}]},{"@type":"ImageObject","inLanguage":"es","@id":"https:\/\/eurecat.org\/es\/calendario\/jornada-aplicacion-de-las-herramientas-digitales-al-sector-de-la-movilidad\/#primaryimage","url":"https:\/\/eurecat.org\/wp-content\/uploads\/2023\/06\/21juny_inmove_web_esNUEVA.jpg","contentUrl":"https:\/\/eurecat.org\/wp-content\/uploads\/2023\/06\/21juny_inmove_web_esNUEVA.jpg","width":750,"height":400},{"@type":"BreadcrumbList","@id":"https:\/\/eurecat.org\/es\/calendario\/jornada-aplicacion-de-las-herramientas-digitales-al-sector-de-la-movilidad\/#breadcrumb","itemListElement":[{"@type":"ListItem","position":1,"name":"Inici","item":"https:\/\/eurecat.org\/es\/"},{"@type":"ListItem","position":2,"name":"Eventos","item":"https:\/\/eurecat.org\/es\/calendario\/"},{"@type":"ListItem","position":3,"name":"Jornada Aplicaci\u00f3n de las herramientas digitales al sector de la movilidad"}]},{"@type":"WebSite","@id":"https:\/\/eurecat.org\/es\/#website","url":"https:\/\/eurecat.org\/es\/","name":"Eurecat","description":"Otro sitio realizado con WordPress","potentialAction":[{"@type":"SearchAction","target":{"@type":"EntryPoint","urlTemplate":"https:\/\/eurecat.org\/es\/?s={search_term_string}"},"query-input":{"@type":"PropertyValueSpecification","valueRequired":true,"valueName":"search_term_string"}}],"inLanguage":"es"}]}},"_links":{"self":[{"href":"https:\/\/eurecat.org\/es\/wp-json\/wp\/v2\/mec-events\/136246","targetHints":{"allow":["GET"]}}],"collection":[{"href":"https:\/\/eurecat.org\/es\/wp-json\/wp\/v2\/mec-events"}],"about":[{"href":"https:\/\/eurecat.org\/es\/wp-json\/wp\/v2\/types\/mec-events"}],"author":[{"embeddable":true,"href":"https:\/\/eurecat.org\/es\/wp-json\/wp\/v2\/users\/20"}],"replies":[{"embeddable":true,"href":"https:\/\/eurecat.org\/es\/wp-json\/wp\/v2\/comments?post=136246"}],"wp:featuredmedia":[{"embeddable":true,"href":"https:\/\/eurecat.org\/es\/wp-json\/wp\/v2\/media\/136431"}],"wp:attachment":[{"href":"https:\/\/eurecat.org\/es\/wp-json\/wp\/v2\/media?parent=136246"}],"wp:term":[{"taxonomy":"post_tag","embeddable":true,"href":"https:\/\/eurecat.org\/es\/wp-json\/wp\/v2\/tags?post=136246"},{"taxonomy":"mec_category","embeddable":true,"href":"https:\/\/eurecat.org\/es\/wp-json\/wp\/v2\/mec_category?post=136246"}],"curies":[{"name":"wp","href":"https:\/\/api.w.org\/{rel}","templated":true}]}}

Jornada Aplicación de las herramientas digitales al sector de la movilidad

<div class="fusion-fullwidth fullwidth-box fusion-builder-row-1 fusion-flex-container has-pattern-background has-mask-background nonhundred-percent-fullwidth non-hundred-percent-height-scrolling" style="--awb-border-radius-top-left:0px;--awb-border-radius-top-right:0px;--awb-border-radius-bottom-right:0px;--awb-border-radius-bottom-left:0px;--awb-flex-wrap:wrap;" ><div class="fusion-builder-row fusion-row fusion-flex-align-items-flex-start fusion-flex-content-wrap" style="max-width:1424.8px;margin-left: calc(-4% / 2 );margin-right: calc(-4% / 2 );"><div class="fusion-layout-column fusion_builder_column fusion-builder-column-0 fusion_builder_column_1_1 1_1 fusion-flex-column" style="--awb-bg-size:cover;--awb-width-large:100%;--awb-margin-top-large:0px;--awb-spacing-right-large:1.92%;--awb-margin-bottom-large:20px;--awb-spacing-left-large:1.92%;--awb-width-medium:100%;--awb-order-medium:0;--awb-spacing-right-medium:1.92%;--awb-spacing-left-medium:1.92%;--awb-width-small:100%;--awb-order-small:0;--awb-spacing-right-small:1.92%;--awb-spacing-left-small:1.92%;"><div class="fusion-column-wrapper fusion-column-has-shadow fusion-flex-justify-content-flex-start fusion-content-layout-column"><div class="fusion-text fusion-text-1"><div class="fusion-text fusion-text-5">
<p>El desarrollo que han experimentado las tecnologías digitales en los últimos años permiten tener un mayor control sobre el estado de los activos, los procesos, los consumos, etc. y a la vez permiten análisis cuidadosos y automáticas que permiten detectar lo que está pasando, hacer diagnósticos, predicciones y llegar a hacer prescripciones para optimizar los recursos.</p>
<p><strong>En esta jornada veremos cuál es el estado de estas tecnologías digitales y como se pueden aplicar a la industria en general y al sector de la movilidad en particular.</strong></p>
</div>
</div><div style="text-align:center;"><a class="fusion-button button-flat fusion-button-default-size button-default fusion-button-default button-1 fusion-button-default-span fusion-button-default-type" target="_blank" rel="noopener noreferrer" href="https://eurecat.org/es/servicios/eurecatevents/jornada-aplicacion-herramientas-digitales-al-sector-movilidad/"><span class="fusion-button-text awb-button__text awb-button__text--default">Conoce el programa e inscríbete aquí</span></a></div></div></div></div></div>

<!-- This site is optimized with the Yoast SEO plugin v27.4 - https://yoast.com/product/yoast-seo-wordpress/ -->
<title>Jornada Aplicación de las herramientas digitales al sector de la movilidad - Eurecat</title>
<meta name="description" content="Jornada presencial y on line para ver el estado de las tecnologías digitales y como aplicarlas al sector de la movilidad" />
<meta name="robots" content="index, follow, max-snippet:-1, max-image-preview:large, max-video-preview:-1" />
<link rel="canonical" href="https://eurecat.org/es/calendario/jornada-aplicacion-de-las-herramientas-digitales-al-sector-de-la-movilidad/" />
<meta property="og:locale" content="es_ES" />
<meta property="og:type" content="article" />
<meta property="og:title" content="Jornada Aplicación de las herramientas digitales al sector de la movilidad - Eurecat" />
<meta property="og:description" content="Jornada presencial y on line para ver el estado de las tecnologías digitales y como aplicarlas al sector de la movilidad" />
<meta property="og:url" content="https://eurecat.org/es/calendario/jornada-aplicacion-de-las-herramientas-digitales-al-sector-de-la-movilidad/" />
<meta property="og:site_name" content="Eurecat" />
<meta property="article:modified_time" content="2023-06-08T11:32:20+00:00" />
<meta property="og:image" content="https://eurecat.org/wp-content/uploads/2023/06/21juny_inmove_web_esNUEVA.jpg" />
	<meta property="og:image:width" content="750" />
	<meta property="og:image:height" content="400" />
	<meta property="og:image:type" content="image/jpeg" />
<meta name="twitter:card" content="summary_large_image" />
<meta name="twitter:label1" content="Tiempo de lectura" />
	<meta name="twitter:data1" content="3 minutos" />
<script type="application/ld+json" class="yoast-schema-graph">{"@context":"https:\/\/schema.org","@graph":[{"@type":"WebPage","@id":"https:\/\/eurecat.org\/es\/calendario\/jornada-aplicacion-de-las-herramientas-digitales-al-sector-de-la-movilidad\/","url":"https:\/\/eurecat.org\/es\/calendario\/jornada-aplicacion-de-las-herramientas-digitales-al-sector-de-la-movilidad\/","name":"Jornada Aplicación de las herramientas digitales al sector de la movilidad - Eurecat","isPartOf":{"@id":"https:\/\/eurecat.org\/es\/#website"},"primaryImageOfPage":{"@id":"https:\/\/eurecat.org\/es\/calendario\/jornada-aplicacion-de-las-herramientas-digitales-al-sector-de-la-movilidad\/#primaryimage"},"image":{"@id":"https:\/\/eurecat.org\/es\/calendario\/jornada-aplicacion-de-las-herramientas-digitales-al-sector-de-la-movilidad\/#primaryimage"},"thumbnailUrl":"https:\/\/eurecat.org\/wp-content\/uploads\/2023\/06\/21juny_inmove_web_esNUEVA.jpg","datePublished":"2023-06-01T11:17:30+00:00","dateModified":"2023-06-08T11:32:20+00:00","description":"Jornada presencial y on line para ver el estado de las tecnologías digitales y como aplicarlas al sector de la movilidad","breadcrumb":{"@id":"https:\/\/eurecat.org\/es\/calendario\/jornada-aplicacion-de-las-herramientas-digitales-al-sector-de-la-movilidad\/#breadcrumb"},"inLanguage":"es","potentialAction":[{"@type":"ReadAction","target":["https:\/\/eurecat.org\/es\/calendario\/jornada-aplicacion-de-las-herramientas-digitales-al-sector-de-la-movilidad\/"]}]},{"@type":"ImageObject","inLanguage":"es","@id":"https:\/\/eurecat.org\/es\/calendario\/jornada-aplicacion-de-las-herramientas-digitales-al-sector-de-la-movilidad\/#primaryimage","url":"https:\/\/eurecat.org\/wp-content\/uploads\/2023\/06\/21juny_inmove_web_esNUEVA.jpg","contentUrl":"https:\/\/eurecat.org\/wp-content\/uploads\/2023\/06\/21juny_inmove_web_esNUEVA.jpg","width":750,"height":400},{"@type":"BreadcrumbList","@id":"https:\/\/eurecat.org\/es\/calendario\/jornada-aplicacion-de-las-herramientas-digitales-al-sector-de-la-movilidad\/#breadcrumb","itemListElement":[{"@type":"ListItem","position":1,"name":"Inici","item":"https:\/\/eurecat.org\/es\/"},{"@type":"ListItem","position":2,"name":"Eventos","item":"https:\/\/eurecat.org\/es\/calendario\/"},{"@type":"ListItem","position":3,"name":"Jornada Aplicación de las herramientas digitales al sector de la movilidad"}]},{"@type":"WebSite","@id":"https:\/\/eurecat.org\/es\/#website","url":"https:\/\/eurecat.org\/es\/","name":"Eurecat","description":"Otro sitio realizado con WordPress","potentialAction":[{"@type":"SearchAction","target":{"@type":"EntryPoint","urlTemplate":"https:\/\/eurecat.org\/es\/?s={search_term_string}"},"query-input":{"@type":"PropertyValueSpecification","valueRequired":true,"valueName":"search_term_string"}}],"inLanguage":"es"}]}</script>
<!-- / Yoast SEO plugin. -->

Jornada Aplicación de las herramientas digitales al sector de la movilidad - Eurecat

Jornada presencial y on line para ver el estado de las tecnologías digitales y como aplicarlas al sector de la movilidad
