{"id":139164,"date":"2023-09-04T11:56:14","date_gmt":"2023-09-04T09:56:14","guid":{"rendered":"https:\/\/eurecat.org\/?post_type=mec-events&#038;p=139164"},"modified":"2023-09-04T12:01:52","modified_gmt":"2023-09-04T10:01:52","slug":"european-culture-creativity-days","status":"publish","type":"mec-events","link":"https:\/\/eurecat.org\/es\/calendario\/european-culture-creativity-days\/","title":{"rendered":"European Culture &#038; Creativity Days"},"content":{"rendered":"<div class=\"fusion-fullwidth fullwidth-box fusion-builder-row-1 fusion-flex-container has-pattern-background has-mask-background nonhundred-percent-fullwidth non-hundred-percent-height-scrolling\" style=\"--awb-border-radius-top-left:0px;--awb-border-radius-top-right:0px;--awb-border-radius-bottom-right:0px;--awb-border-radius-bottom-left:0px;--awb-flex-wrap:wrap;\" ><div class=\"fusion-builder-row fusion-row fusion-flex-align-items-flex-start fusion-flex-content-wrap\" style=\"max-width:1424.8px;margin-left: calc(-4% \/ 2 );margin-right: calc(-4% \/ 2 );\"><div class=\"fusion-layout-column fusion_builder_column fusion-builder-column-0 fusion_builder_column_1_1 1_1 fusion-flex-column\" style=\"--awb-bg-size:cover;--awb-width-large:100%;--awb-margin-top-large:0px;--awb-spacing-right-large:1.92%;--awb-margin-bottom-large:20px;--awb-spacing-left-large:1.92%;--awb-width-medium:100%;--awb-order-medium:0;--awb-spacing-right-medium:1.92%;--awb-spacing-left-medium:1.92%;--awb-width-small:100%;--awb-order-small:0;--awb-spacing-right-small:1.92%;--awb-spacing-left-small:1.92%;\"><div class=\"fusion-column-wrapper fusion-column-has-shadow fusion-flex-justify-content-flex-start fusion-content-layout-column\"><div class=\"fusion-text fusion-text-1\"><p>EIT Culture &amp; Creativity lanza The Next Renaissance. \u00c9ste es un movimiento global que une fuerzas en la creencia de que los sectores creativo y cultural, y especialmente la mezcla de conocimientos cient\u00edficos, tecnol\u00f3gicos, culturales y art\u00edsticos, pueden ser un motor catalizador para imaginar y realizar posibles futuros.<\/p>\n<p>Alineado con el esp\u00edritu The Next Renaissance, <strong>el 25 de octubre de 2023 las Jornadas Europeas de Cultura y Creatividad en Barcelona alojadas por Eurecat<\/strong> se centrar\u00e1n en los nuevos conceptos relacionados con la cultura digital y el humanismo digital se convierten en centrales en medio del r\u00e1pido desarrollo tecnolog\u00edas como la inteligencia artificial, la realidad aumentada, y otras, y su aplicaci\u00f3n en industrias culturales y creativas.<\/p>\n<p><strong>Acerca del EIT Culture &amp; Creativity<\/strong><\/p>\n<p>EIT Culture &amp; Creativity es una comunidad de conocimiento e innovaci\u00f3n apoyada por el Instituto Europeo de Innovaci\u00f3n y Tecnolog\u00eda (EIT), un organismo de la Uni\u00f3n Europea. El EIT Culture &amp; Creativity tiene 6 centros de coubicaci\u00f3n (CLC) en toda Europa para desarrollar distintos ecosistemas regionales.<\/p>\n<p>Eurecat es uno de los fundadores y anfitri\u00f3n del centro de coubicaci\u00f3n suroeste (CLC) de la EIT Culture &amp; Creativity. Este centro servir\u00e1 de nodo clave para conectar con los actores regionales del Tri\u00e1ngulo del Conocimiento en Espa\u00f1a, Portugal y el sur de Francia.<\/p>\n<p>En octubre de 2023, EIT Culture &amp; Creativity saldr\u00e1 al camino para reunirse con las partes interesadas de toda Europa. Los eventos tendr\u00e1n lugar en las seis ciudades que acogen los Centros de Coubicaci\u00f3n de Cultura y Creatividad (CLC) de la EIT: Amsterdam, Barcelona, Bolonia, Helsinki, Kosice y Viena.<\/p>\n<\/div><div style=\"text-align:center;\"><a class=\"fusion-button button-flat fusion-button-default-size button-default fusion-button-default button-1 fusion-button-default-span fusion-button-default-type\" target=\"_blank\" rel=\"noopener noreferrer\" href=\"https:\/\/eurecat.org\/en\/services\/eurecatevents\/european-culture-creativity-days-barcelona\/\"><span class=\"fusion-button-text awb-button__text awb-button__text--default\">Conoce m\u00e1s los European Culture &amp; Creativity Days<\/span><\/a><\/div><\/div><\/div><\/div><\/div>\n","protected":false},"excerpt":{"rendered":"","protected":false},"author":20,"featured_media":139163,"comment_status":"closed","ping_status":"closed","template":"","tags":[],"mec_category":[986],"class_list":["post-139164","mec-events","type-mec-events","status-publish","has-post-thumbnail","hentry","mec_category-actos-cientificos-tecnologicos"],"yoast_head":"<!-- This site is optimized with the Yoast SEO plugin v27.4 - https:\/\/yoast.com\/product\/yoast-seo-wordpress\/ -->\n<title>European Culture &amp; Creativity DaysEuropean Culture &amp; Creativity Days - Eurecat<\/title>\n<meta name=\"description\" content=\"Las Jornadas Europeas de Cultura y Creatividad en Barcelona alojadas por Eurecat se centrar\u00e1n en los nuevos conceptos relacionados con la cultura digital y el humanismo digital\" \/>\n<meta name=\"robots\" content=\"index, follow, max-snippet:-1, max-image-preview:large, max-video-preview:-1\" \/>\n<link rel=\"canonical\" href=\"https:\/\/eurecat.org\/es\/calendario\/european-culture-creativity-days\/\" \/>\n<meta property=\"og:locale\" content=\"es_ES\" \/>\n<meta property=\"og:type\" content=\"article\" \/>\n<meta property=\"og:title\" content=\"European Culture &amp; Creativity DaysEuropean Culture &amp; Creativity Days - Eurecat\" \/>\n<meta property=\"og:description\" content=\"Las Jornadas Europeas de Cultura y Creatividad en Barcelona alojadas por Eurecat se centrar\u00e1n en los nuevos conceptos relacionados con la cultura digital y el humanismo digital\" \/>\n<meta property=\"og:url\" content=\"https:\/\/eurecat.org\/es\/calendario\/european-culture-creativity-days\/\" \/>\n<meta property=\"og:site_name\" content=\"Eurecat\" \/>\n<meta property=\"article:modified_time\" content=\"2023-09-04T10:01:52+00:00\" \/>\n<meta property=\"og:image\" content=\"https:\/\/eurecat.org\/wp-content\/uploads\/2023\/09\/EuropeanCreativityDays.jpg\" \/>\n\t<meta property=\"og:image:width\" content=\"750\" \/>\n\t<meta property=\"og:image:height\" content=\"400\" \/>\n\t<meta property=\"og:image:type\" content=\"image\/jpeg\" \/>\n<meta name=\"twitter:card\" content=\"summary_large_image\" \/>\n<meta name=\"twitter:label1\" content=\"Tiempo de lectura\" \/>\n\t<meta name=\"twitter:data1\" content=\"4 minutos\" \/>\n<script type=\"application\/ld+json\" class=\"yoast-schema-graph\">{\"@context\":\"https:\\\/\\\/schema.org\",\"@graph\":[{\"@type\":\"WebPage\",\"@id\":\"https:\\\/\\\/eurecat.org\\\/es\\\/calendario\\\/european-culture-creativity-days\\\/\",\"url\":\"https:\\\/\\\/eurecat.org\\\/es\\\/calendario\\\/european-culture-creativity-days\\\/\",\"name\":\"European Culture & Creativity DaysEuropean Culture & Creativity Days - Eurecat\",\"isPartOf\":{\"@id\":\"https:\\\/\\\/eurecat.org\\\/es\\\/#website\"},\"primaryImageOfPage\":{\"@id\":\"https:\\\/\\\/eurecat.org\\\/es\\\/calendario\\\/european-culture-creativity-days\\\/#primaryimage\"},\"image\":{\"@id\":\"https:\\\/\\\/eurecat.org\\\/es\\\/calendario\\\/european-culture-creativity-days\\\/#primaryimage\"},\"thumbnailUrl\":\"https:\\\/\\\/eurecat.org\\\/wp-content\\\/uploads\\\/2023\\\/09\\\/EuropeanCreativityDays.jpg\",\"datePublished\":\"2023-09-04T09:56:14+00:00\",\"dateModified\":\"2023-09-04T10:01:52+00:00\",\"description\":\"Las Jornadas Europeas de Cultura y Creatividad en Barcelona alojadas por Eurecat se centrar\u00e1n en los nuevos conceptos relacionados con la cultura digital y el humanismo digital\",\"breadcrumb\":{\"@id\":\"https:\\\/\\\/eurecat.org\\\/es\\\/calendario\\\/european-culture-creativity-days\\\/#breadcrumb\"},\"inLanguage\":\"es\",\"potentialAction\":[{\"@type\":\"ReadAction\",\"target\":[\"https:\\\/\\\/eurecat.org\\\/es\\\/calendario\\\/european-culture-creativity-days\\\/\"]}]},{\"@type\":\"ImageObject\",\"inLanguage\":\"es\",\"@id\":\"https:\\\/\\\/eurecat.org\\\/es\\\/calendario\\\/european-culture-creativity-days\\\/#primaryimage\",\"url\":\"https:\\\/\\\/eurecat.org\\\/wp-content\\\/uploads\\\/2023\\\/09\\\/EuropeanCreativityDays.jpg\",\"contentUrl\":\"https:\\\/\\\/eurecat.org\\\/wp-content\\\/uploads\\\/2023\\\/09\\\/EuropeanCreativityDays.jpg\",\"width\":750,\"height\":400,\"caption\":\"European Culture & Creativity Days\"},{\"@type\":\"BreadcrumbList\",\"@id\":\"https:\\\/\\\/eurecat.org\\\/es\\\/calendario\\\/european-culture-creativity-days\\\/#breadcrumb\",\"itemListElement\":[{\"@type\":\"ListItem\",\"position\":1,\"name\":\"Inici\",\"item\":\"https:\\\/\\\/eurecat.org\\\/es\\\/\"},{\"@type\":\"ListItem\",\"position\":2,\"name\":\"Eventos\",\"item\":\"https:\\\/\\\/eurecat.org\\\/es\\\/calendario\\\/\"},{\"@type\":\"ListItem\",\"position\":3,\"name\":\"European Culture &#038; Creativity Days\"}]},{\"@type\":\"WebSite\",\"@id\":\"https:\\\/\\\/eurecat.org\\\/es\\\/#website\",\"url\":\"https:\\\/\\\/eurecat.org\\\/es\\\/\",\"name\":\"Eurecat\",\"description\":\"Otro sitio realizado con WordPress\",\"potentialAction\":[{\"@type\":\"SearchAction\",\"target\":{\"@type\":\"EntryPoint\",\"urlTemplate\":\"https:\\\/\\\/eurecat.org\\\/es\\\/?s={search_term_string}\"},\"query-input\":{\"@type\":\"PropertyValueSpecification\",\"valueRequired\":true,\"valueName\":\"search_term_string\"}}],\"inLanguage\":\"es\"}]}<\/script>\n<!-- \/ Yoast SEO plugin. -->","yoast_head_json":{"title":"European Culture & Creativity DaysEuropean Culture & Creativity Days - Eurecat","description":"Las Jornadas Europeas de Cultura y Creatividad en Barcelona alojadas por Eurecat se centrar\u00e1n en los nuevos conceptos relacionados con la cultura digital y el humanismo digital","robots":{"index":"index","follow":"follow","max-snippet":"max-snippet:-1","max-image-preview":"max-image-preview:large","max-video-preview":"max-video-preview:-1"},"canonical":"https:\/\/eurecat.org\/es\/calendario\/european-culture-creativity-days\/","og_locale":"es_ES","og_type":"article","og_title":"European Culture & Creativity DaysEuropean Culture & Creativity Days - Eurecat","og_description":"Las Jornadas Europeas de Cultura y Creatividad en Barcelona alojadas por Eurecat se centrar\u00e1n en los nuevos conceptos relacionados con la cultura digital y el humanismo digital","og_url":"https:\/\/eurecat.org\/es\/calendario\/european-culture-creativity-days\/","og_site_name":"Eurecat","article_modified_time":"2023-09-04T10:01:52+00:00","og_image":[{"width":750,"height":400,"url":"https:\/\/eurecat.org\/wp-content\/uploads\/2023\/09\/EuropeanCreativityDays.jpg","type":"image\/jpeg"}],"twitter_card":"summary_large_image","twitter_misc":{"Tiempo de lectura":"4 minutos"},"schema":{"@context":"https:\/\/schema.org","@graph":[{"@type":"WebPage","@id":"https:\/\/eurecat.org\/es\/calendario\/european-culture-creativity-days\/","url":"https:\/\/eurecat.org\/es\/calendario\/european-culture-creativity-days\/","name":"European Culture & Creativity DaysEuropean Culture & Creativity Days - Eurecat","isPartOf":{"@id":"https:\/\/eurecat.org\/es\/#website"},"primaryImageOfPage":{"@id":"https:\/\/eurecat.org\/es\/calendario\/european-culture-creativity-days\/#primaryimage"},"image":{"@id":"https:\/\/eurecat.org\/es\/calendario\/european-culture-creativity-days\/#primaryimage"},"thumbnailUrl":"https:\/\/eurecat.org\/wp-content\/uploads\/2023\/09\/EuropeanCreativityDays.jpg","datePublished":"2023-09-04T09:56:14+00:00","dateModified":"2023-09-04T10:01:52+00:00","description":"Las Jornadas Europeas de Cultura y Creatividad en Barcelona alojadas por Eurecat se centrar\u00e1n en los nuevos conceptos relacionados con la cultura digital y el humanismo digital","breadcrumb":{"@id":"https:\/\/eurecat.org\/es\/calendario\/european-culture-creativity-days\/#breadcrumb"},"inLanguage":"es","potentialAction":[{"@type":"ReadAction","target":["https:\/\/eurecat.org\/es\/calendario\/european-culture-creativity-days\/"]}]},{"@type":"ImageObject","inLanguage":"es","@id":"https:\/\/eurecat.org\/es\/calendario\/european-culture-creativity-days\/#primaryimage","url":"https:\/\/eurecat.org\/wp-content\/uploads\/2023\/09\/EuropeanCreativityDays.jpg","contentUrl":"https:\/\/eurecat.org\/wp-content\/uploads\/2023\/09\/EuropeanCreativityDays.jpg","width":750,"height":400,"caption":"European Culture & Creativity Days"},{"@type":"BreadcrumbList","@id":"https:\/\/eurecat.org\/es\/calendario\/european-culture-creativity-days\/#breadcrumb","itemListElement":[{"@type":"ListItem","position":1,"name":"Inici","item":"https:\/\/eurecat.org\/es\/"},{"@type":"ListItem","position":2,"name":"Eventos","item":"https:\/\/eurecat.org\/es\/calendario\/"},{"@type":"ListItem","position":3,"name":"European Culture &#038; Creativity Days"}]},{"@type":"WebSite","@id":"https:\/\/eurecat.org\/es\/#website","url":"https:\/\/eurecat.org\/es\/","name":"Eurecat","description":"Otro sitio realizado con WordPress","potentialAction":[{"@type":"SearchAction","target":{"@type":"EntryPoint","urlTemplate":"https:\/\/eurecat.org\/es\/?s={search_term_string}"},"query-input":{"@type":"PropertyValueSpecification","valueRequired":true,"valueName":"search_term_string"}}],"inLanguage":"es"}]}},"_links":{"self":[{"href":"https:\/\/eurecat.org\/es\/wp-json\/wp\/v2\/mec-events\/139164","targetHints":{"allow":["GET"]}}],"collection":[{"href":"https:\/\/eurecat.org\/es\/wp-json\/wp\/v2\/mec-events"}],"about":[{"href":"https:\/\/eurecat.org\/es\/wp-json\/wp\/v2\/types\/mec-events"}],"author":[{"embeddable":true,"href":"https:\/\/eurecat.org\/es\/wp-json\/wp\/v2\/users\/20"}],"replies":[{"embeddable":true,"href":"https:\/\/eurecat.org\/es\/wp-json\/wp\/v2\/comments?post=139164"}],"wp:featuredmedia":[{"embeddable":true,"href":"https:\/\/eurecat.org\/es\/wp-json\/wp\/v2\/media\/139163"}],"wp:attachment":[{"href":"https:\/\/eurecat.org\/es\/wp-json\/wp\/v2\/media?parent=139164"}],"wp:term":[{"taxonomy":"post_tag","embeddable":true,"href":"https:\/\/eurecat.org\/es\/wp-json\/wp\/v2\/tags?post=139164"},{"taxonomy":"mec_category","embeddable":true,"href":"https:\/\/eurecat.org\/es\/wp-json\/wp\/v2\/mec_category?post=139164"}],"curies":[{"name":"wp","href":"https:\/\/api.w.org\/{rel}","templated":true}]}}

<div class="fusion-fullwidth fullwidth-box fusion-builder-row-1 fusion-flex-container has-pattern-background has-mask-background nonhundred-percent-fullwidth non-hundred-percent-height-scrolling" style="--awb-border-radius-top-left:0px;--awb-border-radius-top-right:0px;--awb-border-radius-bottom-right:0px;--awb-border-radius-bottom-left:0px;--awb-flex-wrap:wrap;" ><div class="fusion-builder-row fusion-row fusion-flex-align-items-flex-start fusion-flex-content-wrap" style="max-width:1424.8px;margin-left: calc(-4% / 2 );margin-right: calc(-4% / 2 );"><div class="fusion-layout-column fusion_builder_column fusion-builder-column-0 fusion_builder_column_1_1 1_1 fusion-flex-column" style="--awb-bg-size:cover;--awb-width-large:100%;--awb-margin-top-large:0px;--awb-spacing-right-large:1.92%;--awb-margin-bottom-large:20px;--awb-spacing-left-large:1.92%;--awb-width-medium:100%;--awb-order-medium:0;--awb-spacing-right-medium:1.92%;--awb-spacing-left-medium:1.92%;--awb-width-small:100%;--awb-order-small:0;--awb-spacing-right-small:1.92%;--awb-spacing-left-small:1.92%;"><div class="fusion-column-wrapper fusion-column-has-shadow fusion-flex-justify-content-flex-start fusion-content-layout-column"><div class="fusion-text fusion-text-1"><p>EIT Culture &amp; Creativity lanza The Next Renaissance. Éste es un movimiento global que une fuerzas en la creencia de que los sectores creativo y cultural, y especialmente la mezcla de conocimientos científicos, tecnológicos, culturales y artísticos, pueden ser un motor catalizador para imaginar y realizar posibles futuros.</p>
<p>Alineado con el espíritu The Next Renaissance, <strong>el 25 de octubre de 2023 las Jornadas Europeas de Cultura y Creatividad en Barcelona alojadas por Eurecat</strong> se centrarán en los nuevos conceptos relacionados con la cultura digital y el humanismo digital se convierten en centrales en medio del rápido desarrollo tecnologías como la inteligencia artificial, la realidad aumentada, y otras, y su aplicación en industrias culturales y creativas.</p>
<p><strong>Acerca del EIT Culture &amp; Creativity</strong></p>
<p>EIT Culture &amp; Creativity es una comunidad de conocimiento e innovación apoyada por el Instituto Europeo de Innovación y Tecnología (EIT), un organismo de la Unión Europea. El EIT Culture &amp; Creativity tiene 6 centros de coubicación (CLC) en toda Europa para desarrollar distintos ecosistemas regionales.</p>
<p>Eurecat es uno de los fundadores y anfitrión del centro de coubicación suroeste (CLC) de la EIT Culture &amp; Creativity. Este centro servirá de nodo clave para conectar con los actores regionales del Triángulo del Conocimiento en España, Portugal y el sur de Francia.</p>
<p>En octubre de 2023, EIT Culture &amp; Creativity saldrá al camino para reunirse con las partes interesadas de toda Europa. Los eventos tendrán lugar en las seis ciudades que acogen los Centros de Coubicación de Cultura y Creatividad (CLC) de la EIT: Amsterdam, Barcelona, Bolonia, Helsinki, Kosice y Viena.</p>
</div><div style="text-align:center;"><a class="fusion-button button-flat fusion-button-default-size button-default fusion-button-default button-1 fusion-button-default-span fusion-button-default-type" target="_blank" rel="noopener noreferrer" href="https://eurecat.org/en/services/eurecatevents/european-culture-creativity-days-barcelona/"><span class="fusion-button-text awb-button__text awb-button__text--default">Conoce más los European Culture &amp; Creativity Days</span></a></div></div></div></div></div>

<!-- This site is optimized with the Yoast SEO plugin v27.4 - https://yoast.com/product/yoast-seo-wordpress/ -->
<title>European Culture &amp; Creativity DaysEuropean Culture &amp; Creativity Days - Eurecat</title>
<meta name="description" content="Las Jornadas Europeas de Cultura y Creatividad en Barcelona alojadas por Eurecat se centrarán en los nuevos conceptos relacionados con la cultura digital y el humanismo digital" />
<meta name="robots" content="index, follow, max-snippet:-1, max-image-preview:large, max-video-preview:-1" />
<link rel="canonical" href="https://eurecat.org/es/calendario/european-culture-creativity-days/" />
<meta property="og:locale" content="es_ES" />
<meta property="og:type" content="article" />
<meta property="og:title" content="European Culture &amp; Creativity DaysEuropean Culture &amp; Creativity Days - Eurecat" />
<meta property="og:description" content="Las Jornadas Europeas de Cultura y Creatividad en Barcelona alojadas por Eurecat se centrarán en los nuevos conceptos relacionados con la cultura digital y el humanismo digital" />
<meta property="og:url" content="https://eurecat.org/es/calendario/european-culture-creativity-days/" />
<meta property="og:site_name" content="Eurecat" />
<meta property="article:modified_time" content="2023-09-04T10:01:52+00:00" />
<meta property="og:image" content="https://eurecat.org/wp-content/uploads/2023/09/EuropeanCreativityDays.jpg" />
	<meta property="og:image:width" content="750" />
	<meta property="og:image:height" content="400" />
	<meta property="og:image:type" content="image/jpeg" />
<meta name="twitter:card" content="summary_large_image" />
<meta name="twitter:label1" content="Tiempo de lectura" />
	<meta name="twitter:data1" content="4 minutos" />
<script type="application/ld+json" class="yoast-schema-graph">{"@context":"https:\/\/schema.org","@graph":[{"@type":"WebPage","@id":"https:\/\/eurecat.org\/es\/calendario\/european-culture-creativity-days\/","url":"https:\/\/eurecat.org\/es\/calendario\/european-culture-creativity-days\/","name":"European Culture & Creativity DaysEuropean Culture & Creativity Days - Eurecat","isPartOf":{"@id":"https:\/\/eurecat.org\/es\/#website"},"primaryImageOfPage":{"@id":"https:\/\/eurecat.org\/es\/calendario\/european-culture-creativity-days\/#primaryimage"},"image":{"@id":"https:\/\/eurecat.org\/es\/calendario\/european-culture-creativity-days\/#primaryimage"},"thumbnailUrl":"https:\/\/eurecat.org\/wp-content\/uploads\/2023\/09\/EuropeanCreativityDays.jpg","datePublished":"2023-09-04T09:56:14+00:00","dateModified":"2023-09-04T10:01:52+00:00","description":"Las Jornadas Europeas de Cultura y Creatividad en Barcelona alojadas por Eurecat se centrarán en los nuevos conceptos relacionados con la cultura digital y el humanismo digital","breadcrumb":{"@id":"https:\/\/eurecat.org\/es\/calendario\/european-culture-creativity-days\/#breadcrumb"},"inLanguage":"es","potentialAction":[{"@type":"ReadAction","target":["https:\/\/eurecat.org\/es\/calendario\/european-culture-creativity-days\/"]}]},{"@type":"ImageObject","inLanguage":"es","@id":"https:\/\/eurecat.org\/es\/calendario\/european-culture-creativity-days\/#primaryimage","url":"https:\/\/eurecat.org\/wp-content\/uploads\/2023\/09\/EuropeanCreativityDays.jpg","contentUrl":"https:\/\/eurecat.org\/wp-content\/uploads\/2023\/09\/EuropeanCreativityDays.jpg","width":750,"height":400,"caption":"European Culture & Creativity Days"},{"@type":"BreadcrumbList","@id":"https:\/\/eurecat.org\/es\/calendario\/european-culture-creativity-days\/#breadcrumb","itemListElement":[{"@type":"ListItem","position":1,"name":"Inici","item":"https:\/\/eurecat.org\/es\/"},{"@type":"ListItem","position":2,"name":"Eventos","item":"https:\/\/eurecat.org\/es\/calendario\/"},{"@type":"ListItem","position":3,"name":"European Culture &#038; Creativity Days"}]},{"@type":"WebSite","@id":"https:\/\/eurecat.org\/es\/#website","url":"https:\/\/eurecat.org\/es\/","name":"Eurecat","description":"Otro sitio realizado con WordPress","potentialAction":[{"@type":"SearchAction","target":{"@type":"EntryPoint","urlTemplate":"https:\/\/eurecat.org\/es\/?s={search_term_string}"},"query-input":{"@type":"PropertyValueSpecification","valueRequired":true,"valueName":"search_term_string"}}],"inLanguage":"es"}]}</script>
<!-- / Yoast SEO plugin. -->

Las Jornadas Europeas de Cultura y Creatividad en Barcelona alojadas por Eurecat se centrarán en los nuevos conceptos relacionados con la cultura digital y el humanismo digital
