{"id":139974,"date":"2023-09-15T12:55:27","date_gmt":"2023-09-15T10:55:27","guid":{"rendered":"https:\/\/eurecat.org\/calendar\/tex-tech-donant-forma-futur-textil\/"},"modified":"2023-09-18T09:55:40","modified_gmt":"2023-09-18T07:55:40","slug":"tex-tech-donant-forma-futur-textil","status":"publish","type":"mec-events","link":"https:\/\/eurecat.org\/es\/calendario\/tex-tech-donant-forma-futur-textil\/","title":{"rendered":"Jornada TEX &#038; TECH by Reimagine Textile,  la jornada de innovaci\u00f3n del sector textil catal\u00e1n"},"content":{"rendered":"<div class=\"fusion-fullwidth fullwidth-box fusion-builder-row-1 fusion-flex-container nonhundred-percent-fullwidth non-hundred-percent-height-scrolling\" style=\"--awb-border-radius-top-left:0px;--awb-border-radius-top-right:0px;--awb-border-radius-bottom-right:0px;--awb-border-radius-bottom-left:0px;--awb-flex-wrap:wrap;\" ><div class=\"fusion-builder-row fusion-row fusion-flex-align-items-flex-start fusion-flex-content-wrap\" style=\"max-width:1424.8px;margin-left: calc(-4% \/ 2 );margin-right: calc(-4% \/ 2 );\"><div class=\"fusion-layout-column fusion_builder_column fusion-builder-column-0 fusion_builder_column_1_1 1_1 fusion-flex-column\" style=\"--awb-bg-size:cover;--awb-width-large:100%;--awb-margin-top-large:0px;--awb-spacing-right-large:1.92%;--awb-margin-bottom-large:0px;--awb-spacing-left-large:1.92%;--awb-width-medium:100%;--awb-spacing-right-medium:1.92%;--awb-spacing-left-medium:1.92%;--awb-width-small:100%;--awb-spacing-right-small:1.92%;--awb-spacing-left-small:1.92%;\"><div class=\"fusion-column-wrapper fusion-flex-justify-content-flex-start fusion-content-layout-column\"><div class=\"fusion-text fusion-text-1\"><p>El pr\u00f3ximo 18 de octubre no te pierdas la sesi\u00f3n \u00ab<strong>TEX&amp;TECH by Reimagine Textile, la jornada de innovaci\u00f3n del sector textil catal\u00e1n<\/strong>\u00bb organizada por el Ayuntamiento de Matar\u00f3, el Tecnocampus y Eurecat, col\u00edderes del programa <a href=\"https:\/\/eurecat.org\/es\/eurecat\/centres-excellencia\/reimagine-textile\/\" target=\"_blank\" rel=\"noopener\">Reimagine Textile<\/a>.<\/p>\n<p>Esta jornada es una oportunidad \u00fanica para explorar el impacto que est\u00e1 teniendo la inteligencia artificial en la industria textil y descubrir cu\u00e1les son las tendencias que empiezan a dibujarse. Tambi\u00e9n permitir\u00e1 conectar con expertos y empresas l\u00edderes en este sector y descubrir nuevas propuestas de mano de los finalistas de los Premios Reimagine Textile 2023.<\/p>\n<\/div><div style=\"text-align:center;\"><a class=\"fusion-button button-flat fusion-button-default-size button-default fusion-button-default button-1 fusion-button-default-span fusion-button-default-type\" target=\"_blank\" rel=\"noopener noreferrer\" href=\"https:\/\/reimaginetextile.com\/tex-tech-donant-forma-futur-textil\/\"><span class=\"fusion-button-text awb-button__text awb-button__text--default\">M\u00e1s informaci\u00f3n e inscripciones<\/span><\/a><\/div><div class=\"fusion-text fusion-text-2\"><\/div><\/div><\/div><\/div><\/div>\n","protected":false},"excerpt":{"rendered":"","protected":false},"author":23,"featured_media":139999,"comment_status":"closed","ping_status":"closed","template":"","tags":[],"mec_category":[986,1006],"class_list":["post-139974","mec-events","type-mec-events","status-publish","has-post-thumbnail","hentry","mec_category-actos-cientificos-tecnologicos","mec_category-actes-institucionals-de-lentitat-es-2"],"yoast_head":"<!-- This site is optimized with the Yoast SEO plugin v27.4 - https:\/\/yoast.com\/product\/yoast-seo-wordpress\/ -->\n<title>Tex &amp; Tech: Donant forma al futur del t\u00e8xtil<\/title>\n<meta name=\"description\" content=\"Durant la sessi\u00f3 &quot;Tex &amp; Tech: Donant forma al futur del t\u00e8xtil&quot; es veuran les oportunitats que la IA ofereix a la ind\u00fastria del t\u00e8xtil, exemples de casos d&#039;\u00e8xit i es lliuraran els Premis Reimagine Textile.\" \/>\n<meta name=\"robots\" content=\"index, follow, max-snippet:-1, max-image-preview:large, max-video-preview:-1\" \/>\n<link rel=\"canonical\" href=\"https:\/\/eurecat.org\/es\/calendario\/tex-tech-donant-forma-futur-textil\/\" \/>\n<meta property=\"og:locale\" content=\"es_ES\" \/>\n<meta property=\"og:type\" content=\"article\" \/>\n<meta property=\"og:title\" content=\"Tex &amp; Tech: Donant forma al futur del t\u00e8xtil\" \/>\n<meta property=\"og:description\" content=\"Durant la sessi\u00f3 &quot;Tex &amp; Tech: Donant forma al futur del t\u00e8xtil&quot; es veuran les oportunitats que la IA ofereix a la ind\u00fastria del t\u00e8xtil, exemples de casos d&#039;\u00e8xit i es lliuraran els Premis Reimagine Textile.\" \/>\n<meta property=\"og:url\" content=\"https:\/\/eurecat.org\/es\/calendario\/tex-tech-donant-forma-futur-textil\/\" \/>\n<meta property=\"og:site_name\" content=\"Eurecat\" \/>\n<meta property=\"article:modified_time\" content=\"2023-09-18T07:55:40+00:00\" \/>\n<meta property=\"og:image\" content=\"https:\/\/eurecat.org\/wp-content\/uploads\/2023\/09\/AGENDA_TexTech-2.jpg\" \/>\n\t<meta property=\"og:image:width\" content=\"750\" \/>\n\t<meta property=\"og:image:height\" content=\"400\" \/>\n\t<meta property=\"og:image:type\" content=\"image\/jpeg\" \/>\n<meta name=\"twitter:card\" content=\"summary_large_image\" \/>\n<meta name=\"twitter:label1\" content=\"Tiempo de lectura\" \/>\n\t<meta name=\"twitter:data1\" content=\"2 minutos\" \/>\n<script type=\"application\/ld+json\" class=\"yoast-schema-graph\">{\"@context\":\"https:\\\/\\\/schema.org\",\"@graph\":[{\"@type\":\"WebPage\",\"@id\":\"https:\\\/\\\/eurecat.org\\\/es\\\/calendario\\\/tex-tech-donant-forma-futur-textil\\\/\",\"url\":\"https:\\\/\\\/eurecat.org\\\/es\\\/calendario\\\/tex-tech-donant-forma-futur-textil\\\/\",\"name\":\"Tex & Tech: Donant forma al futur del t\u00e8xtil\",\"isPartOf\":{\"@id\":\"https:\\\/\\\/eurecat.org\\\/es\\\/#website\"},\"primaryImageOfPage\":{\"@id\":\"https:\\\/\\\/eurecat.org\\\/es\\\/calendario\\\/tex-tech-donant-forma-futur-textil\\\/#primaryimage\"},\"image\":{\"@id\":\"https:\\\/\\\/eurecat.org\\\/es\\\/calendario\\\/tex-tech-donant-forma-futur-textil\\\/#primaryimage\"},\"thumbnailUrl\":\"https:\\\/\\\/eurecat.org\\\/wp-content\\\/uploads\\\/2023\\\/09\\\/AGENDA_TexTech-2.jpg\",\"datePublished\":\"2023-09-15T10:55:27+00:00\",\"dateModified\":\"2023-09-18T07:55:40+00:00\",\"description\":\"Durant la sessi\u00f3 \\\"Tex & Tech: Donant forma al futur del t\u00e8xtil\\\" es veuran les oportunitats que la IA ofereix a la ind\u00fastria del t\u00e8xtil, exemples de casos d'\u00e8xit i es lliuraran els Premis Reimagine Textile.\",\"breadcrumb\":{\"@id\":\"https:\\\/\\\/eurecat.org\\\/es\\\/calendario\\\/tex-tech-donant-forma-futur-textil\\\/#breadcrumb\"},\"inLanguage\":\"es\",\"potentialAction\":[{\"@type\":\"ReadAction\",\"target\":[\"https:\\\/\\\/eurecat.org\\\/es\\\/calendario\\\/tex-tech-donant-forma-futur-textil\\\/\"]}]},{\"@type\":\"ImageObject\",\"inLanguage\":\"es\",\"@id\":\"https:\\\/\\\/eurecat.org\\\/es\\\/calendario\\\/tex-tech-donant-forma-futur-textil\\\/#primaryimage\",\"url\":\"https:\\\/\\\/eurecat.org\\\/wp-content\\\/uploads\\\/2023\\\/09\\\/AGENDA_TexTech-2.jpg\",\"contentUrl\":\"https:\\\/\\\/eurecat.org\\\/wp-content\\\/uploads\\\/2023\\\/09\\\/AGENDA_TexTech-2.jpg\",\"width\":750,\"height\":400,\"caption\":\"Tex & Tech by Reimagine Textile\"},{\"@type\":\"BreadcrumbList\",\"@id\":\"https:\\\/\\\/eurecat.org\\\/es\\\/calendario\\\/tex-tech-donant-forma-futur-textil\\\/#breadcrumb\",\"itemListElement\":[{\"@type\":\"ListItem\",\"position\":1,\"name\":\"Inici\",\"item\":\"https:\\\/\\\/eurecat.org\\\/es\\\/\"},{\"@type\":\"ListItem\",\"position\":2,\"name\":\"Eventos\",\"item\":\"https:\\\/\\\/eurecat.org\\\/es\\\/calendario\\\/\"},{\"@type\":\"ListItem\",\"position\":3,\"name\":\"Jornada TEX &#038; TECH by Reimagine Textile, la jornada de innovaci\u00f3n del sector textil catal\u00e1n\"}]},{\"@type\":\"WebSite\",\"@id\":\"https:\\\/\\\/eurecat.org\\\/es\\\/#website\",\"url\":\"https:\\\/\\\/eurecat.org\\\/es\\\/\",\"name\":\"Eurecat\",\"description\":\"Otro sitio realizado con WordPress\",\"potentialAction\":[{\"@type\":\"SearchAction\",\"target\":{\"@type\":\"EntryPoint\",\"urlTemplate\":\"https:\\\/\\\/eurecat.org\\\/es\\\/?s={search_term_string}\"},\"query-input\":{\"@type\":\"PropertyValueSpecification\",\"valueRequired\":true,\"valueName\":\"search_term_string\"}}],\"inLanguage\":\"es\"}]}<\/script>\n<!-- \/ Yoast SEO plugin. -->","yoast_head_json":{"title":"Tex & Tech: Donant forma al futur del t\u00e8xtil","description":"Durant la sessi\u00f3 \"Tex & Tech: Donant forma al futur del t\u00e8xtil\" es veuran les oportunitats que la IA ofereix a la ind\u00fastria del t\u00e8xtil, exemples de casos d'\u00e8xit i es lliuraran els Premis Reimagine Textile.","robots":{"index":"index","follow":"follow","max-snippet":"max-snippet:-1","max-image-preview":"max-image-preview:large","max-video-preview":"max-video-preview:-1"},"canonical":"https:\/\/eurecat.org\/es\/calendario\/tex-tech-donant-forma-futur-textil\/","og_locale":"es_ES","og_type":"article","og_title":"Tex & Tech: Donant forma al futur del t\u00e8xtil","og_description":"Durant la sessi\u00f3 \"Tex & Tech: Donant forma al futur del t\u00e8xtil\" es veuran les oportunitats que la IA ofereix a la ind\u00fastria del t\u00e8xtil, exemples de casos d'\u00e8xit i es lliuraran els Premis Reimagine Textile.","og_url":"https:\/\/eurecat.org\/es\/calendario\/tex-tech-donant-forma-futur-textil\/","og_site_name":"Eurecat","article_modified_time":"2023-09-18T07:55:40+00:00","og_image":[{"width":750,"height":400,"url":"https:\/\/eurecat.org\/wp-content\/uploads\/2023\/09\/AGENDA_TexTech-2.jpg","type":"image\/jpeg"}],"twitter_card":"summary_large_image","twitter_misc":{"Tiempo de lectura":"2 minutos"},"schema":{"@context":"https:\/\/schema.org","@graph":[{"@type":"WebPage","@id":"https:\/\/eurecat.org\/es\/calendario\/tex-tech-donant-forma-futur-textil\/","url":"https:\/\/eurecat.org\/es\/calendario\/tex-tech-donant-forma-futur-textil\/","name":"Tex & Tech: Donant forma al futur del t\u00e8xtil","isPartOf":{"@id":"https:\/\/eurecat.org\/es\/#website"},"primaryImageOfPage":{"@id":"https:\/\/eurecat.org\/es\/calendario\/tex-tech-donant-forma-futur-textil\/#primaryimage"},"image":{"@id":"https:\/\/eurecat.org\/es\/calendario\/tex-tech-donant-forma-futur-textil\/#primaryimage"},"thumbnailUrl":"https:\/\/eurecat.org\/wp-content\/uploads\/2023\/09\/AGENDA_TexTech-2.jpg","datePublished":"2023-09-15T10:55:27+00:00","dateModified":"2023-09-18T07:55:40+00:00","description":"Durant la sessi\u00f3 \"Tex & Tech: Donant forma al futur del t\u00e8xtil\" es veuran les oportunitats que la IA ofereix a la ind\u00fastria del t\u00e8xtil, exemples de casos d'\u00e8xit i es lliuraran els Premis Reimagine Textile.","breadcrumb":{"@id":"https:\/\/eurecat.org\/es\/calendario\/tex-tech-donant-forma-futur-textil\/#breadcrumb"},"inLanguage":"es","potentialAction":[{"@type":"ReadAction","target":["https:\/\/eurecat.org\/es\/calendario\/tex-tech-donant-forma-futur-textil\/"]}]},{"@type":"ImageObject","inLanguage":"es","@id":"https:\/\/eurecat.org\/es\/calendario\/tex-tech-donant-forma-futur-textil\/#primaryimage","url":"https:\/\/eurecat.org\/wp-content\/uploads\/2023\/09\/AGENDA_TexTech-2.jpg","contentUrl":"https:\/\/eurecat.org\/wp-content\/uploads\/2023\/09\/AGENDA_TexTech-2.jpg","width":750,"height":400,"caption":"Tex & Tech by Reimagine Textile"},{"@type":"BreadcrumbList","@id":"https:\/\/eurecat.org\/es\/calendario\/tex-tech-donant-forma-futur-textil\/#breadcrumb","itemListElement":[{"@type":"ListItem","position":1,"name":"Inici","item":"https:\/\/eurecat.org\/es\/"},{"@type":"ListItem","position":2,"name":"Eventos","item":"https:\/\/eurecat.org\/es\/calendario\/"},{"@type":"ListItem","position":3,"name":"Jornada TEX &#038; TECH by Reimagine Textile, la jornada de innovaci\u00f3n del sector textil catal\u00e1n"}]},{"@type":"WebSite","@id":"https:\/\/eurecat.org\/es\/#website","url":"https:\/\/eurecat.org\/es\/","name":"Eurecat","description":"Otro sitio realizado con WordPress","potentialAction":[{"@type":"SearchAction","target":{"@type":"EntryPoint","urlTemplate":"https:\/\/eurecat.org\/es\/?s={search_term_string}"},"query-input":{"@type":"PropertyValueSpecification","valueRequired":true,"valueName":"search_term_string"}}],"inLanguage":"es"}]}},"_links":{"self":[{"href":"https:\/\/eurecat.org\/es\/wp-json\/wp\/v2\/mec-events\/139974","targetHints":{"allow":["GET"]}}],"collection":[{"href":"https:\/\/eurecat.org\/es\/wp-json\/wp\/v2\/mec-events"}],"about":[{"href":"https:\/\/eurecat.org\/es\/wp-json\/wp\/v2\/types\/mec-events"}],"author":[{"embeddable":true,"href":"https:\/\/eurecat.org\/es\/wp-json\/wp\/v2\/users\/23"}],"replies":[{"embeddable":true,"href":"https:\/\/eurecat.org\/es\/wp-json\/wp\/v2\/comments?post=139974"}],"wp:featuredmedia":[{"embeddable":true,"href":"https:\/\/eurecat.org\/es\/wp-json\/wp\/v2\/media\/139999"}],"wp:attachment":[{"href":"https:\/\/eurecat.org\/es\/wp-json\/wp\/v2\/media?parent=139974"}],"wp:term":[{"taxonomy":"post_tag","embeddable":true,"href":"https:\/\/eurecat.org\/es\/wp-json\/wp\/v2\/tags?post=139974"},{"taxonomy":"mec_category","embeddable":true,"href":"https:\/\/eurecat.org\/es\/wp-json\/wp\/v2\/mec_category?post=139974"}],"curies":[{"name":"wp","href":"https:\/\/api.w.org\/{rel}","templated":true}]}}

Jornada TEX &#038; TECH by Reimagine Textile,  la jornada de innovación del sector textil catalán

<div class="fusion-fullwidth fullwidth-box fusion-builder-row-1 fusion-flex-container nonhundred-percent-fullwidth non-hundred-percent-height-scrolling" style="--awb-border-radius-top-left:0px;--awb-border-radius-top-right:0px;--awb-border-radius-bottom-right:0px;--awb-border-radius-bottom-left:0px;--awb-flex-wrap:wrap;" ><div class="fusion-builder-row fusion-row fusion-flex-align-items-flex-start fusion-flex-content-wrap" style="max-width:1424.8px;margin-left: calc(-4% / 2 );margin-right: calc(-4% / 2 );"><div class="fusion-layout-column fusion_builder_column fusion-builder-column-0 fusion_builder_column_1_1 1_1 fusion-flex-column" style="--awb-bg-size:cover;--awb-width-large:100%;--awb-margin-top-large:0px;--awb-spacing-right-large:1.92%;--awb-margin-bottom-large:0px;--awb-spacing-left-large:1.92%;--awb-width-medium:100%;--awb-spacing-right-medium:1.92%;--awb-spacing-left-medium:1.92%;--awb-width-small:100%;--awb-spacing-right-small:1.92%;--awb-spacing-left-small:1.92%;"><div class="fusion-column-wrapper fusion-flex-justify-content-flex-start fusion-content-layout-column"><div class="fusion-text fusion-text-1"><p>El próximo 18 de octubre no te pierdas la sesión «<strong>TEX&amp;TECH by Reimagine Textile, la jornada de innovación del sector textil catalán</strong>» organizada por el Ayuntamiento de Mataró, el Tecnocampus y Eurecat, colíderes del programa <a href="https://eurecat.org/es/eurecat/centres-excellencia/reimagine-textile/" target="_blank" rel="noopener">Reimagine Textile</a>.</p>
<p>Esta jornada es una oportunidad única para explorar el impacto que está teniendo la inteligencia artificial en la industria textil y descubrir cuáles son las tendencias que empiezan a dibujarse. También permitirá conectar con expertos y empresas líderes en este sector y descubrir nuevas propuestas de mano de los finalistas de los Premios Reimagine Textile 2023.</p>
</div><div style="text-align:center;"><a class="fusion-button button-flat fusion-button-default-size button-default fusion-button-default button-1 fusion-button-default-span fusion-button-default-type" target="_blank" rel="noopener noreferrer" href="https://reimaginetextile.com/tex-tech-donant-forma-futur-textil/"><span class="fusion-button-text awb-button__text awb-button__text--default">Más información e inscripciones</span></a></div><div class="fusion-text fusion-text-2"></div></div></div></div></div>

<!-- This site is optimized with the Yoast SEO plugin v27.4 - https://yoast.com/product/yoast-seo-wordpress/ -->
<title>Tex &amp; Tech: Donant forma al futur del tèxtil</title>
<meta name="description" content="Durant la sessió &quot;Tex &amp; Tech: Donant forma al futur del tèxtil&quot; es veuran les oportunitats que la IA ofereix a la indústria del tèxtil, exemples de casos d&#039;èxit i es lliuraran els Premis Reimagine Textile." />
<meta name="robots" content="index, follow, max-snippet:-1, max-image-preview:large, max-video-preview:-1" />
<link rel="canonical" href="https://eurecat.org/es/calendario/tex-tech-donant-forma-futur-textil/" />
<meta property="og:locale" content="es_ES" />
<meta property="og:type" content="article" />
<meta property="og:title" content="Tex &amp; Tech: Donant forma al futur del tèxtil" />
<meta property="og:description" content="Durant la sessió &quot;Tex &amp; Tech: Donant forma al futur del tèxtil&quot; es veuran les oportunitats que la IA ofereix a la indústria del tèxtil, exemples de casos d&#039;èxit i es lliuraran els Premis Reimagine Textile." />
<meta property="og:url" content="https://eurecat.org/es/calendario/tex-tech-donant-forma-futur-textil/" />
<meta property="og:site_name" content="Eurecat" />
<meta property="article:modified_time" content="2023-09-18T07:55:40+00:00" />
<meta property="og:image" content="https://eurecat.org/wp-content/uploads/2023/09/AGENDA_TexTech-2.jpg" />
	<meta property="og:image:width" content="750" />
	<meta property="og:image:height" content="400" />
	<meta property="og:image:type" content="image/jpeg" />
<meta name="twitter:card" content="summary_large_image" />
<meta name="twitter:label1" content="Tiempo de lectura" />
	<meta name="twitter:data1" content="2 minutos" />
<script type="application/ld+json" class="yoast-schema-graph">{"@context":"https:\/\/schema.org","@graph":[{"@type":"WebPage","@id":"https:\/\/eurecat.org\/es\/calendario\/tex-tech-donant-forma-futur-textil\/","url":"https:\/\/eurecat.org\/es\/calendario\/tex-tech-donant-forma-futur-textil\/","name":"Tex & Tech: Donant forma al futur del tèxtil","isPartOf":{"@id":"https:\/\/eurecat.org\/es\/#website"},"primaryImageOfPage":{"@id":"https:\/\/eurecat.org\/es\/calendario\/tex-tech-donant-forma-futur-textil\/#primaryimage"},"image":{"@id":"https:\/\/eurecat.org\/es\/calendario\/tex-tech-donant-forma-futur-textil\/#primaryimage"},"thumbnailUrl":"https:\/\/eurecat.org\/wp-content\/uploads\/2023\/09\/AGENDA_TexTech-2.jpg","datePublished":"2023-09-15T10:55:27+00:00","dateModified":"2023-09-18T07:55:40+00:00","description":"Durant la sessió \"Tex & Tech: Donant forma al futur del tèxtil\" es veuran les oportunitats que la IA ofereix a la indústria del tèxtil, exemples de casos d'èxit i es lliuraran els Premis Reimagine Textile.","breadcrumb":{"@id":"https:\/\/eurecat.org\/es\/calendario\/tex-tech-donant-forma-futur-textil\/#breadcrumb"},"inLanguage":"es","potentialAction":[{"@type":"ReadAction","target":["https:\/\/eurecat.org\/es\/calendario\/tex-tech-donant-forma-futur-textil\/"]}]},{"@type":"ImageObject","inLanguage":"es","@id":"https:\/\/eurecat.org\/es\/calendario\/tex-tech-donant-forma-futur-textil\/#primaryimage","url":"https:\/\/eurecat.org\/wp-content\/uploads\/2023\/09\/AGENDA_TexTech-2.jpg","contentUrl":"https:\/\/eurecat.org\/wp-content\/uploads\/2023\/09\/AGENDA_TexTech-2.jpg","width":750,"height":400,"caption":"Tex & Tech by Reimagine Textile"},{"@type":"BreadcrumbList","@id":"https:\/\/eurecat.org\/es\/calendario\/tex-tech-donant-forma-futur-textil\/#breadcrumb","itemListElement":[{"@type":"ListItem","position":1,"name":"Inici","item":"https:\/\/eurecat.org\/es\/"},{"@type":"ListItem","position":2,"name":"Eventos","item":"https:\/\/eurecat.org\/es\/calendario\/"},{"@type":"ListItem","position":3,"name":"Jornada TEX &#038; TECH by Reimagine Textile, la jornada de innovación del sector textil catalán"}]},{"@type":"WebSite","@id":"https:\/\/eurecat.org\/es\/#website","url":"https:\/\/eurecat.org\/es\/","name":"Eurecat","description":"Otro sitio realizado con WordPress","potentialAction":[{"@type":"SearchAction","target":{"@type":"EntryPoint","urlTemplate":"https:\/\/eurecat.org\/es\/?s={search_term_string}"},"query-input":{"@type":"PropertyValueSpecification","valueRequired":true,"valueName":"search_term_string"}}],"inLanguage":"es"}]}</script>
<!-- / Yoast SEO plugin. -->

Tex & Tech: Donant forma al futur del tèxtil

Durant la sessió "Tex & Tech: Donant forma al futur del tèxtil" es veuran les oportunitats que la IA ofereix a la indústria del tèxtil, exemples de casos d'èxit i es lliuraran els Premis Reimagine Textile.

Jornada TEX &#038; TECH by Reimagine Textile, la jornada de innovación del sector textil catalán
