{"id":141085,"date":"2023-10-06T09:39:53","date_gmt":"2023-10-06T07:39:53","guid":{"rendered":"https:\/\/eurecat.org\/?post_type=mec-events&#038;p=141085"},"modified":"2023-10-06T09:48:44","modified_gmt":"2023-10-06T07:48:44","slug":"exproreus-2023","status":"publish","type":"mec-events","link":"https:\/\/eurecat.org\/es\/calendario\/exproreus-2023\/","title":{"rendered":"EXPROREUS 2023"},"content":{"rendered":"<div class=\"fusion-fullwidth fullwidth-box fusion-builder-row-1 fusion-flex-container has-pattern-background has-mask-background nonhundred-percent-fullwidth non-hundred-percent-height-scrolling\" style=\"--awb-border-radius-top-left:0px;--awb-border-radius-top-right:0px;--awb-border-radius-bottom-right:0px;--awb-border-radius-bottom-left:0px;--awb-flex-wrap:wrap;\" ><div class=\"fusion-builder-row fusion-row fusion-flex-align-items-flex-start fusion-flex-content-wrap\" style=\"max-width:1424.8px;margin-left: calc(-4% \/ 2 );margin-right: calc(-4% \/ 2 );\"><div class=\"fusion-layout-column fusion_builder_column fusion-builder-column-0 fusion_builder_column_1_1 1_1 fusion-flex-column\" style=\"--awb-bg-size:cover;--awb-width-large:100%;--awb-margin-top-large:0px;--awb-spacing-right-large:1.92%;--awb-margin-bottom-large:20px;--awb-spacing-left-large:1.92%;--awb-width-medium:100%;--awb-order-medium:0;--awb-spacing-right-medium:1.92%;--awb-spacing-left-medium:1.92%;--awb-width-small:100%;--awb-order-small:0;--awb-spacing-right-small:1.92%;--awb-spacing-left-small:1.92%;\"><div class=\"fusion-column-wrapper fusion-column-has-shadow fusion-flex-justify-content-flex-start fusion-content-layout-column\"><div class=\"fusion-text fusion-text-1\"><p><strong>Eurecat participa en la feria EXPROREUS 2023<\/strong> que tendr\u00e1 lugar en feria de Reus <strong>del 11 al 15 de octubre.<\/strong><\/p>\n<p>En esta ocasi\u00f3n, <strong>Eurecat estar\u00e1 presente en el stand del Hub Food Tech and Nutrition<\/strong> (Redessa \u2013 Ayuntamiento de Reus) donde haremos difusi\u00f3n de los proyectos en curso y de los <a href=\"https:\/\/eurecat.org\/ambits-de-coneixement\/nutricio-i-salut\/estudis\/\" target=\"_blank\" rel=\"noopener\"><strong>estudios cl\u00ednicos que se est\u00e1n realizando actualmente desde el centro<\/strong><\/a>.<\/p>\n<p>El v<strong>iernes 15, a las 18:00 h.<\/strong> realizaremos la <strong>ponencia <em>\u201cPromoci\u00f3n de H\u00e1bitos Diet\u00e9ticos Saludables: Familias &amp; Dieta Mediterr\u00e1nea. Proyectos MED4YOUTH y SWITCHTOHEALTHY\u201d<\/em><\/strong> de la mano de <strong>Lorena Calder\u00f3n<\/strong>, investigadora de Estudios cl\u00ednicos de la Unidad de Nutrici\u00f3n y Salud de Eurecat.<\/p>\n<p><strong>Sobre EXPROREUS 2023<\/strong><\/p>\n<p>Las instalaciones de firaReus acoger\u00e1n a empresas, fabricantes y distribuidores con una amplia oferta de novedades y productos del territorio.<\/p>\n<p>Este a\u00f1o, ExproReus mantendr\u00e1 los espacios dedicados a grandes \u00e1reas tem\u00e1ticas como son la automoci\u00f3n, menaje del hogar, tecnolog\u00eda, alimentaci\u00f3n y restauraci\u00f3n, entre otros.<\/p>\n<p>Adem\u00e1s, habr\u00e1 un programa de actividades para toda la familia, que prestar\u00e1 especial atenci\u00f3n a las nuevas tecnolog\u00edas, con talleres para j\u00f3venes y peque\u00f1os; y tambi\u00e9n en la gastronom\u00eda, con productos locales y restauradores del territorio como protagonistas.<\/p>\n<\/div><div style=\"text-align:center;\"><a class=\"fusion-button button-flat fusion-button-default-size button-default fusion-button-default button-1 fusion-button-default-span fusion-button-default-type\" target=\"_blank\" rel=\"noopener noreferrer\" href=\"https:\/\/www.firareus.com\/agenda\/exproreus-2023\/\"><span class=\"fusion-button-text awb-button__text awb-button__text--default\">conoce aqu\u00ed el programa completo exproreus 2023<\/span><\/a><\/div><\/div><\/div><\/div><\/div>\n","protected":false},"excerpt":{"rendered":"","protected":false},"author":20,"featured_media":141084,"comment_status":"closed","ping_status":"closed","template":"","tags":[],"mec_category":[975],"class_list":["post-141085","mec-events","type-mec-events","status-publish","has-post-thumbnail","hentry","mec_category-fires-on-participa-eurecat"],"yoast_head":"<!-- This site is optimized with the Yoast SEO plugin v27.4 - https:\/\/yoast.com\/product\/yoast-seo-wordpress\/ -->\n<title>EXPROREUS 2023EXPROREUS 2023 - Eurecat<\/title>\n<meta name=\"description\" content=\"Eurecat participa en la feria EXPROREUS 2023 en feria de Reus del 11 al 15 de octubre en el stand del Hub Food Tech and Nutrition\" \/>\n<meta name=\"robots\" content=\"index, follow, max-snippet:-1, max-image-preview:large, max-video-preview:-1\" \/>\n<link rel=\"canonical\" href=\"https:\/\/eurecat.org\/es\/calendario\/exproreus-2023\/\" \/>\n<meta property=\"og:locale\" content=\"es_ES\" \/>\n<meta property=\"og:type\" content=\"article\" \/>\n<meta property=\"og:title\" content=\"EXPROREUS 2023EXPROREUS 2023 - Eurecat\" \/>\n<meta property=\"og:description\" content=\"Eurecat participa en la feria EXPROREUS 2023 en feria de Reus del 11 al 15 de octubre en el stand del Hub Food Tech and Nutrition\" \/>\n<meta property=\"og:url\" content=\"https:\/\/eurecat.org\/es\/calendario\/exproreus-2023\/\" \/>\n<meta property=\"og:site_name\" content=\"Eurecat\" \/>\n<meta property=\"article:modified_time\" content=\"2023-10-06T07:48:44+00:00\" \/>\n<meta property=\"og:image\" content=\"https:\/\/eurecat.org\/wp-content\/uploads\/2023\/10\/EXPROREUS_web.jpg\" \/>\n\t<meta property=\"og:image:width\" content=\"750\" \/>\n\t<meta property=\"og:image:height\" content=\"400\" \/>\n\t<meta property=\"og:image:type\" content=\"image\/jpeg\" \/>\n<meta name=\"twitter:card\" content=\"summary_large_image\" \/>\n<meta name=\"twitter:label1\" content=\"Tiempo de lectura\" \/>\n\t<meta name=\"twitter:data1\" content=\"4 minutos\" \/>\n<script type=\"application\/ld+json\" class=\"yoast-schema-graph\">{\"@context\":\"https:\\\/\\\/schema.org\",\"@graph\":[{\"@type\":\"WebPage\",\"@id\":\"https:\\\/\\\/eurecat.org\\\/es\\\/calendario\\\/exproreus-2023\\\/\",\"url\":\"https:\\\/\\\/eurecat.org\\\/es\\\/calendario\\\/exproreus-2023\\\/\",\"name\":\"EXPROREUS 2023EXPROREUS 2023 - Eurecat\",\"isPartOf\":{\"@id\":\"https:\\\/\\\/eurecat.org\\\/es\\\/#website\"},\"primaryImageOfPage\":{\"@id\":\"https:\\\/\\\/eurecat.org\\\/es\\\/calendario\\\/exproreus-2023\\\/#primaryimage\"},\"image\":{\"@id\":\"https:\\\/\\\/eurecat.org\\\/es\\\/calendario\\\/exproreus-2023\\\/#primaryimage\"},\"thumbnailUrl\":\"https:\\\/\\\/eurecat.org\\\/wp-content\\\/uploads\\\/2023\\\/10\\\/EXPROREUS_web.jpg\",\"datePublished\":\"2023-10-06T07:39:53+00:00\",\"dateModified\":\"2023-10-06T07:48:44+00:00\",\"description\":\"Eurecat participa en la feria EXPROREUS 2023 en feria de Reus del 11 al 15 de octubre en el stand del Hub Food Tech and Nutrition\",\"breadcrumb\":{\"@id\":\"https:\\\/\\\/eurecat.org\\\/es\\\/calendario\\\/exproreus-2023\\\/#breadcrumb\"},\"inLanguage\":\"es\",\"potentialAction\":[{\"@type\":\"ReadAction\",\"target\":[\"https:\\\/\\\/eurecat.org\\\/es\\\/calendario\\\/exproreus-2023\\\/\"]}]},{\"@type\":\"ImageObject\",\"inLanguage\":\"es\",\"@id\":\"https:\\\/\\\/eurecat.org\\\/es\\\/calendario\\\/exproreus-2023\\\/#primaryimage\",\"url\":\"https:\\\/\\\/eurecat.org\\\/wp-content\\\/uploads\\\/2023\\\/10\\\/EXPROREUS_web.jpg\",\"contentUrl\":\"https:\\\/\\\/eurecat.org\\\/wp-content\\\/uploads\\\/2023\\\/10\\\/EXPROREUS_web.jpg\",\"width\":750,\"height\":400,\"caption\":\"ExproReus 2023\"},{\"@type\":\"BreadcrumbList\",\"@id\":\"https:\\\/\\\/eurecat.org\\\/es\\\/calendario\\\/exproreus-2023\\\/#breadcrumb\",\"itemListElement\":[{\"@type\":\"ListItem\",\"position\":1,\"name\":\"Inici\",\"item\":\"https:\\\/\\\/eurecat.org\\\/es\\\/\"},{\"@type\":\"ListItem\",\"position\":2,\"name\":\"Eventos\",\"item\":\"https:\\\/\\\/eurecat.org\\\/es\\\/calendario\\\/\"},{\"@type\":\"ListItem\",\"position\":3,\"name\":\"EXPROREUS 2023\"}]},{\"@type\":\"WebSite\",\"@id\":\"https:\\\/\\\/eurecat.org\\\/es\\\/#website\",\"url\":\"https:\\\/\\\/eurecat.org\\\/es\\\/\",\"name\":\"Eurecat\",\"description\":\"Otro sitio realizado con WordPress\",\"potentialAction\":[{\"@type\":\"SearchAction\",\"target\":{\"@type\":\"EntryPoint\",\"urlTemplate\":\"https:\\\/\\\/eurecat.org\\\/es\\\/?s={search_term_string}\"},\"query-input\":{\"@type\":\"PropertyValueSpecification\",\"valueRequired\":true,\"valueName\":\"search_term_string\"}}],\"inLanguage\":\"es\"}]}<\/script>\n<!-- \/ Yoast SEO plugin. -->","yoast_head_json":{"title":"EXPROREUS 2023EXPROREUS 2023 - Eurecat","description":"Eurecat participa en la feria EXPROREUS 2023 en feria de Reus del 11 al 15 de octubre en el stand del Hub Food Tech and Nutrition","robots":{"index":"index","follow":"follow","max-snippet":"max-snippet:-1","max-image-preview":"max-image-preview:large","max-video-preview":"max-video-preview:-1"},"canonical":"https:\/\/eurecat.org\/es\/calendario\/exproreus-2023\/","og_locale":"es_ES","og_type":"article","og_title":"EXPROREUS 2023EXPROREUS 2023 - Eurecat","og_description":"Eurecat participa en la feria EXPROREUS 2023 en feria de Reus del 11 al 15 de octubre en el stand del Hub Food Tech and Nutrition","og_url":"https:\/\/eurecat.org\/es\/calendario\/exproreus-2023\/","og_site_name":"Eurecat","article_modified_time":"2023-10-06T07:48:44+00:00","og_image":[{"width":750,"height":400,"url":"https:\/\/eurecat.org\/wp-content\/uploads\/2023\/10\/EXPROREUS_web.jpg","type":"image\/jpeg"}],"twitter_card":"summary_large_image","twitter_misc":{"Tiempo de lectura":"4 minutos"},"schema":{"@context":"https:\/\/schema.org","@graph":[{"@type":"WebPage","@id":"https:\/\/eurecat.org\/es\/calendario\/exproreus-2023\/","url":"https:\/\/eurecat.org\/es\/calendario\/exproreus-2023\/","name":"EXPROREUS 2023EXPROREUS 2023 - Eurecat","isPartOf":{"@id":"https:\/\/eurecat.org\/es\/#website"},"primaryImageOfPage":{"@id":"https:\/\/eurecat.org\/es\/calendario\/exproreus-2023\/#primaryimage"},"image":{"@id":"https:\/\/eurecat.org\/es\/calendario\/exproreus-2023\/#primaryimage"},"thumbnailUrl":"https:\/\/eurecat.org\/wp-content\/uploads\/2023\/10\/EXPROREUS_web.jpg","datePublished":"2023-10-06T07:39:53+00:00","dateModified":"2023-10-06T07:48:44+00:00","description":"Eurecat participa en la feria EXPROREUS 2023 en feria de Reus del 11 al 15 de octubre en el stand del Hub Food Tech and Nutrition","breadcrumb":{"@id":"https:\/\/eurecat.org\/es\/calendario\/exproreus-2023\/#breadcrumb"},"inLanguage":"es","potentialAction":[{"@type":"ReadAction","target":["https:\/\/eurecat.org\/es\/calendario\/exproreus-2023\/"]}]},{"@type":"ImageObject","inLanguage":"es","@id":"https:\/\/eurecat.org\/es\/calendario\/exproreus-2023\/#primaryimage","url":"https:\/\/eurecat.org\/wp-content\/uploads\/2023\/10\/EXPROREUS_web.jpg","contentUrl":"https:\/\/eurecat.org\/wp-content\/uploads\/2023\/10\/EXPROREUS_web.jpg","width":750,"height":400,"caption":"ExproReus 2023"},{"@type":"BreadcrumbList","@id":"https:\/\/eurecat.org\/es\/calendario\/exproreus-2023\/#breadcrumb","itemListElement":[{"@type":"ListItem","position":1,"name":"Inici","item":"https:\/\/eurecat.org\/es\/"},{"@type":"ListItem","position":2,"name":"Eventos","item":"https:\/\/eurecat.org\/es\/calendario\/"},{"@type":"ListItem","position":3,"name":"EXPROREUS 2023"}]},{"@type":"WebSite","@id":"https:\/\/eurecat.org\/es\/#website","url":"https:\/\/eurecat.org\/es\/","name":"Eurecat","description":"Otro sitio realizado con WordPress","potentialAction":[{"@type":"SearchAction","target":{"@type":"EntryPoint","urlTemplate":"https:\/\/eurecat.org\/es\/?s={search_term_string}"},"query-input":{"@type":"PropertyValueSpecification","valueRequired":true,"valueName":"search_term_string"}}],"inLanguage":"es"}]}},"_links":{"self":[{"href":"https:\/\/eurecat.org\/es\/wp-json\/wp\/v2\/mec-events\/141085","targetHints":{"allow":["GET"]}}],"collection":[{"href":"https:\/\/eurecat.org\/es\/wp-json\/wp\/v2\/mec-events"}],"about":[{"href":"https:\/\/eurecat.org\/es\/wp-json\/wp\/v2\/types\/mec-events"}],"author":[{"embeddable":true,"href":"https:\/\/eurecat.org\/es\/wp-json\/wp\/v2\/users\/20"}],"replies":[{"embeddable":true,"href":"https:\/\/eurecat.org\/es\/wp-json\/wp\/v2\/comments?post=141085"}],"wp:featuredmedia":[{"embeddable":true,"href":"https:\/\/eurecat.org\/es\/wp-json\/wp\/v2\/media\/141084"}],"wp:attachment":[{"href":"https:\/\/eurecat.org\/es\/wp-json\/wp\/v2\/media?parent=141085"}],"wp:term":[{"taxonomy":"post_tag","embeddable":true,"href":"https:\/\/eurecat.org\/es\/wp-json\/wp\/v2\/tags?post=141085"},{"taxonomy":"mec_category","embeddable":true,"href":"https:\/\/eurecat.org\/es\/wp-json\/wp\/v2\/mec_category?post=141085"}],"curies":[{"name":"wp","href":"https:\/\/api.w.org\/{rel}","templated":true}]}}

<div class="fusion-fullwidth fullwidth-box fusion-builder-row-1 fusion-flex-container has-pattern-background has-mask-background nonhundred-percent-fullwidth non-hundred-percent-height-scrolling" style="--awb-border-radius-top-left:0px;--awb-border-radius-top-right:0px;--awb-border-radius-bottom-right:0px;--awb-border-radius-bottom-left:0px;--awb-flex-wrap:wrap;" ><div class="fusion-builder-row fusion-row fusion-flex-align-items-flex-start fusion-flex-content-wrap" style="max-width:1424.8px;margin-left: calc(-4% / 2 );margin-right: calc(-4% / 2 );"><div class="fusion-layout-column fusion_builder_column fusion-builder-column-0 fusion_builder_column_1_1 1_1 fusion-flex-column" style="--awb-bg-size:cover;--awb-width-large:100%;--awb-margin-top-large:0px;--awb-spacing-right-large:1.92%;--awb-margin-bottom-large:20px;--awb-spacing-left-large:1.92%;--awb-width-medium:100%;--awb-order-medium:0;--awb-spacing-right-medium:1.92%;--awb-spacing-left-medium:1.92%;--awb-width-small:100%;--awb-order-small:0;--awb-spacing-right-small:1.92%;--awb-spacing-left-small:1.92%;"><div class="fusion-column-wrapper fusion-column-has-shadow fusion-flex-justify-content-flex-start fusion-content-layout-column"><div class="fusion-text fusion-text-1"><p><strong>Eurecat participa en la feria EXPROREUS 2023</strong> que tendrá lugar en feria de Reus <strong>del 11 al 15 de octubre.</strong></p>
<p>En esta ocasión, <strong>Eurecat estará presente en el stand del Hub Food Tech and Nutrition</strong> (Redessa – Ayuntamiento de Reus) donde haremos difusión de los proyectos en curso y de los <a href="https://eurecat.org/ambits-de-coneixement/nutricio-i-salut/estudis/" target="_blank" rel="noopener"><strong>estudios clínicos que se están realizando actualmente desde el centro</strong></a>.</p>
<p>El v<strong>iernes 15, a las 18:00 h.</strong> realizaremos la <strong>ponencia <em>“Promoción de Hábitos Dietéticos Saludables: Familias &amp; Dieta Mediterránea. Proyectos MED4YOUTH y SWITCHTOHEALTHY”</em></strong> de la mano de <strong>Lorena Calderón</strong>, investigadora de Estudios clínicos de la Unidad de Nutrición y Salud de Eurecat.</p>
<p><strong>Sobre EXPROREUS 2023</strong></p>
<p>Las instalaciones de firaReus acogerán a empresas, fabricantes y distribuidores con una amplia oferta de novedades y productos del territorio.</p>
<p>Este año, ExproReus mantendrá los espacios dedicados a grandes áreas temáticas como son la automoción, menaje del hogar, tecnología, alimentación y restauración, entre otros.</p>
<p>Además, habrá un programa de actividades para toda la familia, que prestará especial atención a las nuevas tecnologías, con talleres para jóvenes y pequeños; y también en la gastronomía, con productos locales y restauradores del territorio como protagonistas.</p>
</div><div style="text-align:center;"><a class="fusion-button button-flat fusion-button-default-size button-default fusion-button-default button-1 fusion-button-default-span fusion-button-default-type" target="_blank" rel="noopener noreferrer" href="https://www.firareus.com/agenda/exproreus-2023/"><span class="fusion-button-text awb-button__text awb-button__text--default">conoce aquí el programa completo exproreus 2023</span></a></div></div></div></div></div>
