{"id":141194,"date":"2023-10-10T12:54:27","date_gmt":"2023-10-10T10:54:27","guid":{"rendered":"https:\/\/eurecat.org\/?post_type=mec-events&#038;p=141194"},"modified":"2023-10-10T13:03:30","modified_gmt":"2023-10-10T11:03:30","slug":"earpa-form-forum-2023","status":"publish","type":"mec-events","link":"https:\/\/eurecat.org\/es\/calendario\/earpa-form-forum-2023\/","title":{"rendered":"EARPA FORM Forum 2023"},"content":{"rendered":"<div class=\"fusion-fullwidth fullwidth-box fusion-builder-row-1 fusion-flex-container has-pattern-background has-mask-background nonhundred-percent-fullwidth non-hundred-percent-height-scrolling\" style=\"--awb-border-radius-top-left:0px;--awb-border-radius-top-right:0px;--awb-border-radius-bottom-right:0px;--awb-border-radius-bottom-left:0px;--awb-flex-wrap:wrap;\" ><div class=\"fusion-builder-row fusion-row fusion-flex-align-items-flex-start fusion-flex-content-wrap\" style=\"max-width:1424.8px;margin-left: calc(-4% \/ 2 );margin-right: calc(-4% \/ 2 );\"><div class=\"fusion-layout-column fusion_builder_column fusion-builder-column-0 fusion_builder_column_1_1 1_1 fusion-flex-column\" style=\"--awb-bg-size:cover;--awb-width-large:100%;--awb-margin-top-large:0px;--awb-spacing-right-large:1.92%;--awb-margin-bottom-large:20px;--awb-spacing-left-large:1.92%;--awb-width-medium:100%;--awb-order-medium:0;--awb-spacing-right-medium:1.92%;--awb-spacing-left-medium:1.92%;--awb-width-small:100%;--awb-order-small:0;--awb-spacing-right-small:1.92%;--awb-spacing-left-small:1.92%;\"><div class=\"fusion-column-wrapper fusion-column-has-shadow fusion-flex-justify-content-flex-start fusion-content-layout-column\"><div class=\"fusion-text fusion-text-1\"><p>Eurecat estar\u00e1 presente en la pr\u00f3xima edici\u00f3n del <strong>EARPA FORM Forum<\/strong> en Bruselas, los <strong>d\u00edas 17 y 18 de octubre<\/strong>.<\/p>\n<p>El centro tecnol\u00f3gico dispondr\u00e1 de un espacio donde daremos a conocer nuestras actividades dentro del sector automoci\u00f3n y destacaremos los proyectos europeos <strong><a href=\"https:\/\/marbel-project.eu\/\" target=\"_blank\" rel=\"noopener\">MARBEL<\/a>, <a href=\"https:\/\/selfy-project.eu\/\" target=\"_blank\" rel=\"noopener\">SELFY<\/a>, <a href=\"https:\/\/www.frontier-project.eu\/\" target=\"_blank\" rel=\"noopener\">FRONTIER<\/a> y <a href=\"https:\/\/flexcrash-project.eu\/\" target=\"_blank\" rel=\"noopener\">FLEXCRASH<\/a>,<\/strong> entre otros.<\/p>\n<p><img decoding=\"async\" class=\"wp-image-141190 aligncenter\" src=\"https:\/\/eurecat.org\/wp-content\/uploads\/2023\/10\/EARPArollup_LOW.jpg\" alt=\"\" width=\"300\" height=\"424\" srcset=\"https:\/\/eurecat.org\/wp-content\/uploads\/2023\/10\/EARPArollup_LOW-200x283.jpg 200w, https:\/\/eurecat.org\/wp-content\/uploads\/2023\/10\/EARPArollup_LOW-212x300.jpg 212w, https:\/\/eurecat.org\/wp-content\/uploads\/2023\/10\/EARPArollup_LOW-400x565.jpg 400w, https:\/\/eurecat.org\/wp-content\/uploads\/2023\/10\/EARPArollup_LOW.jpg 482w\" sizes=\"(max-width: 300px) 100vw, 300px\" \/><\/p>\n<p>Adem\u00e1s, se presentar\u00e1n dos p\u00f3sters t\u00e9cnicos de los proyectos:<\/p>\n<p><strong>MARBEL<\/strong>: Manufactura y ensamblaje modular y reusable Electric Vehicle battery para environment-friendly and lightweight mobility.<br \/>\n<strong>FLEXCRASH<\/strong>: Flexible y hybrid manufacturing of green aluminium to produce tailored adaptive crash-tolerante estructuras.<\/p>\n<p>Y dentro del espacio de conferencias participar\u00e1:<\/p>\n<p><strong>Maria Violeta Vargas<\/strong>, investigadora de la unidad WEEI de Eurecat, con la ponencia: <em><strong>Manufacturing y ensamblaje modular y reusable EV battery para environment-friendly and lightweight mobility.<\/strong><\/em><\/p>\n<\/div><div style=\"text-align:center;\"><a class=\"fusion-button button-flat fusion-button-default-size button-default fusion-button-default button-1 fusion-button-default-span fusion-button-default-type\" target=\"_blank\" rel=\"noopener noreferrer\" href=\"https:\/\/www.earpa.eu\/earpa\/formforum\"><span class=\"fusion-button-text awb-button__text awb-button__text--default\">conoce el earpa form forum<\/span><\/a><\/div><\/div><\/div><\/div><\/div>\n","protected":false},"excerpt":{"rendered":"","protected":false},"author":20,"featured_media":141193,"comment_status":"closed","ping_status":"closed","template":"","tags":[],"mec_category":[986,976,975],"class_list":["post-141194","mec-events","type-mec-events","status-publish","has-post-thumbnail","hentry","mec_category-actos-cientificos-tecnologicos","mec_category-congresos-organizados-por-eurecat-es","mec_category-fires-on-participa-eurecat"],"yoast_head":"<!-- This site is optimized with the Yoast SEO plugin v27.4 - https:\/\/yoast.com\/product\/yoast-seo-wordpress\/ -->\n<title>EARPA FORM Forum 2023EARPA FORM Forum 2023 - Eurecat<\/title>\n<meta name=\"description\" content=\"Eurecat estar\u00e1 en el EARPA FORM Forum en Bruselas, los d\u00edas 17 y 18 de octubre con nuestras actividades dentro del sector automoci\u00f3n\" \/>\n<meta name=\"robots\" content=\"index, follow, max-snippet:-1, max-image-preview:large, max-video-preview:-1\" \/>\n<link rel=\"canonical\" href=\"https:\/\/eurecat.org\/es\/calendario\/earpa-form-forum-2023\/\" \/>\n<meta property=\"og:locale\" content=\"es_ES\" \/>\n<meta property=\"og:type\" content=\"article\" \/>\n<meta property=\"og:title\" content=\"EARPA FORM Forum 2023EARPA FORM Forum 2023 - Eurecat\" \/>\n<meta property=\"og:description\" content=\"Eurecat estar\u00e1 en el EARPA FORM Forum en Bruselas, los d\u00edas 17 y 18 de octubre con nuestras actividades dentro del sector automoci\u00f3n\" \/>\n<meta property=\"og:url\" content=\"https:\/\/eurecat.org\/es\/calendario\/earpa-form-forum-2023\/\" \/>\n<meta property=\"og:site_name\" content=\"Eurecat\" \/>\n<meta property=\"article:modified_time\" content=\"2023-10-10T11:03:30+00:00\" \/>\n<meta property=\"og:image\" content=\"https:\/\/eurecat.org\/wp-content\/uploads\/2023\/10\/EARPA-FORM-Forum-2023.jpg\" \/>\n\t<meta property=\"og:image:width\" content=\"750\" \/>\n\t<meta property=\"og:image:height\" content=\"400\" \/>\n\t<meta property=\"og:image:type\" content=\"image\/jpeg\" \/>\n<meta name=\"twitter:card\" content=\"summary_large_image\" \/>\n<meta name=\"twitter:label1\" content=\"Tiempo de lectura\" \/>\n\t<meta name=\"twitter:data1\" content=\"4 minutos\" \/>\n<script type=\"application\/ld+json\" class=\"yoast-schema-graph\">{\"@context\":\"https:\\\/\\\/schema.org\",\"@graph\":[{\"@type\":\"WebPage\",\"@id\":\"https:\\\/\\\/eurecat.org\\\/es\\\/calendario\\\/earpa-form-forum-2023\\\/\",\"url\":\"https:\\\/\\\/eurecat.org\\\/es\\\/calendario\\\/earpa-form-forum-2023\\\/\",\"name\":\"EARPA FORM Forum 2023EARPA FORM Forum 2023 - Eurecat\",\"isPartOf\":{\"@id\":\"https:\\\/\\\/eurecat.org\\\/es\\\/#website\"},\"primaryImageOfPage\":{\"@id\":\"https:\\\/\\\/eurecat.org\\\/es\\\/calendario\\\/earpa-form-forum-2023\\\/#primaryimage\"},\"image\":{\"@id\":\"https:\\\/\\\/eurecat.org\\\/es\\\/calendario\\\/earpa-form-forum-2023\\\/#primaryimage\"},\"thumbnailUrl\":\"https:\\\/\\\/eurecat.org\\\/wp-content\\\/uploads\\\/2023\\\/10\\\/EARPA-FORM-Forum-2023.jpg\",\"datePublished\":\"2023-10-10T10:54:27+00:00\",\"dateModified\":\"2023-10-10T11:03:30+00:00\",\"description\":\"Eurecat estar\u00e1 en el EARPA FORM Forum en Bruselas, los d\u00edas 17 y 18 de octubre con nuestras actividades dentro del sector automoci\u00f3n\",\"breadcrumb\":{\"@id\":\"https:\\\/\\\/eurecat.org\\\/es\\\/calendario\\\/earpa-form-forum-2023\\\/#breadcrumb\"},\"inLanguage\":\"es\",\"potentialAction\":[{\"@type\":\"ReadAction\",\"target\":[\"https:\\\/\\\/eurecat.org\\\/es\\\/calendario\\\/earpa-form-forum-2023\\\/\"]}]},{\"@type\":\"ImageObject\",\"inLanguage\":\"es\",\"@id\":\"https:\\\/\\\/eurecat.org\\\/es\\\/calendario\\\/earpa-form-forum-2023\\\/#primaryimage\",\"url\":\"https:\\\/\\\/eurecat.org\\\/wp-content\\\/uploads\\\/2023\\\/10\\\/EARPA-FORM-Forum-2023.jpg\",\"contentUrl\":\"https:\\\/\\\/eurecat.org\\\/wp-content\\\/uploads\\\/2023\\\/10\\\/EARPA-FORM-Forum-2023.jpg\",\"width\":750,\"height\":400,\"caption\":\"EARPA FORM Forum\"},{\"@type\":\"BreadcrumbList\",\"@id\":\"https:\\\/\\\/eurecat.org\\\/es\\\/calendario\\\/earpa-form-forum-2023\\\/#breadcrumb\",\"itemListElement\":[{\"@type\":\"ListItem\",\"position\":1,\"name\":\"Inici\",\"item\":\"https:\\\/\\\/eurecat.org\\\/es\\\/\"},{\"@type\":\"ListItem\",\"position\":2,\"name\":\"Eventos\",\"item\":\"https:\\\/\\\/eurecat.org\\\/es\\\/calendario\\\/\"},{\"@type\":\"ListItem\",\"position\":3,\"name\":\"EARPA FORM Forum 2023\"}]},{\"@type\":\"WebSite\",\"@id\":\"https:\\\/\\\/eurecat.org\\\/es\\\/#website\",\"url\":\"https:\\\/\\\/eurecat.org\\\/es\\\/\",\"name\":\"Eurecat\",\"description\":\"Otro sitio realizado con WordPress\",\"potentialAction\":[{\"@type\":\"SearchAction\",\"target\":{\"@type\":\"EntryPoint\",\"urlTemplate\":\"https:\\\/\\\/eurecat.org\\\/es\\\/?s={search_term_string}\"},\"query-input\":{\"@type\":\"PropertyValueSpecification\",\"valueRequired\":true,\"valueName\":\"search_term_string\"}}],\"inLanguage\":\"es\"}]}<\/script>\n<!-- \/ Yoast SEO plugin. -->","yoast_head_json":{"title":"EARPA FORM Forum 2023EARPA FORM Forum 2023 - Eurecat","description":"Eurecat estar\u00e1 en el EARPA FORM Forum en Bruselas, los d\u00edas 17 y 18 de octubre con nuestras actividades dentro del sector automoci\u00f3n","robots":{"index":"index","follow":"follow","max-snippet":"max-snippet:-1","max-image-preview":"max-image-preview:large","max-video-preview":"max-video-preview:-1"},"canonical":"https:\/\/eurecat.org\/es\/calendario\/earpa-form-forum-2023\/","og_locale":"es_ES","og_type":"article","og_title":"EARPA FORM Forum 2023EARPA FORM Forum 2023 - Eurecat","og_description":"Eurecat estar\u00e1 en el EARPA FORM Forum en Bruselas, los d\u00edas 17 y 18 de octubre con nuestras actividades dentro del sector automoci\u00f3n","og_url":"https:\/\/eurecat.org\/es\/calendario\/earpa-form-forum-2023\/","og_site_name":"Eurecat","article_modified_time":"2023-10-10T11:03:30+00:00","og_image":[{"width":750,"height":400,"url":"https:\/\/eurecat.org\/wp-content\/uploads\/2023\/10\/EARPA-FORM-Forum-2023.jpg","type":"image\/jpeg"}],"twitter_card":"summary_large_image","twitter_misc":{"Tiempo de lectura":"4 minutos"},"schema":{"@context":"https:\/\/schema.org","@graph":[{"@type":"WebPage","@id":"https:\/\/eurecat.org\/es\/calendario\/earpa-form-forum-2023\/","url":"https:\/\/eurecat.org\/es\/calendario\/earpa-form-forum-2023\/","name":"EARPA FORM Forum 2023EARPA FORM Forum 2023 - Eurecat","isPartOf":{"@id":"https:\/\/eurecat.org\/es\/#website"},"primaryImageOfPage":{"@id":"https:\/\/eurecat.org\/es\/calendario\/earpa-form-forum-2023\/#primaryimage"},"image":{"@id":"https:\/\/eurecat.org\/es\/calendario\/earpa-form-forum-2023\/#primaryimage"},"thumbnailUrl":"https:\/\/eurecat.org\/wp-content\/uploads\/2023\/10\/EARPA-FORM-Forum-2023.jpg","datePublished":"2023-10-10T10:54:27+00:00","dateModified":"2023-10-10T11:03:30+00:00","description":"Eurecat estar\u00e1 en el EARPA FORM Forum en Bruselas, los d\u00edas 17 y 18 de octubre con nuestras actividades dentro del sector automoci\u00f3n","breadcrumb":{"@id":"https:\/\/eurecat.org\/es\/calendario\/earpa-form-forum-2023\/#breadcrumb"},"inLanguage":"es","potentialAction":[{"@type":"ReadAction","target":["https:\/\/eurecat.org\/es\/calendario\/earpa-form-forum-2023\/"]}]},{"@type":"ImageObject","inLanguage":"es","@id":"https:\/\/eurecat.org\/es\/calendario\/earpa-form-forum-2023\/#primaryimage","url":"https:\/\/eurecat.org\/wp-content\/uploads\/2023\/10\/EARPA-FORM-Forum-2023.jpg","contentUrl":"https:\/\/eurecat.org\/wp-content\/uploads\/2023\/10\/EARPA-FORM-Forum-2023.jpg","width":750,"height":400,"caption":"EARPA FORM Forum"},{"@type":"BreadcrumbList","@id":"https:\/\/eurecat.org\/es\/calendario\/earpa-form-forum-2023\/#breadcrumb","itemListElement":[{"@type":"ListItem","position":1,"name":"Inici","item":"https:\/\/eurecat.org\/es\/"},{"@type":"ListItem","position":2,"name":"Eventos","item":"https:\/\/eurecat.org\/es\/calendario\/"},{"@type":"ListItem","position":3,"name":"EARPA FORM Forum 2023"}]},{"@type":"WebSite","@id":"https:\/\/eurecat.org\/es\/#website","url":"https:\/\/eurecat.org\/es\/","name":"Eurecat","description":"Otro sitio realizado con WordPress","potentialAction":[{"@type":"SearchAction","target":{"@type":"EntryPoint","urlTemplate":"https:\/\/eurecat.org\/es\/?s={search_term_string}"},"query-input":{"@type":"PropertyValueSpecification","valueRequired":true,"valueName":"search_term_string"}}],"inLanguage":"es"}]}},"_links":{"self":[{"href":"https:\/\/eurecat.org\/es\/wp-json\/wp\/v2\/mec-events\/141194","targetHints":{"allow":["GET"]}}],"collection":[{"href":"https:\/\/eurecat.org\/es\/wp-json\/wp\/v2\/mec-events"}],"about":[{"href":"https:\/\/eurecat.org\/es\/wp-json\/wp\/v2\/types\/mec-events"}],"author":[{"embeddable":true,"href":"https:\/\/eurecat.org\/es\/wp-json\/wp\/v2\/users\/20"}],"replies":[{"embeddable":true,"href":"https:\/\/eurecat.org\/es\/wp-json\/wp\/v2\/comments?post=141194"}],"wp:featuredmedia":[{"embeddable":true,"href":"https:\/\/eurecat.org\/es\/wp-json\/wp\/v2\/media\/141193"}],"wp:attachment":[{"href":"https:\/\/eurecat.org\/es\/wp-json\/wp\/v2\/media?parent=141194"}],"wp:term":[{"taxonomy":"post_tag","embeddable":true,"href":"https:\/\/eurecat.org\/es\/wp-json\/wp\/v2\/tags?post=141194"},{"taxonomy":"mec_category","embeddable":true,"href":"https:\/\/eurecat.org\/es\/wp-json\/wp\/v2\/mec_category?post=141194"}],"curies":[{"name":"wp","href":"https:\/\/api.w.org\/{rel}","templated":true}]}}

<div class="fusion-fullwidth fullwidth-box fusion-builder-row-1 fusion-flex-container has-pattern-background has-mask-background nonhundred-percent-fullwidth non-hundred-percent-height-scrolling" style="--awb-border-radius-top-left:0px;--awb-border-radius-top-right:0px;--awb-border-radius-bottom-right:0px;--awb-border-radius-bottom-left:0px;--awb-flex-wrap:wrap;" ><div class="fusion-builder-row fusion-row fusion-flex-align-items-flex-start fusion-flex-content-wrap" style="max-width:1424.8px;margin-left: calc(-4% / 2 );margin-right: calc(-4% / 2 );"><div class="fusion-layout-column fusion_builder_column fusion-builder-column-0 fusion_builder_column_1_1 1_1 fusion-flex-column" style="--awb-bg-size:cover;--awb-width-large:100%;--awb-margin-top-large:0px;--awb-spacing-right-large:1.92%;--awb-margin-bottom-large:20px;--awb-spacing-left-large:1.92%;--awb-width-medium:100%;--awb-order-medium:0;--awb-spacing-right-medium:1.92%;--awb-spacing-left-medium:1.92%;--awb-width-small:100%;--awb-order-small:0;--awb-spacing-right-small:1.92%;--awb-spacing-left-small:1.92%;"><div class="fusion-column-wrapper fusion-column-has-shadow fusion-flex-justify-content-flex-start fusion-content-layout-column"><div class="fusion-text fusion-text-1"><p>Eurecat estará presente en la próxima edición del <strong>EARPA FORM Forum</strong> en Bruselas, los <strong>días 17 y 18 de octubre</strong>.</p>
<p>El centro tecnológico dispondrá de un espacio donde daremos a conocer nuestras actividades dentro del sector automoción y destacaremos los proyectos europeos <strong><a href="https://marbel-project.eu/" target="_blank" rel="noopener">MARBEL</a>, <a href="https://selfy-project.eu/" target="_blank" rel="noopener">SELFY</a>, <a href="https://www.frontier-project.eu/" target="_blank" rel="noopener">FRONTIER</a> y <a href="https://flexcrash-project.eu/" target="_blank" rel="noopener">FLEXCRASH</a>,</strong> entre otros.</p>
<p><img decoding="async" class="wp-image-141190 aligncenter" src="https://eurecat.org/wp-content/uploads/2023/10/EARPArollup_LOW.jpg" alt="" width="300" height="424" srcset="https://eurecat.org/wp-content/uploads/2023/10/EARPArollup_LOW-200x283.jpg 200w, https://eurecat.org/wp-content/uploads/2023/10/EARPArollup_LOW-212x300.jpg 212w, https://eurecat.org/wp-content/uploads/2023/10/EARPArollup_LOW-400x565.jpg 400w, https://eurecat.org/wp-content/uploads/2023/10/EARPArollup_LOW.jpg 482w" sizes="(max-width: 300px) 100vw, 300px" /></p>
<p>Además, se presentarán dos pósters técnicos de los proyectos:</p>
<p><strong>MARBEL</strong>: Manufactura y ensamblaje modular y reusable Electric Vehicle battery para environment-friendly and lightweight mobility.<br />
<strong>FLEXCRASH</strong>: Flexible y hybrid manufacturing of green aluminium to produce tailored adaptive crash-tolerante estructuras.</p>
<p>Y dentro del espacio de conferencias participará:</p>
<p><strong>Maria Violeta Vargas</strong>, investigadora de la unidad WEEI de Eurecat, con la ponencia: <em><strong>Manufacturing y ensamblaje modular y reusable EV battery para environment-friendly and lightweight mobility.</strong></em></p>
</div><div style="text-align:center;"><a class="fusion-button button-flat fusion-button-default-size button-default fusion-button-default button-1 fusion-button-default-span fusion-button-default-type" target="_blank" rel="noopener noreferrer" href="https://www.earpa.eu/earpa/formforum"><span class="fusion-button-text awb-button__text awb-button__text--default">conoce el earpa form forum</span></a></div></div></div></div></div>

<!-- This site is optimized with the Yoast SEO plugin v27.4 - https://yoast.com/product/yoast-seo-wordpress/ -->
<title>EARPA FORM Forum 2023EARPA FORM Forum 2023 - Eurecat</title>
<meta name="description" content="Eurecat estará en el EARPA FORM Forum en Bruselas, los días 17 y 18 de octubre con nuestras actividades dentro del sector automoción" />
<meta name="robots" content="index, follow, max-snippet:-1, max-image-preview:large, max-video-preview:-1" />
<link rel="canonical" href="https://eurecat.org/es/calendario/earpa-form-forum-2023/" />
<meta property="og:locale" content="es_ES" />
<meta property="og:type" content="article" />
<meta property="og:title" content="EARPA FORM Forum 2023EARPA FORM Forum 2023 - Eurecat" />
<meta property="og:description" content="Eurecat estará en el EARPA FORM Forum en Bruselas, los días 17 y 18 de octubre con nuestras actividades dentro del sector automoción" />
<meta property="og:url" content="https://eurecat.org/es/calendario/earpa-form-forum-2023/" />
<meta property="og:site_name" content="Eurecat" />
<meta property="article:modified_time" content="2023-10-10T11:03:30+00:00" />
<meta property="og:image" content="https://eurecat.org/wp-content/uploads/2023/10/EARPA-FORM-Forum-2023.jpg" />
	<meta property="og:image:width" content="750" />
	<meta property="og:image:height" content="400" />
	<meta property="og:image:type" content="image/jpeg" />
<meta name="twitter:card" content="summary_large_image" />
<meta name="twitter:label1" content="Tiempo de lectura" />
	<meta name="twitter:data1" content="4 minutos" />
<script type="application/ld+json" class="yoast-schema-graph">{"@context":"https:\/\/schema.org","@graph":[{"@type":"WebPage","@id":"https:\/\/eurecat.org\/es\/calendario\/earpa-form-forum-2023\/","url":"https:\/\/eurecat.org\/es\/calendario\/earpa-form-forum-2023\/","name":"EARPA FORM Forum 2023EARPA FORM Forum 2023 - Eurecat","isPartOf":{"@id":"https:\/\/eurecat.org\/es\/#website"},"primaryImageOfPage":{"@id":"https:\/\/eurecat.org\/es\/calendario\/earpa-form-forum-2023\/#primaryimage"},"image":{"@id":"https:\/\/eurecat.org\/es\/calendario\/earpa-form-forum-2023\/#primaryimage"},"thumbnailUrl":"https:\/\/eurecat.org\/wp-content\/uploads\/2023\/10\/EARPA-FORM-Forum-2023.jpg","datePublished":"2023-10-10T10:54:27+00:00","dateModified":"2023-10-10T11:03:30+00:00","description":"Eurecat estará en el EARPA FORM Forum en Bruselas, los días 17 y 18 de octubre con nuestras actividades dentro del sector automoción","breadcrumb":{"@id":"https:\/\/eurecat.org\/es\/calendario\/earpa-form-forum-2023\/#breadcrumb"},"inLanguage":"es","potentialAction":[{"@type":"ReadAction","target":["https:\/\/eurecat.org\/es\/calendario\/earpa-form-forum-2023\/"]}]},{"@type":"ImageObject","inLanguage":"es","@id":"https:\/\/eurecat.org\/es\/calendario\/earpa-form-forum-2023\/#primaryimage","url":"https:\/\/eurecat.org\/wp-content\/uploads\/2023\/10\/EARPA-FORM-Forum-2023.jpg","contentUrl":"https:\/\/eurecat.org\/wp-content\/uploads\/2023\/10\/EARPA-FORM-Forum-2023.jpg","width":750,"height":400,"caption":"EARPA FORM Forum"},{"@type":"BreadcrumbList","@id":"https:\/\/eurecat.org\/es\/calendario\/earpa-form-forum-2023\/#breadcrumb","itemListElement":[{"@type":"ListItem","position":1,"name":"Inici","item":"https:\/\/eurecat.org\/es\/"},{"@type":"ListItem","position":2,"name":"Eventos","item":"https:\/\/eurecat.org\/es\/calendario\/"},{"@type":"ListItem","position":3,"name":"EARPA FORM Forum 2023"}]},{"@type":"WebSite","@id":"https:\/\/eurecat.org\/es\/#website","url":"https:\/\/eurecat.org\/es\/","name":"Eurecat","description":"Otro sitio realizado con WordPress","potentialAction":[{"@type":"SearchAction","target":{"@type":"EntryPoint","urlTemplate":"https:\/\/eurecat.org\/es\/?s={search_term_string}"},"query-input":{"@type":"PropertyValueSpecification","valueRequired":true,"valueName":"search_term_string"}}],"inLanguage":"es"}]}</script>
<!-- / Yoast SEO plugin. -->

Eurecat estará en el EARPA FORM Forum en Bruselas, los días 17 y 18 de octubre con nuestras actividades dentro del sector automoción
