{"id":169802,"date":"2025-01-22T12:33:49","date_gmt":"2025-01-22T11:33:49","guid":{"rendered":"https:\/\/eurecat.org\/calendar\/marbel-final-event\/"},"modified":"2025-01-22T12:38:00","modified_gmt":"2025-01-22T11:38:00","slug":"marbel-final-event","status":"publish","type":"mec-events","link":"https:\/\/eurecat.org\/es\/calendario\/marbel-final-event\/","title":{"rendered":"MARBEL project Final Event"},"content":{"rendered":"<div class=\"fusion-fullwidth fullwidth-box fusion-builder-row-1 fusion-flex-container nonhundred-percent-fullwidth non-hundred-percent-height-scrolling\" style=\"--awb-border-radius-top-left:0px;--awb-border-radius-top-right:0px;--awb-border-radius-bottom-right:0px;--awb-border-radius-bottom-left:0px;--awb-flex-wrap:wrap;\" ><div class=\"fusion-builder-row fusion-row fusion-flex-align-items-flex-start fusion-flex-content-wrap\" style=\"max-width:1424.8px;margin-left: calc(-4% \/ 2 );margin-right: calc(-4% \/ 2 );\"><div class=\"fusion-layout-column fusion_builder_column fusion-builder-column-0 fusion_builder_column_1_1 1_1 fusion-flex-column\" style=\"--awb-bg-size:cover;--awb-width-large:100%;--awb-margin-top-large:0px;--awb-spacing-right-large:1.92%;--awb-margin-bottom-large:0px;--awb-spacing-left-large:1.92%;--awb-width-medium:100%;--awb-spacing-right-medium:1.92%;--awb-spacing-left-medium:1.92%;--awb-width-small:100%;--awb-spacing-right-small:1.92%;--awb-spacing-left-small:1.92%;\"><div class=\"fusion-column-wrapper fusion-flex-justify-content-flex-start fusion-content-layout-column\"><div class=\"fusion-text fusion-text-1\"><p>El evento final del <a href=\"https:\/\/eurecat.org\/es\/portfolio-items\/marbel\/\">proyecto MARBEL<\/a> tiene como objetivo mostrar las experiencias, los conocimientos y los resultados derivados del proyecto europeo, centrado en la <strong>fabricaci\u00f3n y el montaje de bater\u00edas innovadoras, modulares y reutilizables para veh\u00edculos el\u00e9ctricos, con el prop\u00f3sito de lograr una movilidad ligera y respetuosa con el medio ambiente<\/strong>.<\/p>\n<p>Los asistentes profundizar\u00e1n en los detalles de la fabricaci\u00f3n de soluciones avanzadas de bater\u00edas para veh\u00edculos el\u00e9ctricos, desde una metodolog\u00eda para incorporar principios de ecodise\u00f1o en el dise\u00f1o de bater\u00edas hasta el sistema de gesti\u00f3n de bater\u00edas y las innovaciones asociadas. Adem\u00e1s, se presentar\u00e1n procedimientos innovadores de prueba y la evaluaci\u00f3n del rendimiento de los paquetes de bater\u00edas para su reutilizaci\u00f3n en aplicaciones de segunda vida. Durante el evento, los asistentes tendr\u00e1n la oportunidad de conocer de primera mano los paquetes y m\u00f3dulos de bater\u00edas de MARBEL.<\/p>\n<\/div><div style=\"text-align:center;\"><a class=\"fusion-button button-flat fusion-button-default-size button-default fusion-button-default button-1 fusion-button-default-span fusion-button-default-type\" target=\"_blank\" rel=\"noopener noreferrer\" href=\"https:\/\/marbel-project.eu\/final-event-next-generation-battery-pack-for-the-automotive-industry\/\"><span class=\"fusion-button-text awb-button__text awb-button__text--default\">m\u00e1s informaci\u00f3n e inscripciones<\/span><\/a><\/div><div class=\"fusion-text fusion-text-2\"><\/div><\/div><\/div><\/div><\/div>\n","protected":false},"excerpt":{"rendered":"","protected":false},"author":23,"featured_media":169799,"comment_status":"closed","ping_status":"closed","template":"","tags":[],"mec_category":[1962],"class_list":["post-169802","mec-events","type-mec-events","status-publish","has-post-thumbnail","hentry","mec_category-workshops"],"yoast_head":"<!-- This site is optimized with the Yoast SEO plugin v27.5 - https:\/\/yoast.com\/product\/yoast-seo-wordpress\/ -->\n<title>MARBEL project Final Event<\/title>\n<meta name=\"description\" content=\"Mostrar los resultados del proyecto MARBEL, abricaci\u00f3n y el montaje de bater\u00edas innovadoras, modulares y reutilizables para EV.\" \/>\n<meta name=\"robots\" content=\"index, follow, max-snippet:-1, max-image-preview:large, max-video-preview:-1\" \/>\n<link rel=\"canonical\" href=\"https:\/\/eurecat.org\/es\/calendario\/marbel-final-event\/\" \/>\n<meta property=\"og:locale\" content=\"es_ES\" \/>\n<meta property=\"og:type\" content=\"article\" \/>\n<meta property=\"og:title\" content=\"MARBEL project Final Event\" \/>\n<meta property=\"og:description\" content=\"Mostrar los resultados del proyecto MARBEL, abricaci\u00f3n y el montaje de bater\u00edas innovadoras, modulares y reutilizables para EV.\" \/>\n<meta property=\"og:url\" content=\"https:\/\/eurecat.org\/es\/calendario\/marbel-final-event\/\" \/>\n<meta property=\"og:site_name\" content=\"Eurecat\" \/>\n<meta property=\"article:modified_time\" content=\"2025-01-22T11:38:00+00:00\" \/>\n<meta property=\"og:image\" content=\"https:\/\/eurecat.org\/wp-content\/uploads\/2025\/01\/MARBEL-Final-event-Agenda.jpg\" \/>\n\t<meta property=\"og:image:width\" content=\"750\" \/>\n\t<meta property=\"og:image:height\" content=\"400\" \/>\n\t<meta property=\"og:image:type\" content=\"image\/jpeg\" \/>\n<meta name=\"twitter:card\" content=\"summary_large_image\" \/>\n<meta name=\"twitter:label1\" content=\"Tiempo de lectura\" \/>\n\t<meta name=\"twitter:data1\" content=\"1 minuto\" \/>\n<script type=\"application\/ld+json\" class=\"yoast-schema-graph\">{\"@context\":\"https:\\\/\\\/schema.org\",\"@graph\":[{\"@type\":\"WebPage\",\"@id\":\"https:\\\/\\\/eurecat.org\\\/es\\\/calendario\\\/marbel-final-event\\\/\",\"url\":\"https:\\\/\\\/eurecat.org\\\/es\\\/calendario\\\/marbel-final-event\\\/\",\"name\":\"MARBEL project Final Event\",\"isPartOf\":{\"@id\":\"https:\\\/\\\/eurecat.org\\\/es\\\/#website\"},\"primaryImageOfPage\":{\"@id\":\"https:\\\/\\\/eurecat.org\\\/es\\\/calendario\\\/marbel-final-event\\\/#primaryimage\"},\"image\":{\"@id\":\"https:\\\/\\\/eurecat.org\\\/es\\\/calendario\\\/marbel-final-event\\\/#primaryimage\"},\"thumbnailUrl\":\"https:\\\/\\\/eurecat.org\\\/wp-content\\\/uploads\\\/2025\\\/01\\\/MARBEL-Final-event-Agenda.jpg\",\"datePublished\":\"2025-01-22T11:33:49+00:00\",\"dateModified\":\"2025-01-22T11:38:00+00:00\",\"description\":\"Mostrar los resultados del proyecto MARBEL, abricaci\u00f3n y el montaje de bater\u00edas innovadoras, modulares y reutilizables para EV.\",\"breadcrumb\":{\"@id\":\"https:\\\/\\\/eurecat.org\\\/es\\\/calendario\\\/marbel-final-event\\\/#breadcrumb\"},\"inLanguage\":\"es\",\"potentialAction\":[{\"@type\":\"ReadAction\",\"target\":[\"https:\\\/\\\/eurecat.org\\\/es\\\/calendario\\\/marbel-final-event\\\/\"]}]},{\"@type\":\"ImageObject\",\"inLanguage\":\"es\",\"@id\":\"https:\\\/\\\/eurecat.org\\\/es\\\/calendario\\\/marbel-final-event\\\/#primaryimage\",\"url\":\"https:\\\/\\\/eurecat.org\\\/wp-content\\\/uploads\\\/2025\\\/01\\\/MARBEL-Final-event-Agenda.jpg\",\"contentUrl\":\"https:\\\/\\\/eurecat.org\\\/wp-content\\\/uploads\\\/2025\\\/01\\\/MARBEL-Final-event-Agenda.jpg\",\"width\":750,\"height\":400,\"caption\":\"MARBEL Final event Agenda\"},{\"@type\":\"BreadcrumbList\",\"@id\":\"https:\\\/\\\/eurecat.org\\\/es\\\/calendario\\\/marbel-final-event\\\/#breadcrumb\",\"itemListElement\":[{\"@type\":\"ListItem\",\"position\":1,\"name\":\"Inici\",\"item\":\"https:\\\/\\\/eurecat.org\\\/es\\\/\"},{\"@type\":\"ListItem\",\"position\":2,\"name\":\"Eventos\",\"item\":\"https:\\\/\\\/eurecat.org\\\/es\\\/calendario\\\/\"},{\"@type\":\"ListItem\",\"position\":3,\"name\":\"MARBEL project Final Event\"}]},{\"@type\":\"WebSite\",\"@id\":\"https:\\\/\\\/eurecat.org\\\/es\\\/#website\",\"url\":\"https:\\\/\\\/eurecat.org\\\/es\\\/\",\"name\":\"Eurecat\",\"description\":\"Otro sitio realizado con WordPress\",\"potentialAction\":[{\"@type\":\"SearchAction\",\"target\":{\"@type\":\"EntryPoint\",\"urlTemplate\":\"https:\\\/\\\/eurecat.org\\\/es\\\/?s={search_term_string}\"},\"query-input\":{\"@type\":\"PropertyValueSpecification\",\"valueRequired\":true,\"valueName\":\"search_term_string\"}}],\"inLanguage\":\"es\"}]}<\/script>\n<!-- \/ Yoast SEO plugin. -->","yoast_head_json":{"title":"MARBEL project Final Event","description":"Mostrar los resultados del proyecto MARBEL, abricaci\u00f3n y el montaje de bater\u00edas innovadoras, modulares y reutilizables para EV.","robots":{"index":"index","follow":"follow","max-snippet":"max-snippet:-1","max-image-preview":"max-image-preview:large","max-video-preview":"max-video-preview:-1"},"canonical":"https:\/\/eurecat.org\/es\/calendario\/marbel-final-event\/","og_locale":"es_ES","og_type":"article","og_title":"MARBEL project Final Event","og_description":"Mostrar los resultados del proyecto MARBEL, abricaci\u00f3n y el montaje de bater\u00edas innovadoras, modulares y reutilizables para EV.","og_url":"https:\/\/eurecat.org\/es\/calendario\/marbel-final-event\/","og_site_name":"Eurecat","article_modified_time":"2025-01-22T11:38:00+00:00","og_image":[{"width":750,"height":400,"url":"https:\/\/eurecat.org\/wp-content\/uploads\/2025\/01\/MARBEL-Final-event-Agenda.jpg","type":"image\/jpeg"}],"twitter_card":"summary_large_image","twitter_misc":{"Tiempo de lectura":"1 minuto"},"schema":{"@context":"https:\/\/schema.org","@graph":[{"@type":"WebPage","@id":"https:\/\/eurecat.org\/es\/calendario\/marbel-final-event\/","url":"https:\/\/eurecat.org\/es\/calendario\/marbel-final-event\/","name":"MARBEL project Final Event","isPartOf":{"@id":"https:\/\/eurecat.org\/es\/#website"},"primaryImageOfPage":{"@id":"https:\/\/eurecat.org\/es\/calendario\/marbel-final-event\/#primaryimage"},"image":{"@id":"https:\/\/eurecat.org\/es\/calendario\/marbel-final-event\/#primaryimage"},"thumbnailUrl":"https:\/\/eurecat.org\/wp-content\/uploads\/2025\/01\/MARBEL-Final-event-Agenda.jpg","datePublished":"2025-01-22T11:33:49+00:00","dateModified":"2025-01-22T11:38:00+00:00","description":"Mostrar los resultados del proyecto MARBEL, abricaci\u00f3n y el montaje de bater\u00edas innovadoras, modulares y reutilizables para EV.","breadcrumb":{"@id":"https:\/\/eurecat.org\/es\/calendario\/marbel-final-event\/#breadcrumb"},"inLanguage":"es","potentialAction":[{"@type":"ReadAction","target":["https:\/\/eurecat.org\/es\/calendario\/marbel-final-event\/"]}]},{"@type":"ImageObject","inLanguage":"es","@id":"https:\/\/eurecat.org\/es\/calendario\/marbel-final-event\/#primaryimage","url":"https:\/\/eurecat.org\/wp-content\/uploads\/2025\/01\/MARBEL-Final-event-Agenda.jpg","contentUrl":"https:\/\/eurecat.org\/wp-content\/uploads\/2025\/01\/MARBEL-Final-event-Agenda.jpg","width":750,"height":400,"caption":"MARBEL Final event Agenda"},{"@type":"BreadcrumbList","@id":"https:\/\/eurecat.org\/es\/calendario\/marbel-final-event\/#breadcrumb","itemListElement":[{"@type":"ListItem","position":1,"name":"Inici","item":"https:\/\/eurecat.org\/es\/"},{"@type":"ListItem","position":2,"name":"Eventos","item":"https:\/\/eurecat.org\/es\/calendario\/"},{"@type":"ListItem","position":3,"name":"MARBEL project Final Event"}]},{"@type":"WebSite","@id":"https:\/\/eurecat.org\/es\/#website","url":"https:\/\/eurecat.org\/es\/","name":"Eurecat","description":"Otro sitio realizado con WordPress","potentialAction":[{"@type":"SearchAction","target":{"@type":"EntryPoint","urlTemplate":"https:\/\/eurecat.org\/es\/?s={search_term_string}"},"query-input":{"@type":"PropertyValueSpecification","valueRequired":true,"valueName":"search_term_string"}}],"inLanguage":"es"}]}},"_links":{"self":[{"href":"https:\/\/eurecat.org\/es\/wp-json\/wp\/v2\/mec-events\/169802","targetHints":{"allow":["GET"]}}],"collection":[{"href":"https:\/\/eurecat.org\/es\/wp-json\/wp\/v2\/mec-events"}],"about":[{"href":"https:\/\/eurecat.org\/es\/wp-json\/wp\/v2\/types\/mec-events"}],"author":[{"embeddable":true,"href":"https:\/\/eurecat.org\/es\/wp-json\/wp\/v2\/users\/23"}],"replies":[{"embeddable":true,"href":"https:\/\/eurecat.org\/es\/wp-json\/wp\/v2\/comments?post=169802"}],"wp:featuredmedia":[{"embeddable":true,"href":"https:\/\/eurecat.org\/es\/wp-json\/wp\/v2\/media\/169799"}],"wp:attachment":[{"href":"https:\/\/eurecat.org\/es\/wp-json\/wp\/v2\/media?parent=169802"}],"wp:term":[{"taxonomy":"post_tag","embeddable":true,"href":"https:\/\/eurecat.org\/es\/wp-json\/wp\/v2\/tags?post=169802"},{"taxonomy":"mec_category","embeddable":true,"href":"https:\/\/eurecat.org\/es\/wp-json\/wp\/v2\/mec_category?post=169802"}],"curies":[{"name":"wp","href":"https:\/\/api.w.org\/{rel}","templated":true}]}}

<div class="fusion-fullwidth fullwidth-box fusion-builder-row-1 fusion-flex-container nonhundred-percent-fullwidth non-hundred-percent-height-scrolling" style="--awb-border-radius-top-left:0px;--awb-border-radius-top-right:0px;--awb-border-radius-bottom-right:0px;--awb-border-radius-bottom-left:0px;--awb-flex-wrap:wrap;" ><div class="fusion-builder-row fusion-row fusion-flex-align-items-flex-start fusion-flex-content-wrap" style="max-width:1424.8px;margin-left: calc(-4% / 2 );margin-right: calc(-4% / 2 );"><div class="fusion-layout-column fusion_builder_column fusion-builder-column-0 fusion_builder_column_1_1 1_1 fusion-flex-column" style="--awb-bg-size:cover;--awb-width-large:100%;--awb-margin-top-large:0px;--awb-spacing-right-large:1.92%;--awb-margin-bottom-large:0px;--awb-spacing-left-large:1.92%;--awb-width-medium:100%;--awb-spacing-right-medium:1.92%;--awb-spacing-left-medium:1.92%;--awb-width-small:100%;--awb-spacing-right-small:1.92%;--awb-spacing-left-small:1.92%;"><div class="fusion-column-wrapper fusion-flex-justify-content-flex-start fusion-content-layout-column"><div class="fusion-text fusion-text-1"><p>El evento final del <a href="https://eurecat.org/es/portfolio-items/marbel/">proyecto MARBEL</a> tiene como objetivo mostrar las experiencias, los conocimientos y los resultados derivados del proyecto europeo, centrado en la <strong>fabricación y el montaje de baterías innovadoras, modulares y reutilizables para vehículos eléctricos, con el propósito de lograr una movilidad ligera y respetuosa con el medio ambiente</strong>.</p>
<p>Los asistentes profundizarán en los detalles de la fabricación de soluciones avanzadas de baterías para vehículos eléctricos, desde una metodología para incorporar principios de ecodiseño en el diseño de baterías hasta el sistema de gestión de baterías y las innovaciones asociadas. Además, se presentarán procedimientos innovadores de prueba y la evaluación del rendimiento de los paquetes de baterías para su reutilización en aplicaciones de segunda vida. Durante el evento, los asistentes tendrán la oportunidad de conocer de primera mano los paquetes y módulos de baterías de MARBEL.</p>
</div><div style="text-align:center;"><a class="fusion-button button-flat fusion-button-default-size button-default fusion-button-default button-1 fusion-button-default-span fusion-button-default-type" target="_blank" rel="noopener noreferrer" href="https://marbel-project.eu/final-event-next-generation-battery-pack-for-the-automotive-industry/"><span class="fusion-button-text awb-button__text awb-button__text--default">más información e inscripciones</span></a></div><div class="fusion-text fusion-text-2"></div></div></div></div></div>

<!-- This site is optimized with the Yoast SEO plugin v27.5 - https://yoast.com/product/yoast-seo-wordpress/ -->
<title>MARBEL project Final Event</title>
<meta name="description" content="Mostrar los resultados del proyecto MARBEL, abricación y el montaje de baterías innovadoras, modulares y reutilizables para EV." />
<meta name="robots" content="index, follow, max-snippet:-1, max-image-preview:large, max-video-preview:-1" />
<link rel="canonical" href="https://eurecat.org/es/calendario/marbel-final-event/" />
<meta property="og:locale" content="es_ES" />
<meta property="og:type" content="article" />
<meta property="og:title" content="MARBEL project Final Event" />
<meta property="og:description" content="Mostrar los resultados del proyecto MARBEL, abricación y el montaje de baterías innovadoras, modulares y reutilizables para EV." />
<meta property="og:url" content="https://eurecat.org/es/calendario/marbel-final-event/" />
<meta property="og:site_name" content="Eurecat" />
<meta property="article:modified_time" content="2025-01-22T11:38:00+00:00" />
<meta property="og:image" content="https://eurecat.org/wp-content/uploads/2025/01/MARBEL-Final-event-Agenda.jpg" />
	<meta property="og:image:width" content="750" />
	<meta property="og:image:height" content="400" />
	<meta property="og:image:type" content="image/jpeg" />
<meta name="twitter:card" content="summary_large_image" />
<meta name="twitter:label1" content="Tiempo de lectura" />
	<meta name="twitter:data1" content="1 minuto" />
<script type="application/ld+json" class="yoast-schema-graph">{"@context":"https:\/\/schema.org","@graph":[{"@type":"WebPage","@id":"https:\/\/eurecat.org\/es\/calendario\/marbel-final-event\/","url":"https:\/\/eurecat.org\/es\/calendario\/marbel-final-event\/","name":"MARBEL project Final Event","isPartOf":{"@id":"https:\/\/eurecat.org\/es\/#website"},"primaryImageOfPage":{"@id":"https:\/\/eurecat.org\/es\/calendario\/marbel-final-event\/#primaryimage"},"image":{"@id":"https:\/\/eurecat.org\/es\/calendario\/marbel-final-event\/#primaryimage"},"thumbnailUrl":"https:\/\/eurecat.org\/wp-content\/uploads\/2025\/01\/MARBEL-Final-event-Agenda.jpg","datePublished":"2025-01-22T11:33:49+00:00","dateModified":"2025-01-22T11:38:00+00:00","description":"Mostrar los resultados del proyecto MARBEL, abricación y el montaje de baterías innovadoras, modulares y reutilizables para EV.","breadcrumb":{"@id":"https:\/\/eurecat.org\/es\/calendario\/marbel-final-event\/#breadcrumb"},"inLanguage":"es","potentialAction":[{"@type":"ReadAction","target":["https:\/\/eurecat.org\/es\/calendario\/marbel-final-event\/"]}]},{"@type":"ImageObject","inLanguage":"es","@id":"https:\/\/eurecat.org\/es\/calendario\/marbel-final-event\/#primaryimage","url":"https:\/\/eurecat.org\/wp-content\/uploads\/2025\/01\/MARBEL-Final-event-Agenda.jpg","contentUrl":"https:\/\/eurecat.org\/wp-content\/uploads\/2025\/01\/MARBEL-Final-event-Agenda.jpg","width":750,"height":400,"caption":"MARBEL Final event Agenda"},{"@type":"BreadcrumbList","@id":"https:\/\/eurecat.org\/es\/calendario\/marbel-final-event\/#breadcrumb","itemListElement":[{"@type":"ListItem","position":1,"name":"Inici","item":"https:\/\/eurecat.org\/es\/"},{"@type":"ListItem","position":2,"name":"Eventos","item":"https:\/\/eurecat.org\/es\/calendario\/"},{"@type":"ListItem","position":3,"name":"MARBEL project Final Event"}]},{"@type":"WebSite","@id":"https:\/\/eurecat.org\/es\/#website","url":"https:\/\/eurecat.org\/es\/","name":"Eurecat","description":"Otro sitio realizado con WordPress","potentialAction":[{"@type":"SearchAction","target":{"@type":"EntryPoint","urlTemplate":"https:\/\/eurecat.org\/es\/?s={search_term_string}"},"query-input":{"@type":"PropertyValueSpecification","valueRequired":true,"valueName":"search_term_string"}}],"inLanguage":"es"}]}</script>
<!-- / Yoast SEO plugin. -->

Mostrar los resultados del proyecto MARBEL, abricación y el montaje de baterías innovadoras, modulares y reutilizables para EV.
