{"id":179217,"date":"2025-05-06T08:51:42","date_gmt":"2025-05-06T06:51:42","guid":{"rendered":"https:\/\/eurecat.org\/?post_type=mec-events&#038;p=179217"},"modified":"2025-05-06T09:12:44","modified_gmt":"2025-05-06T07:12:44","slug":"expobages-2025","status":"publish","type":"mec-events","link":"https:\/\/eurecat.org\/es\/calendario\/expobages-2025\/","title":{"rendered":"ExpoBages 2025"},"content":{"rendered":"<div class=\"fusion-fullwidth fullwidth-box fusion-builder-row-1 fusion-flex-container has-pattern-background has-mask-background nonhundred-percent-fullwidth non-hundred-percent-height-scrolling\" style=\"--awb-border-radius-top-left:0px;--awb-border-radius-top-right:0px;--awb-border-radius-bottom-right:0px;--awb-border-radius-bottom-left:0px;--awb-flex-wrap:wrap;\" ><div class=\"fusion-builder-row fusion-row fusion-flex-align-items-flex-start fusion-flex-content-wrap\" style=\"max-width:1424.8px;margin-left: calc(-4% \/ 2 );margin-right: calc(-4% \/ 2 );\"><div class=\"fusion-layout-column fusion_builder_column fusion-builder-column-0 fusion_builder_column_1_1 1_1 fusion-flex-column\" style=\"--awb-bg-size:cover;--awb-width-large:100%;--awb-margin-top-large:0px;--awb-spacing-right-large:1.92%;--awb-margin-bottom-large:20px;--awb-spacing-left-large:1.92%;--awb-width-medium:100%;--awb-order-medium:0;--awb-spacing-right-medium:1.92%;--awb-spacing-left-medium:1.92%;--awb-width-small:100%;--awb-order-small:0;--awb-spacing-right-small:1.92%;--awb-spacing-left-small:1.92%;\"><div class=\"fusion-column-wrapper fusion-column-has-shadow fusion-flex-justify-content-flex-start fusion-content-layout-column\"><div class=\"fusion-text fusion-text-1\"><div>Eurecat volver\u00e1 a estar presente a la feria multisectorial <a href=\"https:\/\/web.firamanresa.cat\/expobages\/\" target=\"_blank\" rel=\"noopener\"><strong>ExpoBAGES<\/strong><\/a>\u00a0que tiene lugar a Manresa, en un nuevo emplazamiento en la Avenida Universitaria. El centro tecnol\u00f3gico estar\u00e1 con un <strong>estand expositor en la zona tecnol\u00f3gica para profesionales y p\u00fablico general<\/strong> entre el 24 y el 25 de mayo para mostrar los adelantos en tecnolog\u00eda e innovaci\u00f3n del centro de referencia en el territorio.<\/div>\n<div><\/div>\n<div><strong><br \/>\nActividad Eurecat<\/strong><br \/>\nEurecat prepara una <strong>jornada de visita el martes 20 de mayo a las 18:00h<\/strong>, en su sede de Manresa por todos aquellos que quieren descubrir que hace un centro de investigaci\u00f3n, cu\u00e1l es su d\u00eda a d\u00eda, y que aporta a la sociedad en un formato tecnol\u00f3gico muy arraigado en el territorio.<br \/>\n<strong>Descubre m\u00e1s en <a href=\"https:\/\/web.firamanresa.cat\/expobages\/menu\/8893-programa\" target=\"_blank\" rel=\"noopener\">https:\/\/web.firamanresa.cat\/expobages\/menu\/8893-programa<\/a><\/strong><\/div>\n<div><\/div>\n<div><strong><br \/>\nSobre ExpoBAGES<\/strong><br \/>\nUna feria multisectorial de referencia en el territorio. La feria se extiende por las principales calles del centro de Manresa y combina la oferta propia de una feria multisectorial con paradas de artesanos y comercio abierto durante todo el fin de semana. Entre los expositores, hay representados los sectores del autom\u00f3vil, la artesan\u00eda, la salud y el deporte, el turismo, los servicios a las personas y la alimentaci\u00f3n, la innovaci\u00f3n, la industria o la tecnolog\u00eda, entre otras.<br \/>\n<strong>Conoce m\u00e1s en <a href=\"https:\/\/web.firamanresa.cat\/expobages\/\" target=\"_blank\" rel=\"noopener\">https:\/\/web.firamanresa.cat\/expobages\/<\/a><\/strong><\/div>\n<\/div><\/div><\/div><\/div><\/div>\n","protected":false},"excerpt":{"rendered":"","protected":false},"author":20,"featured_media":179216,"comment_status":"open","ping_status":"closed","template":"","tags":[],"mec_category":[975],"class_list":["post-179217","mec-events","type-mec-events","status-publish","has-post-thumbnail","hentry","mec_category-fires-on-participa-eurecat"],"yoast_head":"<!-- This site is optimized with the Yoast SEO plugin v27.4 - https:\/\/yoast.com\/product\/yoast-seo-wordpress\/ -->\n<title>ExpoBages 2025ExpoBages 2025 - Eurecat<\/title>\n<meta name=\"description\" content=\"Eurecat vuelve a la feria multisectorial ExpoBAGES con un estand expositor en la zona tecnol\u00f3gica para profesionales y p\u00fablico general\" \/>\n<meta name=\"robots\" content=\"index, follow, max-snippet:-1, max-image-preview:large, max-video-preview:-1\" \/>\n<link rel=\"canonical\" href=\"https:\/\/eurecat.org\/es\/calendario\/expobages-2025\/\" \/>\n<meta property=\"og:locale\" content=\"es_ES\" \/>\n<meta property=\"og:type\" content=\"article\" \/>\n<meta property=\"og:title\" content=\"ExpoBages 2025ExpoBages 2025 - Eurecat\" \/>\n<meta property=\"og:description\" content=\"Eurecat vuelve a la feria multisectorial ExpoBAGES con un estand expositor en la zona tecnol\u00f3gica para profesionales y p\u00fablico general\" \/>\n<meta property=\"og:url\" content=\"https:\/\/eurecat.org\/es\/calendario\/expobages-2025\/\" \/>\n<meta property=\"og:site_name\" content=\"Eurecat\" \/>\n<meta property=\"article:modified_time\" content=\"2025-05-06T07:12:44+00:00\" \/>\n<meta property=\"og:image\" content=\"https:\/\/eurecat.org\/wp-content\/uploads\/2025\/05\/EXPOBAGES2025.jpg\" \/>\n\t<meta property=\"og:image:width\" content=\"750\" \/>\n\t<meta property=\"og:image:height\" content=\"400\" \/>\n\t<meta property=\"og:image:type\" content=\"image\/jpeg\" \/>\n<meta name=\"twitter:card\" content=\"summary_large_image\" \/>\n<meta name=\"twitter:label1\" content=\"Tiempo de lectura\" \/>\n\t<meta name=\"twitter:data1\" content=\"2 minutos\" \/>\n<script type=\"application\/ld+json\" class=\"yoast-schema-graph\">{\"@context\":\"https:\\\/\\\/schema.org\",\"@graph\":[{\"@type\":\"WebPage\",\"@id\":\"https:\\\/\\\/eurecat.org\\\/es\\\/calendario\\\/expobages-2025\\\/\",\"url\":\"https:\\\/\\\/eurecat.org\\\/es\\\/calendario\\\/expobages-2025\\\/\",\"name\":\"ExpoBages 2025ExpoBages 2025 - Eurecat\",\"isPartOf\":{\"@id\":\"https:\\\/\\\/eurecat.org\\\/es\\\/#website\"},\"primaryImageOfPage\":{\"@id\":\"https:\\\/\\\/eurecat.org\\\/es\\\/calendario\\\/expobages-2025\\\/#primaryimage\"},\"image\":{\"@id\":\"https:\\\/\\\/eurecat.org\\\/es\\\/calendario\\\/expobages-2025\\\/#primaryimage\"},\"thumbnailUrl\":\"https:\\\/\\\/eurecat.org\\\/wp-content\\\/uploads\\\/2025\\\/05\\\/EXPOBAGES2025.jpg\",\"datePublished\":\"2025-05-06T06:51:42+00:00\",\"dateModified\":\"2025-05-06T07:12:44+00:00\",\"description\":\"Eurecat vuelve a la feria multisectorial ExpoBAGES con un estand expositor en la zona tecnol\u00f3gica para profesionales y p\u00fablico general\",\"breadcrumb\":{\"@id\":\"https:\\\/\\\/eurecat.org\\\/es\\\/calendario\\\/expobages-2025\\\/#breadcrumb\"},\"inLanguage\":\"es\",\"potentialAction\":[{\"@type\":\"ReadAction\",\"target\":[\"https:\\\/\\\/eurecat.org\\\/es\\\/calendario\\\/expobages-2025\\\/\"]}]},{\"@type\":\"ImageObject\",\"inLanguage\":\"es\",\"@id\":\"https:\\\/\\\/eurecat.org\\\/es\\\/calendario\\\/expobages-2025\\\/#primaryimage\",\"url\":\"https:\\\/\\\/eurecat.org\\\/wp-content\\\/uploads\\\/2025\\\/05\\\/EXPOBAGES2025.jpg\",\"contentUrl\":\"https:\\\/\\\/eurecat.org\\\/wp-content\\\/uploads\\\/2025\\\/05\\\/EXPOBAGES2025.jpg\",\"width\":750,\"height\":400},{\"@type\":\"BreadcrumbList\",\"@id\":\"https:\\\/\\\/eurecat.org\\\/es\\\/calendario\\\/expobages-2025\\\/#breadcrumb\",\"itemListElement\":[{\"@type\":\"ListItem\",\"position\":1,\"name\":\"Inici\",\"item\":\"https:\\\/\\\/eurecat.org\\\/es\\\/\"},{\"@type\":\"ListItem\",\"position\":2,\"name\":\"Eventos\",\"item\":\"https:\\\/\\\/eurecat.org\\\/es\\\/calendario\\\/\"},{\"@type\":\"ListItem\",\"position\":3,\"name\":\"ExpoBages 2025\"}]},{\"@type\":\"WebSite\",\"@id\":\"https:\\\/\\\/eurecat.org\\\/es\\\/#website\",\"url\":\"https:\\\/\\\/eurecat.org\\\/es\\\/\",\"name\":\"Eurecat\",\"description\":\"Otro sitio realizado con WordPress\",\"potentialAction\":[{\"@type\":\"SearchAction\",\"target\":{\"@type\":\"EntryPoint\",\"urlTemplate\":\"https:\\\/\\\/eurecat.org\\\/es\\\/?s={search_term_string}\"},\"query-input\":{\"@type\":\"PropertyValueSpecification\",\"valueRequired\":true,\"valueName\":\"search_term_string\"}}],\"inLanguage\":\"es\"}]}<\/script>\n<!-- \/ Yoast SEO plugin. -->","yoast_head_json":{"title":"ExpoBages 2025ExpoBages 2025 - Eurecat","description":"Eurecat vuelve a la feria multisectorial ExpoBAGES con un estand expositor en la zona tecnol\u00f3gica para profesionales y p\u00fablico general","robots":{"index":"index","follow":"follow","max-snippet":"max-snippet:-1","max-image-preview":"max-image-preview:large","max-video-preview":"max-video-preview:-1"},"canonical":"https:\/\/eurecat.org\/es\/calendario\/expobages-2025\/","og_locale":"es_ES","og_type":"article","og_title":"ExpoBages 2025ExpoBages 2025 - Eurecat","og_description":"Eurecat vuelve a la feria multisectorial ExpoBAGES con un estand expositor en la zona tecnol\u00f3gica para profesionales y p\u00fablico general","og_url":"https:\/\/eurecat.org\/es\/calendario\/expobages-2025\/","og_site_name":"Eurecat","article_modified_time":"2025-05-06T07:12:44+00:00","og_image":[{"width":750,"height":400,"url":"https:\/\/eurecat.org\/wp-content\/uploads\/2025\/05\/EXPOBAGES2025.jpg","type":"image\/jpeg"}],"twitter_card":"summary_large_image","twitter_misc":{"Tiempo de lectura":"2 minutos"},"schema":{"@context":"https:\/\/schema.org","@graph":[{"@type":"WebPage","@id":"https:\/\/eurecat.org\/es\/calendario\/expobages-2025\/","url":"https:\/\/eurecat.org\/es\/calendario\/expobages-2025\/","name":"ExpoBages 2025ExpoBages 2025 - Eurecat","isPartOf":{"@id":"https:\/\/eurecat.org\/es\/#website"},"primaryImageOfPage":{"@id":"https:\/\/eurecat.org\/es\/calendario\/expobages-2025\/#primaryimage"},"image":{"@id":"https:\/\/eurecat.org\/es\/calendario\/expobages-2025\/#primaryimage"},"thumbnailUrl":"https:\/\/eurecat.org\/wp-content\/uploads\/2025\/05\/EXPOBAGES2025.jpg","datePublished":"2025-05-06T06:51:42+00:00","dateModified":"2025-05-06T07:12:44+00:00","description":"Eurecat vuelve a la feria multisectorial ExpoBAGES con un estand expositor en la zona tecnol\u00f3gica para profesionales y p\u00fablico general","breadcrumb":{"@id":"https:\/\/eurecat.org\/es\/calendario\/expobages-2025\/#breadcrumb"},"inLanguage":"es","potentialAction":[{"@type":"ReadAction","target":["https:\/\/eurecat.org\/es\/calendario\/expobages-2025\/"]}]},{"@type":"ImageObject","inLanguage":"es","@id":"https:\/\/eurecat.org\/es\/calendario\/expobages-2025\/#primaryimage","url":"https:\/\/eurecat.org\/wp-content\/uploads\/2025\/05\/EXPOBAGES2025.jpg","contentUrl":"https:\/\/eurecat.org\/wp-content\/uploads\/2025\/05\/EXPOBAGES2025.jpg","width":750,"height":400},{"@type":"BreadcrumbList","@id":"https:\/\/eurecat.org\/es\/calendario\/expobages-2025\/#breadcrumb","itemListElement":[{"@type":"ListItem","position":1,"name":"Inici","item":"https:\/\/eurecat.org\/es\/"},{"@type":"ListItem","position":2,"name":"Eventos","item":"https:\/\/eurecat.org\/es\/calendario\/"},{"@type":"ListItem","position":3,"name":"ExpoBages 2025"}]},{"@type":"WebSite","@id":"https:\/\/eurecat.org\/es\/#website","url":"https:\/\/eurecat.org\/es\/","name":"Eurecat","description":"Otro sitio realizado con WordPress","potentialAction":[{"@type":"SearchAction","target":{"@type":"EntryPoint","urlTemplate":"https:\/\/eurecat.org\/es\/?s={search_term_string}"},"query-input":{"@type":"PropertyValueSpecification","valueRequired":true,"valueName":"search_term_string"}}],"inLanguage":"es"}]}},"_links":{"self":[{"href":"https:\/\/eurecat.org\/es\/wp-json\/wp\/v2\/mec-events\/179217","targetHints":{"allow":["GET"]}}],"collection":[{"href":"https:\/\/eurecat.org\/es\/wp-json\/wp\/v2\/mec-events"}],"about":[{"href":"https:\/\/eurecat.org\/es\/wp-json\/wp\/v2\/types\/mec-events"}],"author":[{"embeddable":true,"href":"https:\/\/eurecat.org\/es\/wp-json\/wp\/v2\/users\/20"}],"replies":[{"embeddable":true,"href":"https:\/\/eurecat.org\/es\/wp-json\/wp\/v2\/comments?post=179217"}],"wp:featuredmedia":[{"embeddable":true,"href":"https:\/\/eurecat.org\/es\/wp-json\/wp\/v2\/media\/179216"}],"wp:attachment":[{"href":"https:\/\/eurecat.org\/es\/wp-json\/wp\/v2\/media?parent=179217"}],"wp:term":[{"taxonomy":"post_tag","embeddable":true,"href":"https:\/\/eurecat.org\/es\/wp-json\/wp\/v2\/tags?post=179217"},{"taxonomy":"mec_category","embeddable":true,"href":"https:\/\/eurecat.org\/es\/wp-json\/wp\/v2\/mec_category?post=179217"}],"curies":[{"name":"wp","href":"https:\/\/api.w.org\/{rel}","templated":true}]}}

<div class="fusion-fullwidth fullwidth-box fusion-builder-row-1 fusion-flex-container has-pattern-background has-mask-background nonhundred-percent-fullwidth non-hundred-percent-height-scrolling" style="--awb-border-radius-top-left:0px;--awb-border-radius-top-right:0px;--awb-border-radius-bottom-right:0px;--awb-border-radius-bottom-left:0px;--awb-flex-wrap:wrap;" ><div class="fusion-builder-row fusion-row fusion-flex-align-items-flex-start fusion-flex-content-wrap" style="max-width:1424.8px;margin-left: calc(-4% / 2 );margin-right: calc(-4% / 2 );"><div class="fusion-layout-column fusion_builder_column fusion-builder-column-0 fusion_builder_column_1_1 1_1 fusion-flex-column" style="--awb-bg-size:cover;--awb-width-large:100%;--awb-margin-top-large:0px;--awb-spacing-right-large:1.92%;--awb-margin-bottom-large:20px;--awb-spacing-left-large:1.92%;--awb-width-medium:100%;--awb-order-medium:0;--awb-spacing-right-medium:1.92%;--awb-spacing-left-medium:1.92%;--awb-width-small:100%;--awb-order-small:0;--awb-spacing-right-small:1.92%;--awb-spacing-left-small:1.92%;"><div class="fusion-column-wrapper fusion-column-has-shadow fusion-flex-justify-content-flex-start fusion-content-layout-column"><div class="fusion-text fusion-text-1"><div>Eurecat volverá a estar presente a la feria multisectorial <a href="https://web.firamanresa.cat/expobages/" target="_blank" rel="noopener"><strong>ExpoBAGES</strong></a> que tiene lugar a Manresa, en un nuevo emplazamiento en la Avenida Universitaria. El centro tecnológico estará con un <strong>estand expositor en la zona tecnológica para profesionales y público general</strong> entre el 24 y el 25 de mayo para mostrar los adelantos en tecnología e innovación del centro de referencia en el territorio.</div>
<div></div>
<div><strong><br />
Actividad Eurecat</strong><br />
Eurecat prepara una <strong>jornada de visita el martes 20 de mayo a las 18:00h</strong>, en su sede de Manresa por todos aquellos que quieren descubrir que hace un centro de investigación, cuál es su día a día, y que aporta a la sociedad en un formato tecnológico muy arraigado en el territorio.<br />
<strong>Descubre más en <a href="https://web.firamanresa.cat/expobages/menu/8893-programa" target="_blank" rel="noopener">https://web.firamanresa.cat/expobages/menu/8893-programa</a></strong></div>
<div></div>
<div><strong><br />
Sobre ExpoBAGES</strong><br />
Una feria multisectorial de referencia en el territorio. La feria se extiende por las principales calles del centro de Manresa y combina la oferta propia de una feria multisectorial con paradas de artesanos y comercio abierto durante todo el fin de semana. Entre los expositores, hay representados los sectores del automóvil, la artesanía, la salud y el deporte, el turismo, los servicios a las personas y la alimentación, la innovación, la industria o la tecnología, entre otras.<br />
<strong>Conoce más en <a href="https://web.firamanresa.cat/expobages/" target="_blank" rel="noopener">https://web.firamanresa.cat/expobages/</a></strong></div>
</div></div></div></div></div>

<!-- This site is optimized with the Yoast SEO plugin v27.4 - https://yoast.com/product/yoast-seo-wordpress/ -->
<title>ExpoBages 2025ExpoBages 2025 - Eurecat</title>
<meta name="description" content="Eurecat vuelve a la feria multisectorial ExpoBAGES con un estand expositor en la zona tecnológica para profesionales y público general" />
<meta name="robots" content="index, follow, max-snippet:-1, max-image-preview:large, max-video-preview:-1" />
<link rel="canonical" href="https://eurecat.org/es/calendario/expobages-2025/" />
<meta property="og:locale" content="es_ES" />
<meta property="og:type" content="article" />
<meta property="og:title" content="ExpoBages 2025ExpoBages 2025 - Eurecat" />
<meta property="og:description" content="Eurecat vuelve a la feria multisectorial ExpoBAGES con un estand expositor en la zona tecnológica para profesionales y público general" />
<meta property="og:url" content="https://eurecat.org/es/calendario/expobages-2025/" />
<meta property="og:site_name" content="Eurecat" />
<meta property="article:modified_time" content="2025-05-06T07:12:44+00:00" />
<meta property="og:image" content="https://eurecat.org/wp-content/uploads/2025/05/EXPOBAGES2025.jpg" />
	<meta property="og:image:width" content="750" />
	<meta property="og:image:height" content="400" />
	<meta property="og:image:type" content="image/jpeg" />
<meta name="twitter:card" content="summary_large_image" />
<meta name="twitter:label1" content="Tiempo de lectura" />
	<meta name="twitter:data1" content="2 minutos" />
<script type="application/ld+json" class="yoast-schema-graph">{"@context":"https:\/\/schema.org","@graph":[{"@type":"WebPage","@id":"https:\/\/eurecat.org\/es\/calendario\/expobages-2025\/","url":"https:\/\/eurecat.org\/es\/calendario\/expobages-2025\/","name":"ExpoBages 2025ExpoBages 2025 - Eurecat","isPartOf":{"@id":"https:\/\/eurecat.org\/es\/#website"},"primaryImageOfPage":{"@id":"https:\/\/eurecat.org\/es\/calendario\/expobages-2025\/#primaryimage"},"image":{"@id":"https:\/\/eurecat.org\/es\/calendario\/expobages-2025\/#primaryimage"},"thumbnailUrl":"https:\/\/eurecat.org\/wp-content\/uploads\/2025\/05\/EXPOBAGES2025.jpg","datePublished":"2025-05-06T06:51:42+00:00","dateModified":"2025-05-06T07:12:44+00:00","description":"Eurecat vuelve a la feria multisectorial ExpoBAGES con un estand expositor en la zona tecnológica para profesionales y público general","breadcrumb":{"@id":"https:\/\/eurecat.org\/es\/calendario\/expobages-2025\/#breadcrumb"},"inLanguage":"es","potentialAction":[{"@type":"ReadAction","target":["https:\/\/eurecat.org\/es\/calendario\/expobages-2025\/"]}]},{"@type":"ImageObject","inLanguage":"es","@id":"https:\/\/eurecat.org\/es\/calendario\/expobages-2025\/#primaryimage","url":"https:\/\/eurecat.org\/wp-content\/uploads\/2025\/05\/EXPOBAGES2025.jpg","contentUrl":"https:\/\/eurecat.org\/wp-content\/uploads\/2025\/05\/EXPOBAGES2025.jpg","width":750,"height":400},{"@type":"BreadcrumbList","@id":"https:\/\/eurecat.org\/es\/calendario\/expobages-2025\/#breadcrumb","itemListElement":[{"@type":"ListItem","position":1,"name":"Inici","item":"https:\/\/eurecat.org\/es\/"},{"@type":"ListItem","position":2,"name":"Eventos","item":"https:\/\/eurecat.org\/es\/calendario\/"},{"@type":"ListItem","position":3,"name":"ExpoBages 2025"}]},{"@type":"WebSite","@id":"https:\/\/eurecat.org\/es\/#website","url":"https:\/\/eurecat.org\/es\/","name":"Eurecat","description":"Otro sitio realizado con WordPress","potentialAction":[{"@type":"SearchAction","target":{"@type":"EntryPoint","urlTemplate":"https:\/\/eurecat.org\/es\/?s={search_term_string}"},"query-input":{"@type":"PropertyValueSpecification","valueRequired":true,"valueName":"search_term_string"}}],"inLanguage":"es"}]}</script>
<!-- / Yoast SEO plugin. -->

Eurecat vuelve a la feria multisectorial ExpoBAGES con un estand expositor en la zona tecnológica para profesionales y público general
