{"id":186076,"date":"2025-08-12T11:26:10","date_gmt":"2025-08-12T09:26:10","guid":{"rendered":"https:\/\/eurecat.org\/calendar\/meetech-spain-centros-tecnologicos-2025\/"},"modified":"2025-10-17T13:14:45","modified_gmt":"2025-10-17T11:14:45","slug":"meetech-spain-centros-tecnologicos-2025","status":"publish","type":"mec-events","link":"https:\/\/eurecat.org\/es\/calendario\/meetech-spain-centros-tecnologicos-2025\/","title":{"rendered":"Meetech Spain Centros Tecnol\u00f3gicos"},"content":{"rendered":"<div class=\"fusion-fullwidth fullwidth-box fusion-builder-row-1 fusion-flex-container has-pattern-background has-mask-background nonhundred-percent-fullwidth non-hundred-percent-height-scrolling\" style=\"--awb-border-radius-top-left:0px;--awb-border-radius-top-right:0px;--awb-border-radius-bottom-right:0px;--awb-border-radius-bottom-left:0px;--awb-flex-wrap:wrap;\" ><div class=\"fusion-builder-row fusion-row fusion-flex-align-items-flex-start fusion-flex-content-wrap\" style=\"max-width:1424.8px;margin-left: calc(-4% \/ 2 );margin-right: calc(-4% \/ 2 );\"><div class=\"fusion-layout-column fusion_builder_column fusion-builder-column-0 fusion_builder_column_1_1 1_1 fusion-flex-column\" style=\"--awb-bg-size:cover;--awb-width-large:100%;--awb-margin-top-large:0px;--awb-spacing-right-large:1.92%;--awb-margin-bottom-large:20px;--awb-spacing-left-large:1.92%;--awb-width-medium:100%;--awb-order-medium:0;--awb-spacing-right-medium:1.92%;--awb-spacing-left-medium:1.92%;--awb-width-small:100%;--awb-order-small:0;--awb-spacing-right-small:1.92%;--awb-spacing-left-small:1.92%;\"><div class=\"fusion-column-wrapper fusion-column-has-shadow fusion-flex-justify-content-flex-start fusion-content-layout-column\"><div class=\"fusion-text fusion-text-1\"><p>Eurecat est\u00e1 presente, un a\u00f1o m\u00e1s, en este evento <strong>referente en el ecosistema innovador espa\u00f1ol<\/strong> que tendr\u00e1 lugar el d\u00eda<strong>\u00a013 de noviembre en Madrid<\/strong>.<\/p>\n<p><span class=\"ui-provider a b c d e f g h i j k l m n o p q r s t u v w x y z ab ac ae af ag ah ai aj ak\" dir=\"ltr\"><strong>El centro tecnol\u00f3gico es parte del comit\u00e9 organizador<\/strong>, tendr\u00e1 un <strong>espacio expositor en la zona Tech &amp; Touch<\/strong> para mostrar demostradores y participa en diversas intervenciones como ponentes.<\/span><\/p>\n<p>Nuestros investigadores participar\u00e1n en el <strong>Challenge tecnol\u00f3gico en formato hackaton<\/strong> entre equipos multidisciplinares que tendr\u00e1 que proponer soluciones innovadoras a un reto tecnol\u00f3gico real ofrecido por una empresa.<\/p>\n<p>Tambi\u00e9n participamos en el apartado<strong>\u00a0Foro Principal<\/strong> con dos mesas, en concreto:<\/p>\n<p>Mesa 4 \u2013 <strong>Jos\u00e9 Jorge Esp\u00ed<\/strong>, investigador de la unidad de Residuos, Energ\u00eda e Impacto ambiental de Eurecat \u2013 <em>\u201cEl verdadero reto de la sostenibilidad: el ciclo de vida como oportunidad\u201d.<\/em><\/p>\n<p>Mesa 7 \u2013 <strong>Xavier L\u00f3pez<\/strong>, director general de Eurecat \u2013 <em>\u201c\u00bfC\u00f3mo la innovaci\u00f3n de los Centros Tecnol\u00f3gicos est\u00e1 mejorando nuestra econom\u00eda y nuestra sociedad? Estudios de impacto\u201d.<\/em><\/p>\n<p><strong>Acerca del Meetech Spain Centros Tecnol\u00f3gicos<\/strong><\/p>\n<p>MeetechSpain es un evento disruptivo que pretende ser referente al ecosistema innovador espa\u00f1ol. Es un espacio \u00fanico de encuentro, conexi\u00f3n y cooperaci\u00f3n entre Centros Tecnol\u00f3gicos, organismos de investigaci\u00f3n y empresas gracias al principal elemento que les une: la tecnolog\u00eda.<\/p>\n<\/div><div style=\"text-align:center;\"><a class=\"fusion-button button-flat fusion-button-default-size button-default fusion-button-default button-1 fusion-button-default-span fusion-button-default-type\" target=\"_blank\" rel=\"noopener noreferrer\" href=\"https:\/\/www.meetechspain.com\/\"><span class=\"fusion-button-text awb-button__text awb-button__text--default\">Conoce aqu\u00ed todo sobre el Meetech Spain 2025<\/span><\/a><\/div><\/div><\/div><\/div><\/div>\n","protected":false},"excerpt":{"rendered":"","protected":false},"author":12,"featured_media":186073,"comment_status":"closed","ping_status":"closed","template":"","tags":[],"mec_category":[976,975],"class_list":["post-186076","mec-events","type-mec-events","status-publish","has-post-thumbnail","hentry","mec_category-congresos-organizados-por-eurecat-es","mec_category-fires-on-participa-eurecat"],"yoast_head":"<!-- This site is optimized with the Yoast SEO plugin v27.4 - https:\/\/yoast.com\/product\/yoast-seo-wordpress\/ -->\n<title>Meetech Spain Centros Tecnol\u00f3gicos - Eurecat<\/title>\n<meta name=\"description\" content=\"Eurecat hi \u00e9s present a la zona d\u2019exposici\u00f3 amb un estand i participem tamb\u00e9 amb diverses pon\u00e8ncies dins del programa del Meetech Spain\" \/>\n<meta name=\"robots\" content=\"index, follow, max-snippet:-1, max-image-preview:large, max-video-preview:-1\" \/>\n<link rel=\"canonical\" href=\"https:\/\/eurecat.org\/es\/calendario\/meetech-spain-centros-tecnologicos-2025\/\" \/>\n<meta property=\"og:locale\" content=\"es_ES\" \/>\n<meta property=\"og:type\" content=\"article\" \/>\n<meta property=\"og:title\" content=\"Meetech Spain Centros Tecnol\u00f3gicos - Eurecat\" \/>\n<meta property=\"og:description\" content=\"Eurecat hi \u00e9s present a la zona d\u2019exposici\u00f3 amb un estand i participem tamb\u00e9 amb diverses pon\u00e8ncies dins del programa del Meetech Spain\" \/>\n<meta property=\"og:url\" content=\"https:\/\/eurecat.org\/es\/calendario\/meetech-spain-centros-tecnologicos-2025\/\" \/>\n<meta property=\"og:site_name\" content=\"Eurecat\" \/>\n<meta property=\"article:modified_time\" content=\"2025-10-17T11:14:45+00:00\" \/>\n<meta property=\"og:image\" content=\"https:\/\/eurecat.org\/wp-content\/uploads\/2025\/08\/IMG-destacada-meetech-2025.jpg\" \/>\n\t<meta property=\"og:image:width\" content=\"750\" \/>\n\t<meta property=\"og:image:height\" content=\"400\" \/>\n\t<meta property=\"og:image:type\" content=\"image\/jpeg\" \/>\n<meta name=\"twitter:card\" content=\"summary_large_image\" \/>\n<meta name=\"twitter:label1\" content=\"Tiempo de lectura\" \/>\n\t<meta name=\"twitter:data1\" content=\"1 minuto\" \/>\n<script type=\"application\/ld+json\" class=\"yoast-schema-graph\">{\"@context\":\"https:\\\/\\\/schema.org\",\"@graph\":[{\"@type\":\"WebPage\",\"@id\":\"https:\\\/\\\/eurecat.org\\\/es\\\/calendario\\\/meetech-spain-centros-tecnologicos-2025\\\/\",\"url\":\"https:\\\/\\\/eurecat.org\\\/es\\\/calendario\\\/meetech-spain-centros-tecnologicos-2025\\\/\",\"name\":\"Meetech Spain Centros Tecnol\u00f3gicos - Eurecat\",\"isPartOf\":{\"@id\":\"https:\\\/\\\/eurecat.org\\\/es\\\/#website\"},\"primaryImageOfPage\":{\"@id\":\"https:\\\/\\\/eurecat.org\\\/es\\\/calendario\\\/meetech-spain-centros-tecnologicos-2025\\\/#primaryimage\"},\"image\":{\"@id\":\"https:\\\/\\\/eurecat.org\\\/es\\\/calendario\\\/meetech-spain-centros-tecnologicos-2025\\\/#primaryimage\"},\"thumbnailUrl\":\"https:\\\/\\\/eurecat.org\\\/wp-content\\\/uploads\\\/2025\\\/08\\\/IMG-destacada-meetech-2025.jpg\",\"datePublished\":\"2025-08-12T09:26:10+00:00\",\"dateModified\":\"2025-10-17T11:14:45+00:00\",\"description\":\"Eurecat hi \u00e9s present a la zona d\u2019exposici\u00f3 amb un estand i participem tamb\u00e9 amb diverses pon\u00e8ncies dins del programa del Meetech Spain\",\"breadcrumb\":{\"@id\":\"https:\\\/\\\/eurecat.org\\\/es\\\/calendario\\\/meetech-spain-centros-tecnologicos-2025\\\/#breadcrumb\"},\"inLanguage\":\"es\",\"potentialAction\":[{\"@type\":\"ReadAction\",\"target\":[\"https:\\\/\\\/eurecat.org\\\/es\\\/calendario\\\/meetech-spain-centros-tecnologicos-2025\\\/\"]}]},{\"@type\":\"ImageObject\",\"inLanguage\":\"es\",\"@id\":\"https:\\\/\\\/eurecat.org\\\/es\\\/calendario\\\/meetech-spain-centros-tecnologicos-2025\\\/#primaryimage\",\"url\":\"https:\\\/\\\/eurecat.org\\\/wp-content\\\/uploads\\\/2025\\\/08\\\/IMG-destacada-meetech-2025.jpg\",\"contentUrl\":\"https:\\\/\\\/eurecat.org\\\/wp-content\\\/uploads\\\/2025\\\/08\\\/IMG-destacada-meetech-2025.jpg\",\"width\":750,\"height\":400},{\"@type\":\"BreadcrumbList\",\"@id\":\"https:\\\/\\\/eurecat.org\\\/es\\\/calendario\\\/meetech-spain-centros-tecnologicos-2025\\\/#breadcrumb\",\"itemListElement\":[{\"@type\":\"ListItem\",\"position\":1,\"name\":\"Inici\",\"item\":\"https:\\\/\\\/eurecat.org\\\/es\\\/\"},{\"@type\":\"ListItem\",\"position\":2,\"name\":\"Eventos\",\"item\":\"https:\\\/\\\/eurecat.org\\\/es\\\/calendario\\\/\"},{\"@type\":\"ListItem\",\"position\":3,\"name\":\"Meetech Spain Centros Tecnol\u00f3gicos\"}]},{\"@type\":\"WebSite\",\"@id\":\"https:\\\/\\\/eurecat.org\\\/es\\\/#website\",\"url\":\"https:\\\/\\\/eurecat.org\\\/es\\\/\",\"name\":\"Eurecat\",\"description\":\"Otro sitio realizado con WordPress\",\"potentialAction\":[{\"@type\":\"SearchAction\",\"target\":{\"@type\":\"EntryPoint\",\"urlTemplate\":\"https:\\\/\\\/eurecat.org\\\/es\\\/?s={search_term_string}\"},\"query-input\":{\"@type\":\"PropertyValueSpecification\",\"valueRequired\":true,\"valueName\":\"search_term_string\"}}],\"inLanguage\":\"es\"}]}<\/script>\n<!-- \/ Yoast SEO plugin. -->","yoast_head_json":{"title":"Meetech Spain Centros Tecnol\u00f3gicos - Eurecat","description":"Eurecat hi \u00e9s present a la zona d\u2019exposici\u00f3 amb un estand i participem tamb\u00e9 amb diverses pon\u00e8ncies dins del programa del Meetech Spain","robots":{"index":"index","follow":"follow","max-snippet":"max-snippet:-1","max-image-preview":"max-image-preview:large","max-video-preview":"max-video-preview:-1"},"canonical":"https:\/\/eurecat.org\/es\/calendario\/meetech-spain-centros-tecnologicos-2025\/","og_locale":"es_ES","og_type":"article","og_title":"Meetech Spain Centros Tecnol\u00f3gicos - Eurecat","og_description":"Eurecat hi \u00e9s present a la zona d\u2019exposici\u00f3 amb un estand i participem tamb\u00e9 amb diverses pon\u00e8ncies dins del programa del Meetech Spain","og_url":"https:\/\/eurecat.org\/es\/calendario\/meetech-spain-centros-tecnologicos-2025\/","og_site_name":"Eurecat","article_modified_time":"2025-10-17T11:14:45+00:00","og_image":[{"width":750,"height":400,"url":"https:\/\/eurecat.org\/wp-content\/uploads\/2025\/08\/IMG-destacada-meetech-2025.jpg","type":"image\/jpeg"}],"twitter_card":"summary_large_image","twitter_misc":{"Tiempo de lectura":"1 minuto"},"schema":{"@context":"https:\/\/schema.org","@graph":[{"@type":"WebPage","@id":"https:\/\/eurecat.org\/es\/calendario\/meetech-spain-centros-tecnologicos-2025\/","url":"https:\/\/eurecat.org\/es\/calendario\/meetech-spain-centros-tecnologicos-2025\/","name":"Meetech Spain Centros Tecnol\u00f3gicos - Eurecat","isPartOf":{"@id":"https:\/\/eurecat.org\/es\/#website"},"primaryImageOfPage":{"@id":"https:\/\/eurecat.org\/es\/calendario\/meetech-spain-centros-tecnologicos-2025\/#primaryimage"},"image":{"@id":"https:\/\/eurecat.org\/es\/calendario\/meetech-spain-centros-tecnologicos-2025\/#primaryimage"},"thumbnailUrl":"https:\/\/eurecat.org\/wp-content\/uploads\/2025\/08\/IMG-destacada-meetech-2025.jpg","datePublished":"2025-08-12T09:26:10+00:00","dateModified":"2025-10-17T11:14:45+00:00","description":"Eurecat hi \u00e9s present a la zona d\u2019exposici\u00f3 amb un estand i participem tamb\u00e9 amb diverses pon\u00e8ncies dins del programa del Meetech Spain","breadcrumb":{"@id":"https:\/\/eurecat.org\/es\/calendario\/meetech-spain-centros-tecnologicos-2025\/#breadcrumb"},"inLanguage":"es","potentialAction":[{"@type":"ReadAction","target":["https:\/\/eurecat.org\/es\/calendario\/meetech-spain-centros-tecnologicos-2025\/"]}]},{"@type":"ImageObject","inLanguage":"es","@id":"https:\/\/eurecat.org\/es\/calendario\/meetech-spain-centros-tecnologicos-2025\/#primaryimage","url":"https:\/\/eurecat.org\/wp-content\/uploads\/2025\/08\/IMG-destacada-meetech-2025.jpg","contentUrl":"https:\/\/eurecat.org\/wp-content\/uploads\/2025\/08\/IMG-destacada-meetech-2025.jpg","width":750,"height":400},{"@type":"BreadcrumbList","@id":"https:\/\/eurecat.org\/es\/calendario\/meetech-spain-centros-tecnologicos-2025\/#breadcrumb","itemListElement":[{"@type":"ListItem","position":1,"name":"Inici","item":"https:\/\/eurecat.org\/es\/"},{"@type":"ListItem","position":2,"name":"Eventos","item":"https:\/\/eurecat.org\/es\/calendario\/"},{"@type":"ListItem","position":3,"name":"Meetech Spain Centros Tecnol\u00f3gicos"}]},{"@type":"WebSite","@id":"https:\/\/eurecat.org\/es\/#website","url":"https:\/\/eurecat.org\/es\/","name":"Eurecat","description":"Otro sitio realizado con WordPress","potentialAction":[{"@type":"SearchAction","target":{"@type":"EntryPoint","urlTemplate":"https:\/\/eurecat.org\/es\/?s={search_term_string}"},"query-input":{"@type":"PropertyValueSpecification","valueRequired":true,"valueName":"search_term_string"}}],"inLanguage":"es"}]}},"_links":{"self":[{"href":"https:\/\/eurecat.org\/es\/wp-json\/wp\/v2\/mec-events\/186076","targetHints":{"allow":["GET"]}}],"collection":[{"href":"https:\/\/eurecat.org\/es\/wp-json\/wp\/v2\/mec-events"}],"about":[{"href":"https:\/\/eurecat.org\/es\/wp-json\/wp\/v2\/types\/mec-events"}],"author":[{"embeddable":true,"href":"https:\/\/eurecat.org\/es\/wp-json\/wp\/v2\/users\/12"}],"replies":[{"embeddable":true,"href":"https:\/\/eurecat.org\/es\/wp-json\/wp\/v2\/comments?post=186076"}],"wp:featuredmedia":[{"embeddable":true,"href":"https:\/\/eurecat.org\/es\/wp-json\/wp\/v2\/media\/186073"}],"wp:attachment":[{"href":"https:\/\/eurecat.org\/es\/wp-json\/wp\/v2\/media?parent=186076"}],"wp:term":[{"taxonomy":"post_tag","embeddable":true,"href":"https:\/\/eurecat.org\/es\/wp-json\/wp\/v2\/tags?post=186076"},{"taxonomy":"mec_category","embeddable":true,"href":"https:\/\/eurecat.org\/es\/wp-json\/wp\/v2\/mec_category?post=186076"}],"curies":[{"name":"wp","href":"https:\/\/api.w.org\/{rel}","templated":true}]}}

Meetech Spain Centros Tecnológicos

<div class="fusion-fullwidth fullwidth-box fusion-builder-row-1 fusion-flex-container has-pattern-background has-mask-background nonhundred-percent-fullwidth non-hundred-percent-height-scrolling" style="--awb-border-radius-top-left:0px;--awb-border-radius-top-right:0px;--awb-border-radius-bottom-right:0px;--awb-border-radius-bottom-left:0px;--awb-flex-wrap:wrap;" ><div class="fusion-builder-row fusion-row fusion-flex-align-items-flex-start fusion-flex-content-wrap" style="max-width:1424.8px;margin-left: calc(-4% / 2 );margin-right: calc(-4% / 2 );"><div class="fusion-layout-column fusion_builder_column fusion-builder-column-0 fusion_builder_column_1_1 1_1 fusion-flex-column" style="--awb-bg-size:cover;--awb-width-large:100%;--awb-margin-top-large:0px;--awb-spacing-right-large:1.92%;--awb-margin-bottom-large:20px;--awb-spacing-left-large:1.92%;--awb-width-medium:100%;--awb-order-medium:0;--awb-spacing-right-medium:1.92%;--awb-spacing-left-medium:1.92%;--awb-width-small:100%;--awb-order-small:0;--awb-spacing-right-small:1.92%;--awb-spacing-left-small:1.92%;"><div class="fusion-column-wrapper fusion-column-has-shadow fusion-flex-justify-content-flex-start fusion-content-layout-column"><div class="fusion-text fusion-text-1"><p>Eurecat está presente, un año más, en este evento <strong>referente en el ecosistema innovador español</strong> que tendrá lugar el día<strong> 13 de noviembre en Madrid</strong>.</p>
<p><span class="ui-provider a b c d e f g h i j k l m n o p q r s t u v w x y z ab ac ae af ag ah ai aj ak" dir="ltr"><strong>El centro tecnológico es parte del comité organizador</strong>, tendrá un <strong>espacio expositor en la zona Tech &amp; Touch</strong> para mostrar demostradores y participa en diversas intervenciones como ponentes.</span></p>
<p>Nuestros investigadores participarán en el <strong>Challenge tecnológico en formato hackaton</strong> entre equipos multidisciplinares que tendrá que proponer soluciones innovadoras a un reto tecnológico real ofrecido por una empresa.</p>
<p>También participamos en el apartado<strong> Foro Principal</strong> con dos mesas, en concreto:</p>
<p>Mesa 4 – <strong>José Jorge Espí</strong>, investigador de la unidad de Residuos, Energía e Impacto ambiental de Eurecat – <em>“El verdadero reto de la sostenibilidad: el ciclo de vida como oportunidad”.</em></p>
<p>Mesa 7 – <strong>Xavier López</strong>, director general de Eurecat – <em>“¿Cómo la innovación de los Centros Tecnológicos está mejorando nuestra economía y nuestra sociedad? Estudios de impacto”.</em></p>
<p><strong>Acerca del Meetech Spain Centros Tecnológicos</strong></p>
<p>MeetechSpain es un evento disruptivo que pretende ser referente al ecosistema innovador español. Es un espacio único de encuentro, conexión y cooperación entre Centros Tecnológicos, organismos de investigación y empresas gracias al principal elemento que les une: la tecnología.</p>
</div><div style="text-align:center;"><a class="fusion-button button-flat fusion-button-default-size button-default fusion-button-default button-1 fusion-button-default-span fusion-button-default-type" target="_blank" rel="noopener noreferrer" href="https://www.meetechspain.com/"><span class="fusion-button-text awb-button__text awb-button__text--default">Conoce aquí todo sobre el Meetech Spain 2025</span></a></div></div></div></div></div>

<!-- This site is optimized with the Yoast SEO plugin v27.4 - https://yoast.com/product/yoast-seo-wordpress/ -->
<title>Meetech Spain Centros Tecnológicos - Eurecat</title>
<meta name="description" content="Eurecat hi és present a la zona d’exposició amb un estand i participem també amb diverses ponències dins del programa del Meetech Spain" />
<meta name="robots" content="index, follow, max-snippet:-1, max-image-preview:large, max-video-preview:-1" />
<link rel="canonical" href="https://eurecat.org/es/calendario/meetech-spain-centros-tecnologicos-2025/" />
<meta property="og:locale" content="es_ES" />
<meta property="og:type" content="article" />
<meta property="og:title" content="Meetech Spain Centros Tecnológicos - Eurecat" />
<meta property="og:description" content="Eurecat hi és present a la zona d’exposició amb un estand i participem també amb diverses ponències dins del programa del Meetech Spain" />
<meta property="og:url" content="https://eurecat.org/es/calendario/meetech-spain-centros-tecnologicos-2025/" />
<meta property="og:site_name" content="Eurecat" />
<meta property="article:modified_time" content="2025-10-17T11:14:45+00:00" />
<meta property="og:image" content="https://eurecat.org/wp-content/uploads/2025/08/IMG-destacada-meetech-2025.jpg" />
	<meta property="og:image:width" content="750" />
	<meta property="og:image:height" content="400" />
	<meta property="og:image:type" content="image/jpeg" />
<meta name="twitter:card" content="summary_large_image" />
<meta name="twitter:label1" content="Tiempo de lectura" />
	<meta name="twitter:data1" content="1 minuto" />
<script type="application/ld+json" class="yoast-schema-graph">{"@context":"https:\/\/schema.org","@graph":[{"@type":"WebPage","@id":"https:\/\/eurecat.org\/es\/calendario\/meetech-spain-centros-tecnologicos-2025\/","url":"https:\/\/eurecat.org\/es\/calendario\/meetech-spain-centros-tecnologicos-2025\/","name":"Meetech Spain Centros Tecnológicos - Eurecat","isPartOf":{"@id":"https:\/\/eurecat.org\/es\/#website"},"primaryImageOfPage":{"@id":"https:\/\/eurecat.org\/es\/calendario\/meetech-spain-centros-tecnologicos-2025\/#primaryimage"},"image":{"@id":"https:\/\/eurecat.org\/es\/calendario\/meetech-spain-centros-tecnologicos-2025\/#primaryimage"},"thumbnailUrl":"https:\/\/eurecat.org\/wp-content\/uploads\/2025\/08\/IMG-destacada-meetech-2025.jpg","datePublished":"2025-08-12T09:26:10+00:00","dateModified":"2025-10-17T11:14:45+00:00","description":"Eurecat hi és present a la zona d’exposició amb un estand i participem també amb diverses ponències dins del programa del Meetech Spain","breadcrumb":{"@id":"https:\/\/eurecat.org\/es\/calendario\/meetech-spain-centros-tecnologicos-2025\/#breadcrumb"},"inLanguage":"es","potentialAction":[{"@type":"ReadAction","target":["https:\/\/eurecat.org\/es\/calendario\/meetech-spain-centros-tecnologicos-2025\/"]}]},{"@type":"ImageObject","inLanguage":"es","@id":"https:\/\/eurecat.org\/es\/calendario\/meetech-spain-centros-tecnologicos-2025\/#primaryimage","url":"https:\/\/eurecat.org\/wp-content\/uploads\/2025\/08\/IMG-destacada-meetech-2025.jpg","contentUrl":"https:\/\/eurecat.org\/wp-content\/uploads\/2025\/08\/IMG-destacada-meetech-2025.jpg","width":750,"height":400},{"@type":"BreadcrumbList","@id":"https:\/\/eurecat.org\/es\/calendario\/meetech-spain-centros-tecnologicos-2025\/#breadcrumb","itemListElement":[{"@type":"ListItem","position":1,"name":"Inici","item":"https:\/\/eurecat.org\/es\/"},{"@type":"ListItem","position":2,"name":"Eventos","item":"https:\/\/eurecat.org\/es\/calendario\/"},{"@type":"ListItem","position":3,"name":"Meetech Spain Centros Tecnológicos"}]},{"@type":"WebSite","@id":"https:\/\/eurecat.org\/es\/#website","url":"https:\/\/eurecat.org\/es\/","name":"Eurecat","description":"Otro sitio realizado con WordPress","potentialAction":[{"@type":"SearchAction","target":{"@type":"EntryPoint","urlTemplate":"https:\/\/eurecat.org\/es\/?s={search_term_string}"},"query-input":{"@type":"PropertyValueSpecification","valueRequired":true,"valueName":"search_term_string"}}],"inLanguage":"es"}]}</script>
<!-- / Yoast SEO plugin. -->

Meetech Spain Centros Tecnológicos - Eurecat

Eurecat hi és present a la zona d’exposició amb un estand i participem també amb diverses ponències dins del programa del Meetech Spain
