{"id":190198,"date":"2025-11-14T11:16:40","date_gmt":"2025-11-14T10:16:40","guid":{"rendered":"https:\/\/eurecat.org\/?post_type=mec-events&#038;p=190198"},"modified":"2025-11-14T11:24:18","modified_gmt":"2025-11-14T10:24:18","slug":"vii-foro-iberoamericano-de-compra-publica-de-innovacion-e-innovacion-abierta","status":"publish","type":"mec-events","link":"https:\/\/eurecat.org\/es\/calendario\/vii-foro-iberoamericano-de-compra-publica-de-innovacion-e-innovacion-abierta\/","title":{"rendered":"VII Foro Iberoamericano de Compra P\u00fablica de Innovaci\u00f3n e Innovaci\u00f3n Abierta"},"content":{"rendered":"<div class=\"fusion-fullwidth fullwidth-box fusion-builder-row-1 fusion-flex-container has-pattern-background has-mask-background nonhundred-percent-fullwidth non-hundred-percent-height-scrolling\" style=\"--awb-border-radius-top-left:0px;--awb-border-radius-top-right:0px;--awb-border-radius-bottom-right:0px;--awb-border-radius-bottom-left:0px;--awb-flex-wrap:wrap;\" ><div class=\"fusion-builder-row fusion-row fusion-flex-align-items-flex-start fusion-flex-content-wrap\" style=\"max-width:1424.8px;margin-left: calc(-4% \/ 2 );margin-right: calc(-4% \/ 2 );\"><div class=\"fusion-layout-column fusion_builder_column fusion-builder-column-0 fusion_builder_column_1_1 1_1 fusion-flex-column\" style=\"--awb-bg-size:cover;--awb-width-large:100%;--awb-margin-top-large:0px;--awb-spacing-right-large:1.92%;--awb-margin-bottom-large:20px;--awb-spacing-left-large:1.92%;--awb-width-medium:100%;--awb-order-medium:0;--awb-spacing-right-medium:1.92%;--awb-spacing-left-medium:1.92%;--awb-width-small:100%;--awb-order-small:0;--awb-spacing-right-small:1.92%;--awb-spacing-left-small:1.92%;\"><div class=\"fusion-column-wrapper fusion-column-has-shadow fusion-flex-justify-content-flex-start fusion-content-layout-column\"><div class=\"fusion-text fusion-text-1\"><p><strong>Eurecat<\/strong> y la <strong>Fundaci\u00f3 Salut Empord\u00e0<\/strong> han sido seleccionados para presentar<strong> eVisi\u00f3\u00ae<\/strong>, una soluci\u00f3n innovadora de <strong>triaje, cribado y valoraci\u00f3n visual automatizada integrada en la Atenci\u00f3n Primaria<\/strong>, en el <strong>VII Foro Iberoamericano de Compra P\u00fablica de Innovaci\u00f3n e Innovaci\u00f3n Abierta<\/strong> que se celebrar\u00e1 en Granada del 19 al 21 de noviembre.<\/p>\n<p>Esta selecci\u00f3n reconoce la <strong>trayectoria consolidada de Eurecat como referente en Compra P\u00fablica de Innovaci\u00f3n (CPI)<\/strong>, un \u00e1mbito en el que el centro tecnol\u00f3gico ha destacado por su capacidad para <strong>transformar necesidades del sector p\u00fablico en soluciones tecnol\u00f3gicas reales, sostenibles e implementables.<\/strong><\/p>\n<p><strong>eVisi\u00f3\u00ae, un caso de \u00e9xito en innovaci\u00f3n sanitaria<\/strong><\/p>\n<p><strong>eVisi\u00f3\u00ae<\/strong> representa un ejemplo tangible del potencial de la CPI para generar impacto social y sanitario. La soluci\u00f3n permite realizar p<strong>ruebas digitales completas de visi\u00f3n<\/strong> por parte de <strong>personal no especializado<\/strong>, generar <strong>informes autom\u00e1ticos<\/strong> e integrarlos directamente en la <strong>historia cl\u00ednica del paciente<\/strong>.<\/p>\n<p>Con ello, <strong>se facilita la detecci\u00f3n precoz de alteraciones visuales<\/strong>, se <strong>mejora la eficiencia y la equidad asistencial<\/strong>, y se <strong>reducen las derivaciones innecesarias<\/strong> a oftalmolog\u00eda, optimizando los recursos del sistema sanitario.<\/p>\n<p>Adem\u00e1s de su modalidad de <strong>autotest domiciliario, eVisi\u00f3\u00ae<\/strong> puede implementarse en centros de atenci\u00f3n primaria antes de requerir atenci\u00f3n especializada. Su <strong>simplicidad de uso y fiabilidad de resultados<\/strong> la hacen ideal para <strong>campa\u00f1as de salud visual masiva<\/strong>, como las desarrolladas en <strong>escuelas o entornos laborales.<\/strong><\/p>\n<p><strong>\u00a1Ven a conocer nuestras soluciones innovadoras! Estand Eurecat- Zona Solucionadores<\/strong><\/p>\n<\/div><\/div><\/div><\/div><\/div>\n","protected":false},"excerpt":{"rendered":"","protected":false},"author":20,"featured_media":190197,"comment_status":"closed","ping_status":"closed","template":"","tags":[],"mec_category":[976],"class_list":["post-190198","mec-events","type-mec-events","status-publish","has-post-thumbnail","hentry","mec_category-congresos-organizados-por-eurecat-es"],"yoast_head":"<!-- This site is optimized with the Yoast SEO plugin v27.4 - https:\/\/yoast.com\/product\/yoast-seo-wordpress\/ -->\n<title>VII Foro Iberoamericano de Compra P\u00fablica de Innovaci\u00f3n e Innovaci\u00f3n Abierta - Eurecat<\/title>\n<meta name=\"robots\" content=\"index, follow, max-snippet:-1, max-image-preview:large, max-video-preview:-1\" \/>\n<link rel=\"canonical\" href=\"https:\/\/eurecat.org\/es\/calendario\/vii-foro-iberoamericano-de-compra-publica-de-innovacion-e-innovacion-abierta\/\" \/>\n<meta property=\"og:locale\" content=\"es_ES\" \/>\n<meta property=\"og:type\" content=\"article\" \/>\n<meta property=\"og:title\" content=\"VII Foro Iberoamericano de Compra P\u00fablica de Innovaci\u00f3n e Innovaci\u00f3n Abierta - Eurecat\" \/>\n<meta property=\"og:url\" content=\"https:\/\/eurecat.org\/es\/calendario\/vii-foro-iberoamericano-de-compra-publica-de-innovacion-e-innovacion-abierta\/\" \/>\n<meta property=\"og:site_name\" content=\"Eurecat\" \/>\n<meta property=\"article:modified_time\" content=\"2025-11-14T10:24:18+00:00\" \/>\n<meta property=\"og:image\" content=\"https:\/\/eurecat.org\/wp-content\/uploads\/2025\/11\/vii-foro-cpi-2025_web.jpg\" \/>\n\t<meta property=\"og:image:width\" content=\"750\" \/>\n\t<meta property=\"og:image:height\" content=\"400\" \/>\n\t<meta property=\"og:image:type\" content=\"image\/jpeg\" \/>\n<meta name=\"twitter:card\" content=\"summary_large_image\" \/>\n<meta name=\"twitter:label1\" content=\"Tiempo de lectura\" \/>\n\t<meta name=\"twitter:data1\" content=\"2 minutos\" \/>\n<script type=\"application\/ld+json\" class=\"yoast-schema-graph\">{\"@context\":\"https:\\\/\\\/schema.org\",\"@graph\":[{\"@type\":\"WebPage\",\"@id\":\"https:\\\/\\\/eurecat.org\\\/es\\\/calendario\\\/vii-foro-iberoamericano-de-compra-publica-de-innovacion-e-innovacion-abierta\\\/\",\"url\":\"https:\\\/\\\/eurecat.org\\\/es\\\/calendario\\\/vii-foro-iberoamericano-de-compra-publica-de-innovacion-e-innovacion-abierta\\\/\",\"name\":\"VII Foro Iberoamericano de Compra P\u00fablica de Innovaci\u00f3n e Innovaci\u00f3n Abierta - Eurecat\",\"isPartOf\":{\"@id\":\"https:\\\/\\\/eurecat.org\\\/es\\\/#website\"},\"primaryImageOfPage\":{\"@id\":\"https:\\\/\\\/eurecat.org\\\/es\\\/calendario\\\/vii-foro-iberoamericano-de-compra-publica-de-innovacion-e-innovacion-abierta\\\/#primaryimage\"},\"image\":{\"@id\":\"https:\\\/\\\/eurecat.org\\\/es\\\/calendario\\\/vii-foro-iberoamericano-de-compra-publica-de-innovacion-e-innovacion-abierta\\\/#primaryimage\"},\"thumbnailUrl\":\"https:\\\/\\\/eurecat.org\\\/wp-content\\\/uploads\\\/2025\\\/11\\\/vii-foro-cpi-2025_web.jpg\",\"datePublished\":\"2025-11-14T10:16:40+00:00\",\"dateModified\":\"2025-11-14T10:24:18+00:00\",\"breadcrumb\":{\"@id\":\"https:\\\/\\\/eurecat.org\\\/es\\\/calendario\\\/vii-foro-iberoamericano-de-compra-publica-de-innovacion-e-innovacion-abierta\\\/#breadcrumb\"},\"inLanguage\":\"es\",\"potentialAction\":[{\"@type\":\"ReadAction\",\"target\":[\"https:\\\/\\\/eurecat.org\\\/es\\\/calendario\\\/vii-foro-iberoamericano-de-compra-publica-de-innovacion-e-innovacion-abierta\\\/\"]}]},{\"@type\":\"ImageObject\",\"inLanguage\":\"es\",\"@id\":\"https:\\\/\\\/eurecat.org\\\/es\\\/calendario\\\/vii-foro-iberoamericano-de-compra-publica-de-innovacion-e-innovacion-abierta\\\/#primaryimage\",\"url\":\"https:\\\/\\\/eurecat.org\\\/wp-content\\\/uploads\\\/2025\\\/11\\\/vii-foro-cpi-2025_web.jpg\",\"contentUrl\":\"https:\\\/\\\/eurecat.org\\\/wp-content\\\/uploads\\\/2025\\\/11\\\/vii-foro-cpi-2025_web.jpg\",\"width\":750,\"height\":400},{\"@type\":\"BreadcrumbList\",\"@id\":\"https:\\\/\\\/eurecat.org\\\/es\\\/calendario\\\/vii-foro-iberoamericano-de-compra-publica-de-innovacion-e-innovacion-abierta\\\/#breadcrumb\",\"itemListElement\":[{\"@type\":\"ListItem\",\"position\":1,\"name\":\"Inici\",\"item\":\"https:\\\/\\\/eurecat.org\\\/es\\\/\"},{\"@type\":\"ListItem\",\"position\":2,\"name\":\"Eventos\",\"item\":\"https:\\\/\\\/eurecat.org\\\/es\\\/calendario\\\/\"},{\"@type\":\"ListItem\",\"position\":3,\"name\":\"VII Foro Iberoamericano de Compra P\u00fablica de Innovaci\u00f3n e Innovaci\u00f3n Abierta\"}]},{\"@type\":\"WebSite\",\"@id\":\"https:\\\/\\\/eurecat.org\\\/es\\\/#website\",\"url\":\"https:\\\/\\\/eurecat.org\\\/es\\\/\",\"name\":\"Eurecat\",\"description\":\"Otro sitio realizado con WordPress\",\"potentialAction\":[{\"@type\":\"SearchAction\",\"target\":{\"@type\":\"EntryPoint\",\"urlTemplate\":\"https:\\\/\\\/eurecat.org\\\/es\\\/?s={search_term_string}\"},\"query-input\":{\"@type\":\"PropertyValueSpecification\",\"valueRequired\":true,\"valueName\":\"search_term_string\"}}],\"inLanguage\":\"es\"}]}<\/script>\n<!-- \/ Yoast SEO plugin. -->","yoast_head_json":{"title":"VII Foro Iberoamericano de Compra P\u00fablica de Innovaci\u00f3n e Innovaci\u00f3n Abierta - Eurecat","robots":{"index":"index","follow":"follow","max-snippet":"max-snippet:-1","max-image-preview":"max-image-preview:large","max-video-preview":"max-video-preview:-1"},"canonical":"https:\/\/eurecat.org\/es\/calendario\/vii-foro-iberoamericano-de-compra-publica-de-innovacion-e-innovacion-abierta\/","og_locale":"es_ES","og_type":"article","og_title":"VII Foro Iberoamericano de Compra P\u00fablica de Innovaci\u00f3n e Innovaci\u00f3n Abierta - Eurecat","og_url":"https:\/\/eurecat.org\/es\/calendario\/vii-foro-iberoamericano-de-compra-publica-de-innovacion-e-innovacion-abierta\/","og_site_name":"Eurecat","article_modified_time":"2025-11-14T10:24:18+00:00","og_image":[{"width":750,"height":400,"url":"https:\/\/eurecat.org\/wp-content\/uploads\/2025\/11\/vii-foro-cpi-2025_web.jpg","type":"image\/jpeg"}],"twitter_card":"summary_large_image","twitter_misc":{"Tiempo de lectura":"2 minutos"},"schema":{"@context":"https:\/\/schema.org","@graph":[{"@type":"WebPage","@id":"https:\/\/eurecat.org\/es\/calendario\/vii-foro-iberoamericano-de-compra-publica-de-innovacion-e-innovacion-abierta\/","url":"https:\/\/eurecat.org\/es\/calendario\/vii-foro-iberoamericano-de-compra-publica-de-innovacion-e-innovacion-abierta\/","name":"VII Foro Iberoamericano de Compra P\u00fablica de Innovaci\u00f3n e Innovaci\u00f3n Abierta - Eurecat","isPartOf":{"@id":"https:\/\/eurecat.org\/es\/#website"},"primaryImageOfPage":{"@id":"https:\/\/eurecat.org\/es\/calendario\/vii-foro-iberoamericano-de-compra-publica-de-innovacion-e-innovacion-abierta\/#primaryimage"},"image":{"@id":"https:\/\/eurecat.org\/es\/calendario\/vii-foro-iberoamericano-de-compra-publica-de-innovacion-e-innovacion-abierta\/#primaryimage"},"thumbnailUrl":"https:\/\/eurecat.org\/wp-content\/uploads\/2025\/11\/vii-foro-cpi-2025_web.jpg","datePublished":"2025-11-14T10:16:40+00:00","dateModified":"2025-11-14T10:24:18+00:00","breadcrumb":{"@id":"https:\/\/eurecat.org\/es\/calendario\/vii-foro-iberoamericano-de-compra-publica-de-innovacion-e-innovacion-abierta\/#breadcrumb"},"inLanguage":"es","potentialAction":[{"@type":"ReadAction","target":["https:\/\/eurecat.org\/es\/calendario\/vii-foro-iberoamericano-de-compra-publica-de-innovacion-e-innovacion-abierta\/"]}]},{"@type":"ImageObject","inLanguage":"es","@id":"https:\/\/eurecat.org\/es\/calendario\/vii-foro-iberoamericano-de-compra-publica-de-innovacion-e-innovacion-abierta\/#primaryimage","url":"https:\/\/eurecat.org\/wp-content\/uploads\/2025\/11\/vii-foro-cpi-2025_web.jpg","contentUrl":"https:\/\/eurecat.org\/wp-content\/uploads\/2025\/11\/vii-foro-cpi-2025_web.jpg","width":750,"height":400},{"@type":"BreadcrumbList","@id":"https:\/\/eurecat.org\/es\/calendario\/vii-foro-iberoamericano-de-compra-publica-de-innovacion-e-innovacion-abierta\/#breadcrumb","itemListElement":[{"@type":"ListItem","position":1,"name":"Inici","item":"https:\/\/eurecat.org\/es\/"},{"@type":"ListItem","position":2,"name":"Eventos","item":"https:\/\/eurecat.org\/es\/calendario\/"},{"@type":"ListItem","position":3,"name":"VII Foro Iberoamericano de Compra P\u00fablica de Innovaci\u00f3n e Innovaci\u00f3n Abierta"}]},{"@type":"WebSite","@id":"https:\/\/eurecat.org\/es\/#website","url":"https:\/\/eurecat.org\/es\/","name":"Eurecat","description":"Otro sitio realizado con WordPress","potentialAction":[{"@type":"SearchAction","target":{"@type":"EntryPoint","urlTemplate":"https:\/\/eurecat.org\/es\/?s={search_term_string}"},"query-input":{"@type":"PropertyValueSpecification","valueRequired":true,"valueName":"search_term_string"}}],"inLanguage":"es"}]}},"_links":{"self":[{"href":"https:\/\/eurecat.org\/es\/wp-json\/wp\/v2\/mec-events\/190198","targetHints":{"allow":["GET"]}}],"collection":[{"href":"https:\/\/eurecat.org\/es\/wp-json\/wp\/v2\/mec-events"}],"about":[{"href":"https:\/\/eurecat.org\/es\/wp-json\/wp\/v2\/types\/mec-events"}],"author":[{"embeddable":true,"href":"https:\/\/eurecat.org\/es\/wp-json\/wp\/v2\/users\/20"}],"replies":[{"embeddable":true,"href":"https:\/\/eurecat.org\/es\/wp-json\/wp\/v2\/comments?post=190198"}],"wp:featuredmedia":[{"embeddable":true,"href":"https:\/\/eurecat.org\/es\/wp-json\/wp\/v2\/media\/190197"}],"wp:attachment":[{"href":"https:\/\/eurecat.org\/es\/wp-json\/wp\/v2\/media?parent=190198"}],"wp:term":[{"taxonomy":"post_tag","embeddable":true,"href":"https:\/\/eurecat.org\/es\/wp-json\/wp\/v2\/tags?post=190198"},{"taxonomy":"mec_category","embeddable":true,"href":"https:\/\/eurecat.org\/es\/wp-json\/wp\/v2\/mec_category?post=190198"}],"curies":[{"name":"wp","href":"https:\/\/api.w.org\/{rel}","templated":true}]}}

VII Foro Iberoamericano de Compra Pública de Innovación e Innovación Abierta

<div class="fusion-fullwidth fullwidth-box fusion-builder-row-1 fusion-flex-container has-pattern-background has-mask-background nonhundred-percent-fullwidth non-hundred-percent-height-scrolling" style="--awb-border-radius-top-left:0px;--awb-border-radius-top-right:0px;--awb-border-radius-bottom-right:0px;--awb-border-radius-bottom-left:0px;--awb-flex-wrap:wrap;" ><div class="fusion-builder-row fusion-row fusion-flex-align-items-flex-start fusion-flex-content-wrap" style="max-width:1424.8px;margin-left: calc(-4% / 2 );margin-right: calc(-4% / 2 );"><div class="fusion-layout-column fusion_builder_column fusion-builder-column-0 fusion_builder_column_1_1 1_1 fusion-flex-column" style="--awb-bg-size:cover;--awb-width-large:100%;--awb-margin-top-large:0px;--awb-spacing-right-large:1.92%;--awb-margin-bottom-large:20px;--awb-spacing-left-large:1.92%;--awb-width-medium:100%;--awb-order-medium:0;--awb-spacing-right-medium:1.92%;--awb-spacing-left-medium:1.92%;--awb-width-small:100%;--awb-order-small:0;--awb-spacing-right-small:1.92%;--awb-spacing-left-small:1.92%;"><div class="fusion-column-wrapper fusion-column-has-shadow fusion-flex-justify-content-flex-start fusion-content-layout-column"><div class="fusion-text fusion-text-1"><p><strong>Eurecat</strong> y la <strong>Fundació Salut Empordà</strong> han sido seleccionados para presentar<strong> eVisió®</strong>, una solución innovadora de <strong>triaje, cribado y valoración visual automatizada integrada en la Atención Primaria</strong>, en el <strong>VII Foro Iberoamericano de Compra Pública de Innovación e Innovación Abierta</strong> que se celebrará en Granada del 19 al 21 de noviembre.</p>
<p>Esta selección reconoce la <strong>trayectoria consolidada de Eurecat como referente en Compra Pública de Innovación (CPI)</strong>, un ámbito en el que el centro tecnológico ha destacado por su capacidad para <strong>transformar necesidades del sector público en soluciones tecnológicas reales, sostenibles e implementables.</strong></p>
<p><strong>eVisió®, un caso de éxito en innovación sanitaria</strong></p>
<p><strong>eVisió®</strong> representa un ejemplo tangible del potencial de la CPI para generar impacto social y sanitario. La solución permite realizar p<strong>ruebas digitales completas de visión</strong> por parte de <strong>personal no especializado</strong>, generar <strong>informes automáticos</strong> e integrarlos directamente en la <strong>historia clínica del paciente</strong>.</p>
<p>Con ello, <strong>se facilita la detección precoz de alteraciones visuales</strong>, se <strong>mejora la eficiencia y la equidad asistencial</strong>, y se <strong>reducen las derivaciones innecesarias</strong> a oftalmología, optimizando los recursos del sistema sanitario.</p>
<p>Además de su modalidad de <strong>autotest domiciliario, eVisió®</strong> puede implementarse en centros de atención primaria antes de requerir atención especializada. Su <strong>simplicidad de uso y fiabilidad de resultados</strong> la hacen ideal para <strong>campañas de salud visual masiva</strong>, como las desarrolladas en <strong>escuelas o entornos laborales.</strong></p>
<p><strong>¡Ven a conocer nuestras soluciones innovadoras! Estand Eurecat- Zona Solucionadores</strong></p>
</div></div></div></div></div>

<!-- This site is optimized with the Yoast SEO plugin v27.4 - https://yoast.com/product/yoast-seo-wordpress/ -->
<title>VII Foro Iberoamericano de Compra Pública de Innovación e Innovación Abierta - Eurecat</title>
<meta name="robots" content="index, follow, max-snippet:-1, max-image-preview:large, max-video-preview:-1" />
<link rel="canonical" href="https://eurecat.org/es/calendario/vii-foro-iberoamericano-de-compra-publica-de-innovacion-e-innovacion-abierta/" />
<meta property="og:locale" content="es_ES" />
<meta property="og:type" content="article" />
<meta property="og:title" content="VII Foro Iberoamericano de Compra Pública de Innovación e Innovación Abierta - Eurecat" />
<meta property="og:url" content="https://eurecat.org/es/calendario/vii-foro-iberoamericano-de-compra-publica-de-innovacion-e-innovacion-abierta/" />
<meta property="og:site_name" content="Eurecat" />
<meta property="article:modified_time" content="2025-11-14T10:24:18+00:00" />
<meta property="og:image" content="https://eurecat.org/wp-content/uploads/2025/11/vii-foro-cpi-2025_web.jpg" />
	<meta property="og:image:width" content="750" />
	<meta property="og:image:height" content="400" />
	<meta property="og:image:type" content="image/jpeg" />
<meta name="twitter:card" content="summary_large_image" />
<meta name="twitter:label1" content="Tiempo de lectura" />
	<meta name="twitter:data1" content="2 minutos" />
<script type="application/ld+json" class="yoast-schema-graph">{"@context":"https:\/\/schema.org","@graph":[{"@type":"WebPage","@id":"https:\/\/eurecat.org\/es\/calendario\/vii-foro-iberoamericano-de-compra-publica-de-innovacion-e-innovacion-abierta\/","url":"https:\/\/eurecat.org\/es\/calendario\/vii-foro-iberoamericano-de-compra-publica-de-innovacion-e-innovacion-abierta\/","name":"VII Foro Iberoamericano de Compra Pública de Innovación e Innovación Abierta - Eurecat","isPartOf":{"@id":"https:\/\/eurecat.org\/es\/#website"},"primaryImageOfPage":{"@id":"https:\/\/eurecat.org\/es\/calendario\/vii-foro-iberoamericano-de-compra-publica-de-innovacion-e-innovacion-abierta\/#primaryimage"},"image":{"@id":"https:\/\/eurecat.org\/es\/calendario\/vii-foro-iberoamericano-de-compra-publica-de-innovacion-e-innovacion-abierta\/#primaryimage"},"thumbnailUrl":"https:\/\/eurecat.org\/wp-content\/uploads\/2025\/11\/vii-foro-cpi-2025_web.jpg","datePublished":"2025-11-14T10:16:40+00:00","dateModified":"2025-11-14T10:24:18+00:00","breadcrumb":{"@id":"https:\/\/eurecat.org\/es\/calendario\/vii-foro-iberoamericano-de-compra-publica-de-innovacion-e-innovacion-abierta\/#breadcrumb"},"inLanguage":"es","potentialAction":[{"@type":"ReadAction","target":["https:\/\/eurecat.org\/es\/calendario\/vii-foro-iberoamericano-de-compra-publica-de-innovacion-e-innovacion-abierta\/"]}]},{"@type":"ImageObject","inLanguage":"es","@id":"https:\/\/eurecat.org\/es\/calendario\/vii-foro-iberoamericano-de-compra-publica-de-innovacion-e-innovacion-abierta\/#primaryimage","url":"https:\/\/eurecat.org\/wp-content\/uploads\/2025\/11\/vii-foro-cpi-2025_web.jpg","contentUrl":"https:\/\/eurecat.org\/wp-content\/uploads\/2025\/11\/vii-foro-cpi-2025_web.jpg","width":750,"height":400},{"@type":"BreadcrumbList","@id":"https:\/\/eurecat.org\/es\/calendario\/vii-foro-iberoamericano-de-compra-publica-de-innovacion-e-innovacion-abierta\/#breadcrumb","itemListElement":[{"@type":"ListItem","position":1,"name":"Inici","item":"https:\/\/eurecat.org\/es\/"},{"@type":"ListItem","position":2,"name":"Eventos","item":"https:\/\/eurecat.org\/es\/calendario\/"},{"@type":"ListItem","position":3,"name":"VII Foro Iberoamericano de Compra Pública de Innovación e Innovación Abierta"}]},{"@type":"WebSite","@id":"https:\/\/eurecat.org\/es\/#website","url":"https:\/\/eurecat.org\/es\/","name":"Eurecat","description":"Otro sitio realizado con WordPress","potentialAction":[{"@type":"SearchAction","target":{"@type":"EntryPoint","urlTemplate":"https:\/\/eurecat.org\/es\/?s={search_term_string}"},"query-input":{"@type":"PropertyValueSpecification","valueRequired":true,"valueName":"search_term_string"}}],"inLanguage":"es"}]}</script>
<!-- / Yoast SEO plugin. -->

VII Foro Iberoamericano de Compra Pública de Innovación e Innovación Abierta - Eurecat
