{"id":191660,"date":"2026-01-20T13:29:33","date_gmt":"2026-01-20T12:29:33","guid":{"rendered":"https:\/\/eurecat.org\/?post_type=mec-events&#038;p=191660"},"modified":"2026-01-28T16:57:46","modified_gmt":"2026-01-28T15:57:46","slug":"ise-2026-integrated-systems-europe","status":"publish","type":"mec-events","link":"https:\/\/eurecat.org\/es\/calendario\/ise-2026-integrated-systems-europe\/","title":{"rendered":"ISE 2026 Integrated Systems Europe"},"content":{"rendered":"<div class=\"fusion-fullwidth fullwidth-box fusion-builder-row-1 fusion-flex-container has-pattern-background has-mask-background nonhundred-percent-fullwidth non-hundred-percent-height-scrolling\" style=\"--awb-border-radius-top-left:0px;--awb-border-radius-top-right:0px;--awb-border-radius-bottom-right:0px;--awb-border-radius-bottom-left:0px;--awb-flex-wrap:wrap;\" ><div class=\"fusion-builder-row fusion-row fusion-flex-align-items-flex-start fusion-flex-content-wrap\" style=\"max-width:1424.8px;margin-left: calc(-4% \/ 2 );margin-right: calc(-4% \/ 2 );\"><div class=\"fusion-layout-column fusion_builder_column fusion-builder-column-0 fusion_builder_column_1_1 1_1 fusion-flex-column\" style=\"--awb-bg-size:cover;--awb-width-large:100%;--awb-margin-top-large:0px;--awb-spacing-right-large:1.92%;--awb-margin-bottom-large:20px;--awb-spacing-left-large:1.92%;--awb-width-medium:100%;--awb-order-medium:0;--awb-spacing-right-medium:1.92%;--awb-spacing-left-medium:1.92%;--awb-width-small:100%;--awb-order-small:0;--awb-spacing-right-small:1.92%;--awb-spacing-left-small:1.92%;\"><div class=\"fusion-column-wrapper fusion-column-has-shadow fusion-flex-justify-content-flex-start fusion-content-layout-column\"><div class=\"fusion-text fusion-text-1\"><p><strong>Eurecat\u00a0volver\u00e1 a estar presente como expositor a la\u00a0<a href=\"https:\/\/www.iseurope.org\/\" target=\"_blank\" rel=\"noopener\">ISE<\/a><\/strong>, la feria l\u00edder de audiovisuales e integraci\u00f3n de sistemas, <strong>entre los d\u00edas 3 y 6 de febrero en Barcelona<\/strong> dentro del estand agrupado de la Generalitat de Catalunya.<\/p>\n<p><strong>Nos pod\u00e9is encontrar en el Congress Square CS100!!<\/strong><\/p>\n<p>Mostraremos diferentes experiencias en audio 3D, destacando una demostraci\u00f3n sobre las capacidades de la l\u00ednea de audio de la Unidad Multimedia en tecnolog\u00edas que permiten la reconstrucci\u00f3n de la identidad sonora de edificios hist\u00f3ricos o emblem\u00e1ticos en el marco del patrimonio hist\u00f3rico de Catalu\u00f1a. Tambi\u00e9n presentaremos la propuesta de formaci\u00f3n especializada y dirigida al mundo de la Inteligencia Artificial, enfocado a la rama de\u00a0IA\u00a0Industrial y\u00a0IA\u00a0Generativa, entre otros.<\/p>\n<p><strong>Ponencias<\/strong><\/p>\n<p><b><span lang=\"ca\" data-olk-copy-source=\"MessageBody\">3 de febrero<\/span><\/b><b><\/b><\/p>\n<ul type=\"disc\">\n<li><b><span lang=\"ca\">17:15 \u2013 18 h<\/span><\/b><span lang=\"ca\">:\u00a0<b>el director de Desarrollo Internacional y Pol\u00edticas de I+D+i d\u2019Eurecat, Joan Guasch<\/b>, participa en la mesa redonda <b>\u201cComo la rob\u00f3tica audiovisual est\u00e1 transformando la industria audiovisual\u201d<\/b><\/span><\/li>\n<\/ul>\n<p><img decoding=\"async\" class=\"aligncenter wp-image-191656 size-fusion-800\" src=\"https:\/\/eurecat.org\/wp-content\/uploads\/2026\/01\/ISE_i-8pwpZTC-X4-800x509.jpg\" alt=\"\" width=\"800\" height=\"509\" srcset=\"https:\/\/eurecat.org\/wp-content\/uploads\/2026\/01\/ISE_i-8pwpZTC-X4-200x127.jpg 200w, https:\/\/eurecat.org\/wp-content\/uploads\/2026\/01\/ISE_i-8pwpZTC-X4-300x191.jpg 300w, https:\/\/eurecat.org\/wp-content\/uploads\/2026\/01\/ISE_i-8pwpZTC-X4-400x254.jpg 400w, https:\/\/eurecat.org\/wp-content\/uploads\/2026\/01\/ISE_i-8pwpZTC-X4-600x382.jpg 600w, https:\/\/eurecat.org\/wp-content\/uploads\/2026\/01\/ISE_i-8pwpZTC-X4-768x489.jpg 768w, https:\/\/eurecat.org\/wp-content\/uploads\/2026\/01\/ISE_i-8pwpZTC-X4-800x509.jpg 800w, https:\/\/eurecat.org\/wp-content\/uploads\/2026\/01\/ISE_i-8pwpZTC-X4-1160x738.jpg 1160w, https:\/\/eurecat.org\/wp-content\/uploads\/2026\/01\/ISE_i-8pwpZTC-X4-1200x763.jpg 1200w, https:\/\/eurecat.org\/wp-content\/uploads\/2026\/01\/ISE_i-8pwpZTC-X4-1536x977.jpg 1536w\" sizes=\"(max-width: 800px) 100vw, 800px\" \/><\/p>\n<\/div><\/div><\/div><\/div><\/div>\n","protected":false},"excerpt":{"rendered":"","protected":false},"author":20,"featured_media":191659,"comment_status":"closed","ping_status":"closed","template":"","tags":[],"mec_category":[976,975],"class_list":["post-191660","mec-events","type-mec-events","status-publish","has-post-thumbnail","hentry","mec_category-congresos-organizados-por-eurecat-es","mec_category-fires-on-participa-eurecat"],"yoast_head":"<!-- This site is optimized with the Yoast SEO plugin v27.4 - https:\/\/yoast.com\/product\/yoast-seo-wordpress\/ -->\n<title>ISE 2026 Integrated Systems Europe - Eurecat<\/title>\n<meta name=\"description\" content=\"Eurecat volver\u00e1 a estar presente como expositor a la ISE, la feria l\u00edder de audiovisuales e integraci\u00f3n de sistemas, entre los d\u00edas 3 y 6 de febrero en Barcelona\" \/>\n<meta name=\"robots\" content=\"index, follow, max-snippet:-1, max-image-preview:large, max-video-preview:-1\" \/>\n<link rel=\"canonical\" href=\"https:\/\/eurecat.org\/es\/calendario\/ise-2026-integrated-systems-europe\/\" \/>\n<meta property=\"og:locale\" content=\"es_ES\" \/>\n<meta property=\"og:type\" content=\"article\" \/>\n<meta property=\"og:title\" content=\"ISE 2026 Integrated Systems Europe - Eurecat\" \/>\n<meta property=\"og:description\" content=\"Eurecat volver\u00e1 a estar presente como expositor a la ISE, la feria l\u00edder de audiovisuales e integraci\u00f3n de sistemas, entre los d\u00edas 3 y 6 de febrero en Barcelona\" \/>\n<meta property=\"og:url\" content=\"https:\/\/eurecat.org\/es\/calendario\/ise-2026-integrated-systems-europe\/\" \/>\n<meta property=\"og:site_name\" content=\"Eurecat\" \/>\n<meta property=\"article:modified_time\" content=\"2026-01-28T15:57:46+00:00\" \/>\n<meta property=\"og:image\" content=\"https:\/\/eurecat.org\/wp-content\/uploads\/2026\/01\/ISE_logo_web.jpg\" \/>\n\t<meta property=\"og:image:width\" content=\"750\" \/>\n\t<meta property=\"og:image:height\" content=\"400\" \/>\n\t<meta property=\"og:image:type\" content=\"image\/jpeg\" \/>\n<meta name=\"twitter:card\" content=\"summary_large_image\" \/>\n<meta name=\"twitter:label1\" content=\"Tiempo de lectura\" \/>\n\t<meta name=\"twitter:data1\" content=\"2 minutos\" \/>\n<script type=\"application\/ld+json\" class=\"yoast-schema-graph\">{\"@context\":\"https:\\\/\\\/schema.org\",\"@graph\":[{\"@type\":\"WebPage\",\"@id\":\"https:\\\/\\\/eurecat.org\\\/es\\\/calendario\\\/ise-2026-integrated-systems-europe\\\/\",\"url\":\"https:\\\/\\\/eurecat.org\\\/es\\\/calendario\\\/ise-2026-integrated-systems-europe\\\/\",\"name\":\"ISE 2026 Integrated Systems Europe - Eurecat\",\"isPartOf\":{\"@id\":\"https:\\\/\\\/eurecat.org\\\/es\\\/#website\"},\"primaryImageOfPage\":{\"@id\":\"https:\\\/\\\/eurecat.org\\\/es\\\/calendario\\\/ise-2026-integrated-systems-europe\\\/#primaryimage\"},\"image\":{\"@id\":\"https:\\\/\\\/eurecat.org\\\/es\\\/calendario\\\/ise-2026-integrated-systems-europe\\\/#primaryimage\"},\"thumbnailUrl\":\"https:\\\/\\\/eurecat.org\\\/wp-content\\\/uploads\\\/2026\\\/01\\\/ISE_logo_web.jpg\",\"datePublished\":\"2026-01-20T12:29:33+00:00\",\"dateModified\":\"2026-01-28T15:57:46+00:00\",\"description\":\"Eurecat volver\u00e1 a estar presente como expositor a la ISE, la feria l\u00edder de audiovisuales e integraci\u00f3n de sistemas, entre los d\u00edas 3 y 6 de febrero en Barcelona\",\"breadcrumb\":{\"@id\":\"https:\\\/\\\/eurecat.org\\\/es\\\/calendario\\\/ise-2026-integrated-systems-europe\\\/#breadcrumb\"},\"inLanguage\":\"es\",\"potentialAction\":[{\"@type\":\"ReadAction\",\"target\":[\"https:\\\/\\\/eurecat.org\\\/es\\\/calendario\\\/ise-2026-integrated-systems-europe\\\/\"]}]},{\"@type\":\"ImageObject\",\"inLanguage\":\"es\",\"@id\":\"https:\\\/\\\/eurecat.org\\\/es\\\/calendario\\\/ise-2026-integrated-systems-europe\\\/#primaryimage\",\"url\":\"https:\\\/\\\/eurecat.org\\\/wp-content\\\/uploads\\\/2026\\\/01\\\/ISE_logo_web.jpg\",\"contentUrl\":\"https:\\\/\\\/eurecat.org\\\/wp-content\\\/uploads\\\/2026\\\/01\\\/ISE_logo_web.jpg\",\"width\":750,\"height\":400},{\"@type\":\"BreadcrumbList\",\"@id\":\"https:\\\/\\\/eurecat.org\\\/es\\\/calendario\\\/ise-2026-integrated-systems-europe\\\/#breadcrumb\",\"itemListElement\":[{\"@type\":\"ListItem\",\"position\":1,\"name\":\"Inici\",\"item\":\"https:\\\/\\\/eurecat.org\\\/es\\\/\"},{\"@type\":\"ListItem\",\"position\":2,\"name\":\"Eventos\",\"item\":\"https:\\\/\\\/eurecat.org\\\/es\\\/calendario\\\/\"},{\"@type\":\"ListItem\",\"position\":3,\"name\":\"ISE 2026 Integrated Systems Europe\"}]},{\"@type\":\"WebSite\",\"@id\":\"https:\\\/\\\/eurecat.org\\\/es\\\/#website\",\"url\":\"https:\\\/\\\/eurecat.org\\\/es\\\/\",\"name\":\"Eurecat\",\"description\":\"Otro sitio realizado con WordPress\",\"potentialAction\":[{\"@type\":\"SearchAction\",\"target\":{\"@type\":\"EntryPoint\",\"urlTemplate\":\"https:\\\/\\\/eurecat.org\\\/es\\\/?s={search_term_string}\"},\"query-input\":{\"@type\":\"PropertyValueSpecification\",\"valueRequired\":true,\"valueName\":\"search_term_string\"}}],\"inLanguage\":\"es\"}]}<\/script>\n<!-- \/ Yoast SEO plugin. -->","yoast_head_json":{"title":"ISE 2026 Integrated Systems Europe - Eurecat","description":"Eurecat volver\u00e1 a estar presente como expositor a la ISE, la feria l\u00edder de audiovisuales e integraci\u00f3n de sistemas, entre los d\u00edas 3 y 6 de febrero en Barcelona","robots":{"index":"index","follow":"follow","max-snippet":"max-snippet:-1","max-image-preview":"max-image-preview:large","max-video-preview":"max-video-preview:-1"},"canonical":"https:\/\/eurecat.org\/es\/calendario\/ise-2026-integrated-systems-europe\/","og_locale":"es_ES","og_type":"article","og_title":"ISE 2026 Integrated Systems Europe - Eurecat","og_description":"Eurecat volver\u00e1 a estar presente como expositor a la ISE, la feria l\u00edder de audiovisuales e integraci\u00f3n de sistemas, entre los d\u00edas 3 y 6 de febrero en Barcelona","og_url":"https:\/\/eurecat.org\/es\/calendario\/ise-2026-integrated-systems-europe\/","og_site_name":"Eurecat","article_modified_time":"2026-01-28T15:57:46+00:00","og_image":[{"width":750,"height":400,"url":"https:\/\/eurecat.org\/wp-content\/uploads\/2026\/01\/ISE_logo_web.jpg","type":"image\/jpeg"}],"twitter_card":"summary_large_image","twitter_misc":{"Tiempo de lectura":"2 minutos"},"schema":{"@context":"https:\/\/schema.org","@graph":[{"@type":"WebPage","@id":"https:\/\/eurecat.org\/es\/calendario\/ise-2026-integrated-systems-europe\/","url":"https:\/\/eurecat.org\/es\/calendario\/ise-2026-integrated-systems-europe\/","name":"ISE 2026 Integrated Systems Europe - Eurecat","isPartOf":{"@id":"https:\/\/eurecat.org\/es\/#website"},"primaryImageOfPage":{"@id":"https:\/\/eurecat.org\/es\/calendario\/ise-2026-integrated-systems-europe\/#primaryimage"},"image":{"@id":"https:\/\/eurecat.org\/es\/calendario\/ise-2026-integrated-systems-europe\/#primaryimage"},"thumbnailUrl":"https:\/\/eurecat.org\/wp-content\/uploads\/2026\/01\/ISE_logo_web.jpg","datePublished":"2026-01-20T12:29:33+00:00","dateModified":"2026-01-28T15:57:46+00:00","description":"Eurecat volver\u00e1 a estar presente como expositor a la ISE, la feria l\u00edder de audiovisuales e integraci\u00f3n de sistemas, entre los d\u00edas 3 y 6 de febrero en Barcelona","breadcrumb":{"@id":"https:\/\/eurecat.org\/es\/calendario\/ise-2026-integrated-systems-europe\/#breadcrumb"},"inLanguage":"es","potentialAction":[{"@type":"ReadAction","target":["https:\/\/eurecat.org\/es\/calendario\/ise-2026-integrated-systems-europe\/"]}]},{"@type":"ImageObject","inLanguage":"es","@id":"https:\/\/eurecat.org\/es\/calendario\/ise-2026-integrated-systems-europe\/#primaryimage","url":"https:\/\/eurecat.org\/wp-content\/uploads\/2026\/01\/ISE_logo_web.jpg","contentUrl":"https:\/\/eurecat.org\/wp-content\/uploads\/2026\/01\/ISE_logo_web.jpg","width":750,"height":400},{"@type":"BreadcrumbList","@id":"https:\/\/eurecat.org\/es\/calendario\/ise-2026-integrated-systems-europe\/#breadcrumb","itemListElement":[{"@type":"ListItem","position":1,"name":"Inici","item":"https:\/\/eurecat.org\/es\/"},{"@type":"ListItem","position":2,"name":"Eventos","item":"https:\/\/eurecat.org\/es\/calendario\/"},{"@type":"ListItem","position":3,"name":"ISE 2026 Integrated Systems Europe"}]},{"@type":"WebSite","@id":"https:\/\/eurecat.org\/es\/#website","url":"https:\/\/eurecat.org\/es\/","name":"Eurecat","description":"Otro sitio realizado con WordPress","potentialAction":[{"@type":"SearchAction","target":{"@type":"EntryPoint","urlTemplate":"https:\/\/eurecat.org\/es\/?s={search_term_string}"},"query-input":{"@type":"PropertyValueSpecification","valueRequired":true,"valueName":"search_term_string"}}],"inLanguage":"es"}]}},"_links":{"self":[{"href":"https:\/\/eurecat.org\/es\/wp-json\/wp\/v2\/mec-events\/191660","targetHints":{"allow":["GET"]}}],"collection":[{"href":"https:\/\/eurecat.org\/es\/wp-json\/wp\/v2\/mec-events"}],"about":[{"href":"https:\/\/eurecat.org\/es\/wp-json\/wp\/v2\/types\/mec-events"}],"author":[{"embeddable":true,"href":"https:\/\/eurecat.org\/es\/wp-json\/wp\/v2\/users\/20"}],"replies":[{"embeddable":true,"href":"https:\/\/eurecat.org\/es\/wp-json\/wp\/v2\/comments?post=191660"}],"wp:featuredmedia":[{"embeddable":true,"href":"https:\/\/eurecat.org\/es\/wp-json\/wp\/v2\/media\/191659"}],"wp:attachment":[{"href":"https:\/\/eurecat.org\/es\/wp-json\/wp\/v2\/media?parent=191660"}],"wp:term":[{"taxonomy":"post_tag","embeddable":true,"href":"https:\/\/eurecat.org\/es\/wp-json\/wp\/v2\/tags?post=191660"},{"taxonomy":"mec_category","embeddable":true,"href":"https:\/\/eurecat.org\/es\/wp-json\/wp\/v2\/mec_category?post=191660"}],"curies":[{"name":"wp","href":"https:\/\/api.w.org\/{rel}","templated":true}]}}

<div class="fusion-fullwidth fullwidth-box fusion-builder-row-1 fusion-flex-container has-pattern-background has-mask-background nonhundred-percent-fullwidth non-hundred-percent-height-scrolling" style="--awb-border-radius-top-left:0px;--awb-border-radius-top-right:0px;--awb-border-radius-bottom-right:0px;--awb-border-radius-bottom-left:0px;--awb-flex-wrap:wrap;" ><div class="fusion-builder-row fusion-row fusion-flex-align-items-flex-start fusion-flex-content-wrap" style="max-width:1424.8px;margin-left: calc(-4% / 2 );margin-right: calc(-4% / 2 );"><div class="fusion-layout-column fusion_builder_column fusion-builder-column-0 fusion_builder_column_1_1 1_1 fusion-flex-column" style="--awb-bg-size:cover;--awb-width-large:100%;--awb-margin-top-large:0px;--awb-spacing-right-large:1.92%;--awb-margin-bottom-large:20px;--awb-spacing-left-large:1.92%;--awb-width-medium:100%;--awb-order-medium:0;--awb-spacing-right-medium:1.92%;--awb-spacing-left-medium:1.92%;--awb-width-small:100%;--awb-order-small:0;--awb-spacing-right-small:1.92%;--awb-spacing-left-small:1.92%;"><div class="fusion-column-wrapper fusion-column-has-shadow fusion-flex-justify-content-flex-start fusion-content-layout-column"><div class="fusion-text fusion-text-1"><p><strong>Eurecat volverá a estar presente como expositor a la <a href="https://www.iseurope.org/" target="_blank" rel="noopener">ISE</a></strong>, la feria líder de audiovisuales e integración de sistemas, <strong>entre los días 3 y 6 de febrero en Barcelona</strong> dentro del estand agrupado de la Generalitat de Catalunya.</p>
<p><strong>Nos podéis encontrar en el Congress Square CS100!!</strong></p>
<p>Mostraremos diferentes experiencias en audio 3D, destacando una demostración sobre las capacidades de la línea de audio de la Unidad Multimedia en tecnologías que permiten la reconstrucción de la identidad sonora de edificios históricos o emblemáticos en el marco del patrimonio histórico de Cataluña. También presentaremos la propuesta de formación especializada y dirigida al mundo de la Inteligencia Artificial, enfocado a la rama de IA Industrial y IA Generativa, entre otros.</p>
<p><strong>Ponencias</strong></p>
<p><b><span lang="ca" data-olk-copy-source="MessageBody">3 de febrero</span></b><b></b></p>
<ul type="disc">
<li><b><span lang="ca">17:15 – 18 h</span></b><span lang="ca">: <b>el director de Desarrollo Internacional y Políticas de I+D+i d’Eurecat, Joan Guasch</b>, participa en la mesa redonda <b>“Como la robótica audiovisual está transformando la industria audiovisual”</b></span></li>
</ul>
<p><img decoding="async" class="aligncenter wp-image-191656 size-fusion-800" src="https://eurecat.org/wp-content/uploads/2026/01/ISE_i-8pwpZTC-X4-800x509.jpg" alt="" width="800" height="509" srcset="https://eurecat.org/wp-content/uploads/2026/01/ISE_i-8pwpZTC-X4-200x127.jpg 200w, https://eurecat.org/wp-content/uploads/2026/01/ISE_i-8pwpZTC-X4-300x191.jpg 300w, https://eurecat.org/wp-content/uploads/2026/01/ISE_i-8pwpZTC-X4-400x254.jpg 400w, https://eurecat.org/wp-content/uploads/2026/01/ISE_i-8pwpZTC-X4-600x382.jpg 600w, https://eurecat.org/wp-content/uploads/2026/01/ISE_i-8pwpZTC-X4-768x489.jpg 768w, https://eurecat.org/wp-content/uploads/2026/01/ISE_i-8pwpZTC-X4-800x509.jpg 800w, https://eurecat.org/wp-content/uploads/2026/01/ISE_i-8pwpZTC-X4-1160x738.jpg 1160w, https://eurecat.org/wp-content/uploads/2026/01/ISE_i-8pwpZTC-X4-1200x763.jpg 1200w, https://eurecat.org/wp-content/uploads/2026/01/ISE_i-8pwpZTC-X4-1536x977.jpg 1536w" sizes="(max-width: 800px) 100vw, 800px" /></p>
</div></div></div></div></div>

<!-- This site is optimized with the Yoast SEO plugin v27.4 - https://yoast.com/product/yoast-seo-wordpress/ -->
<title>ISE 2026 Integrated Systems Europe - Eurecat</title>
<meta name="description" content="Eurecat volverá a estar presente como expositor a la ISE, la feria líder de audiovisuales e integración de sistemas, entre los días 3 y 6 de febrero en Barcelona" />
<meta name="robots" content="index, follow, max-snippet:-1, max-image-preview:large, max-video-preview:-1" />
<link rel="canonical" href="https://eurecat.org/es/calendario/ise-2026-integrated-systems-europe/" />
<meta property="og:locale" content="es_ES" />
<meta property="og:type" content="article" />
<meta property="og:title" content="ISE 2026 Integrated Systems Europe - Eurecat" />
<meta property="og:description" content="Eurecat volverá a estar presente como expositor a la ISE, la feria líder de audiovisuales e integración de sistemas, entre los días 3 y 6 de febrero en Barcelona" />
<meta property="og:url" content="https://eurecat.org/es/calendario/ise-2026-integrated-systems-europe/" />
<meta property="og:site_name" content="Eurecat" />
<meta property="article:modified_time" content="2026-01-28T15:57:46+00:00" />
<meta property="og:image" content="https://eurecat.org/wp-content/uploads/2026/01/ISE_logo_web.jpg" />
	<meta property="og:image:width" content="750" />
	<meta property="og:image:height" content="400" />
	<meta property="og:image:type" content="image/jpeg" />
<meta name="twitter:card" content="summary_large_image" />
<meta name="twitter:label1" content="Tiempo de lectura" />
	<meta name="twitter:data1" content="2 minutos" />
<script type="application/ld+json" class="yoast-schema-graph">{"@context":"https:\/\/schema.org","@graph":[{"@type":"WebPage","@id":"https:\/\/eurecat.org\/es\/calendario\/ise-2026-integrated-systems-europe\/","url":"https:\/\/eurecat.org\/es\/calendario\/ise-2026-integrated-systems-europe\/","name":"ISE 2026 Integrated Systems Europe - Eurecat","isPartOf":{"@id":"https:\/\/eurecat.org\/es\/#website"},"primaryImageOfPage":{"@id":"https:\/\/eurecat.org\/es\/calendario\/ise-2026-integrated-systems-europe\/#primaryimage"},"image":{"@id":"https:\/\/eurecat.org\/es\/calendario\/ise-2026-integrated-systems-europe\/#primaryimage"},"thumbnailUrl":"https:\/\/eurecat.org\/wp-content\/uploads\/2026\/01\/ISE_logo_web.jpg","datePublished":"2026-01-20T12:29:33+00:00","dateModified":"2026-01-28T15:57:46+00:00","description":"Eurecat volverá a estar presente como expositor a la ISE, la feria líder de audiovisuales e integración de sistemas, entre los días 3 y 6 de febrero en Barcelona","breadcrumb":{"@id":"https:\/\/eurecat.org\/es\/calendario\/ise-2026-integrated-systems-europe\/#breadcrumb"},"inLanguage":"es","potentialAction":[{"@type":"ReadAction","target":["https:\/\/eurecat.org\/es\/calendario\/ise-2026-integrated-systems-europe\/"]}]},{"@type":"ImageObject","inLanguage":"es","@id":"https:\/\/eurecat.org\/es\/calendario\/ise-2026-integrated-systems-europe\/#primaryimage","url":"https:\/\/eurecat.org\/wp-content\/uploads\/2026\/01\/ISE_logo_web.jpg","contentUrl":"https:\/\/eurecat.org\/wp-content\/uploads\/2026\/01\/ISE_logo_web.jpg","width":750,"height":400},{"@type":"BreadcrumbList","@id":"https:\/\/eurecat.org\/es\/calendario\/ise-2026-integrated-systems-europe\/#breadcrumb","itemListElement":[{"@type":"ListItem","position":1,"name":"Inici","item":"https:\/\/eurecat.org\/es\/"},{"@type":"ListItem","position":2,"name":"Eventos","item":"https:\/\/eurecat.org\/es\/calendario\/"},{"@type":"ListItem","position":3,"name":"ISE 2026 Integrated Systems Europe"}]},{"@type":"WebSite","@id":"https:\/\/eurecat.org\/es\/#website","url":"https:\/\/eurecat.org\/es\/","name":"Eurecat","description":"Otro sitio realizado con WordPress","potentialAction":[{"@type":"SearchAction","target":{"@type":"EntryPoint","urlTemplate":"https:\/\/eurecat.org\/es\/?s={search_term_string}"},"query-input":{"@type":"PropertyValueSpecification","valueRequired":true,"valueName":"search_term_string"}}],"inLanguage":"es"}]}</script>
<!-- / Yoast SEO plugin. -->

Eurecat volverá a estar presente como expositor a la ISE, la feria líder de audiovisuales e integración de sistemas, entre los días 3 y 6 de febrero en Barcelona
