{"id":191711,"date":"2026-01-22T09:35:15","date_gmt":"2026-01-22T08:35:15","guid":{"rendered":"https:\/\/eurecat.org\/?post_type=mec-events&#038;p=191711"},"modified":"2026-01-22T09:41:30","modified_gmt":"2026-01-22T08:41:30","slug":"biemh-2026","status":"publish","type":"mec-events","link":"https:\/\/eurecat.org\/es\/calendario\/biemh-2026\/","title":{"rendered":"BIEMH 2026"},"content":{"rendered":"<div class=\"fusion-fullwidth fullwidth-box fusion-builder-row-1 fusion-flex-container has-pattern-background has-mask-background nonhundred-percent-fullwidth non-hundred-percent-height-scrolling\" style=\"--awb-border-radius-top-left:0px;--awb-border-radius-top-right:0px;--awb-border-radius-bottom-right:0px;--awb-border-radius-bottom-left:0px;--awb-flex-wrap:wrap;\" ><div class=\"fusion-builder-row fusion-row fusion-flex-align-items-flex-start fusion-flex-content-wrap\" style=\"max-width:1424.8px;margin-left: calc(-4% \/ 2 );margin-right: calc(-4% \/ 2 );\"><div class=\"fusion-layout-column fusion_builder_column fusion-builder-column-0 fusion_builder_column_1_1 1_1 fusion-flex-column\" style=\"--awb-bg-size:cover;--awb-width-large:100%;--awb-margin-top-large:0px;--awb-spacing-right-large:1.92%;--awb-margin-bottom-large:20px;--awb-spacing-left-large:1.92%;--awb-width-medium:100%;--awb-order-medium:0;--awb-spacing-right-medium:1.92%;--awb-spacing-left-medium:1.92%;--awb-width-small:100%;--awb-order-small:0;--awb-spacing-right-small:1.92%;--awb-spacing-left-small:1.92%;\"><div class=\"fusion-column-wrapper fusion-column-has-shadow fusion-flex-justify-content-flex-start fusion-content-layout-column\"><div class=\"fusion-text fusion-text-1\"><p><strong>Eurecat estar\u00e1 presente como expositor en la BIEMH 2026, la feria dedicada a la fabricaci\u00f3n avanzada<\/strong> que tendr\u00e1 lugar <strong>en Bilbao del 2 al 6 de marzo<\/strong>. El centro tecnol\u00f3gico <strong>participa dentro de un estand agrupado con AER<\/strong>, la Asociaci\u00f3n Espa\u00f1ola de Rob\u00f3tica y Automatizaci\u00f3n.<\/p>\n<p><strong>La\u00a0BIEMH\u00a0es la feria manufacturera por excelencia<\/strong>, donde est\u00e1 representada toda la cadena de valor de la fabricaci\u00f3n avanzada, desde m\u00e1quina-herramienta y procesos, herramientas, componentes, accesorios, metrolog\u00eda, servicios por la producci\u00f3n, e incluso una \u00e1rea espec\u00edfica dedicada a la rob\u00f3tica, automatizaci\u00f3n y digitalizaci\u00f3n.<\/p>\n<p>AER\u00a0nos ha brindado la oportunidad de participar en un estand compartido, donde <strong>nuestro foco ser\u00e1 la rob\u00f3tica y fabricaci\u00f3n avanzada.<\/strong><\/p>\n<\/div><div style=\"text-align:center;\"><a class=\"fusion-button button-flat fusion-button-default-size button-default fusion-button-default button-1 fusion-button-default-span fusion-button-default-type\" target=\"_blank\" rel=\"noopener noreferrer\" href=\"https:\/\/biemh.bilbaoexhibitioncentre.com\/\"><span class=\"fusion-button-text awb-button__text awb-button__text--default\">Conoce m\u00e1s sobre BIEMH 2026<\/span><\/a><\/div><\/div><\/div><\/div><\/div>\n","protected":false},"excerpt":{"rendered":"","protected":false},"author":20,"featured_media":191709,"comment_status":"closed","ping_status":"closed","template":"","tags":[],"mec_category":[975],"class_list":["post-191711","mec-events","type-mec-events","status-publish","has-post-thumbnail","hentry","mec_category-fires-on-participa-eurecat"],"yoast_head":"<!-- This site is optimized with the Yoast SEO plugin v27.4 - https:\/\/yoast.com\/product\/yoast-seo-wordpress\/ -->\n<title>BIEMH 2026BIEMH 2026 - Eurecat<\/title>\n<meta name=\"description\" content=\"Eurecat estar\u00e1 como expositor en la BIEMH 2026, la feria dedicada a la fabricaci\u00f3n avanzada que tendr\u00e1 lugar en Bilbao del 2 al 6 de marzo\" \/>\n<meta name=\"robots\" content=\"index, follow, max-snippet:-1, max-image-preview:large, max-video-preview:-1\" \/>\n<link rel=\"canonical\" href=\"https:\/\/eurecat.org\/es\/calendario\/biemh-2026\/\" \/>\n<meta property=\"og:locale\" content=\"es_ES\" \/>\n<meta property=\"og:type\" content=\"article\" \/>\n<meta property=\"og:title\" content=\"BIEMH 2026BIEMH 2026 - Eurecat\" \/>\n<meta property=\"og:description\" content=\"Eurecat estar\u00e1 como expositor en la BIEMH 2026, la feria dedicada a la fabricaci\u00f3n avanzada que tendr\u00e1 lugar en Bilbao del 2 al 6 de marzo\" \/>\n<meta property=\"og:url\" content=\"https:\/\/eurecat.org\/es\/calendario\/biemh-2026\/\" \/>\n<meta property=\"og:site_name\" content=\"Eurecat\" \/>\n<meta property=\"article:modified_time\" content=\"2026-01-22T08:41:30+00:00\" \/>\n<meta property=\"og:image\" content=\"https:\/\/eurecat.org\/wp-content\/uploads\/2026\/01\/BIEMH_web.jpg\" \/>\n\t<meta property=\"og:image:width\" content=\"750\" \/>\n\t<meta property=\"og:image:height\" content=\"400\" \/>\n\t<meta property=\"og:image:type\" content=\"image\/jpeg\" \/>\n<meta name=\"twitter:card\" content=\"summary_large_image\" \/>\n<meta name=\"twitter:label1\" content=\"Tiempo de lectura\" \/>\n\t<meta name=\"twitter:data1\" content=\"1 minuto\" \/>\n<script type=\"application\/ld+json\" class=\"yoast-schema-graph\">{\"@context\":\"https:\\\/\\\/schema.org\",\"@graph\":[{\"@type\":\"WebPage\",\"@id\":\"https:\\\/\\\/eurecat.org\\\/es\\\/calendario\\\/biemh-2026\\\/\",\"url\":\"https:\\\/\\\/eurecat.org\\\/es\\\/calendario\\\/biemh-2026\\\/\",\"name\":\"BIEMH 2026BIEMH 2026 - Eurecat\",\"isPartOf\":{\"@id\":\"https:\\\/\\\/eurecat.org\\\/es\\\/#website\"},\"primaryImageOfPage\":{\"@id\":\"https:\\\/\\\/eurecat.org\\\/es\\\/calendario\\\/biemh-2026\\\/#primaryimage\"},\"image\":{\"@id\":\"https:\\\/\\\/eurecat.org\\\/es\\\/calendario\\\/biemh-2026\\\/#primaryimage\"},\"thumbnailUrl\":\"https:\\\/\\\/eurecat.org\\\/wp-content\\\/uploads\\\/2026\\\/01\\\/BIEMH_web.jpg\",\"datePublished\":\"2026-01-22T08:35:15+00:00\",\"dateModified\":\"2026-01-22T08:41:30+00:00\",\"description\":\"Eurecat estar\u00e1 como expositor en la BIEMH 2026, la feria dedicada a la fabricaci\u00f3n avanzada que tendr\u00e1 lugar en Bilbao del 2 al 6 de marzo\",\"breadcrumb\":{\"@id\":\"https:\\\/\\\/eurecat.org\\\/es\\\/calendario\\\/biemh-2026\\\/#breadcrumb\"},\"inLanguage\":\"es\",\"potentialAction\":[{\"@type\":\"ReadAction\",\"target\":[\"https:\\\/\\\/eurecat.org\\\/es\\\/calendario\\\/biemh-2026\\\/\"]}]},{\"@type\":\"ImageObject\",\"inLanguage\":\"es\",\"@id\":\"https:\\\/\\\/eurecat.org\\\/es\\\/calendario\\\/biemh-2026\\\/#primaryimage\",\"url\":\"https:\\\/\\\/eurecat.org\\\/wp-content\\\/uploads\\\/2026\\\/01\\\/BIEMH_web.jpg\",\"contentUrl\":\"https:\\\/\\\/eurecat.org\\\/wp-content\\\/uploads\\\/2026\\\/01\\\/BIEMH_web.jpg\",\"width\":750,\"height\":400},{\"@type\":\"BreadcrumbList\",\"@id\":\"https:\\\/\\\/eurecat.org\\\/es\\\/calendario\\\/biemh-2026\\\/#breadcrumb\",\"itemListElement\":[{\"@type\":\"ListItem\",\"position\":1,\"name\":\"Inici\",\"item\":\"https:\\\/\\\/eurecat.org\\\/es\\\/\"},{\"@type\":\"ListItem\",\"position\":2,\"name\":\"Eventos\",\"item\":\"https:\\\/\\\/eurecat.org\\\/es\\\/calendario\\\/\"},{\"@type\":\"ListItem\",\"position\":3,\"name\":\"BIEMH 2026\"}]},{\"@type\":\"WebSite\",\"@id\":\"https:\\\/\\\/eurecat.org\\\/es\\\/#website\",\"url\":\"https:\\\/\\\/eurecat.org\\\/es\\\/\",\"name\":\"Eurecat\",\"description\":\"Otro sitio realizado con WordPress\",\"potentialAction\":[{\"@type\":\"SearchAction\",\"target\":{\"@type\":\"EntryPoint\",\"urlTemplate\":\"https:\\\/\\\/eurecat.org\\\/es\\\/?s={search_term_string}\"},\"query-input\":{\"@type\":\"PropertyValueSpecification\",\"valueRequired\":true,\"valueName\":\"search_term_string\"}}],\"inLanguage\":\"es\"}]}<\/script>\n<!-- \/ Yoast SEO plugin. -->","yoast_head_json":{"title":"BIEMH 2026BIEMH 2026 - Eurecat","description":"Eurecat estar\u00e1 como expositor en la BIEMH 2026, la feria dedicada a la fabricaci\u00f3n avanzada que tendr\u00e1 lugar en Bilbao del 2 al 6 de marzo","robots":{"index":"index","follow":"follow","max-snippet":"max-snippet:-1","max-image-preview":"max-image-preview:large","max-video-preview":"max-video-preview:-1"},"canonical":"https:\/\/eurecat.org\/es\/calendario\/biemh-2026\/","og_locale":"es_ES","og_type":"article","og_title":"BIEMH 2026BIEMH 2026 - Eurecat","og_description":"Eurecat estar\u00e1 como expositor en la BIEMH 2026, la feria dedicada a la fabricaci\u00f3n avanzada que tendr\u00e1 lugar en Bilbao del 2 al 6 de marzo","og_url":"https:\/\/eurecat.org\/es\/calendario\/biemh-2026\/","og_site_name":"Eurecat","article_modified_time":"2026-01-22T08:41:30+00:00","og_image":[{"width":750,"height":400,"url":"https:\/\/eurecat.org\/wp-content\/uploads\/2026\/01\/BIEMH_web.jpg","type":"image\/jpeg"}],"twitter_card":"summary_large_image","twitter_misc":{"Tiempo de lectura":"1 minuto"},"schema":{"@context":"https:\/\/schema.org","@graph":[{"@type":"WebPage","@id":"https:\/\/eurecat.org\/es\/calendario\/biemh-2026\/","url":"https:\/\/eurecat.org\/es\/calendario\/biemh-2026\/","name":"BIEMH 2026BIEMH 2026 - Eurecat","isPartOf":{"@id":"https:\/\/eurecat.org\/es\/#website"},"primaryImageOfPage":{"@id":"https:\/\/eurecat.org\/es\/calendario\/biemh-2026\/#primaryimage"},"image":{"@id":"https:\/\/eurecat.org\/es\/calendario\/biemh-2026\/#primaryimage"},"thumbnailUrl":"https:\/\/eurecat.org\/wp-content\/uploads\/2026\/01\/BIEMH_web.jpg","datePublished":"2026-01-22T08:35:15+00:00","dateModified":"2026-01-22T08:41:30+00:00","description":"Eurecat estar\u00e1 como expositor en la BIEMH 2026, la feria dedicada a la fabricaci\u00f3n avanzada que tendr\u00e1 lugar en Bilbao del 2 al 6 de marzo","breadcrumb":{"@id":"https:\/\/eurecat.org\/es\/calendario\/biemh-2026\/#breadcrumb"},"inLanguage":"es","potentialAction":[{"@type":"ReadAction","target":["https:\/\/eurecat.org\/es\/calendario\/biemh-2026\/"]}]},{"@type":"ImageObject","inLanguage":"es","@id":"https:\/\/eurecat.org\/es\/calendario\/biemh-2026\/#primaryimage","url":"https:\/\/eurecat.org\/wp-content\/uploads\/2026\/01\/BIEMH_web.jpg","contentUrl":"https:\/\/eurecat.org\/wp-content\/uploads\/2026\/01\/BIEMH_web.jpg","width":750,"height":400},{"@type":"BreadcrumbList","@id":"https:\/\/eurecat.org\/es\/calendario\/biemh-2026\/#breadcrumb","itemListElement":[{"@type":"ListItem","position":1,"name":"Inici","item":"https:\/\/eurecat.org\/es\/"},{"@type":"ListItem","position":2,"name":"Eventos","item":"https:\/\/eurecat.org\/es\/calendario\/"},{"@type":"ListItem","position":3,"name":"BIEMH 2026"}]},{"@type":"WebSite","@id":"https:\/\/eurecat.org\/es\/#website","url":"https:\/\/eurecat.org\/es\/","name":"Eurecat","description":"Otro sitio realizado con WordPress","potentialAction":[{"@type":"SearchAction","target":{"@type":"EntryPoint","urlTemplate":"https:\/\/eurecat.org\/es\/?s={search_term_string}"},"query-input":{"@type":"PropertyValueSpecification","valueRequired":true,"valueName":"search_term_string"}}],"inLanguage":"es"}]}},"_links":{"self":[{"href":"https:\/\/eurecat.org\/es\/wp-json\/wp\/v2\/mec-events\/191711","targetHints":{"allow":["GET"]}}],"collection":[{"href":"https:\/\/eurecat.org\/es\/wp-json\/wp\/v2\/mec-events"}],"about":[{"href":"https:\/\/eurecat.org\/es\/wp-json\/wp\/v2\/types\/mec-events"}],"author":[{"embeddable":true,"href":"https:\/\/eurecat.org\/es\/wp-json\/wp\/v2\/users\/20"}],"replies":[{"embeddable":true,"href":"https:\/\/eurecat.org\/es\/wp-json\/wp\/v2\/comments?post=191711"}],"wp:featuredmedia":[{"embeddable":true,"href":"https:\/\/eurecat.org\/es\/wp-json\/wp\/v2\/media\/191709"}],"wp:attachment":[{"href":"https:\/\/eurecat.org\/es\/wp-json\/wp\/v2\/media?parent=191711"}],"wp:term":[{"taxonomy":"post_tag","embeddable":true,"href":"https:\/\/eurecat.org\/es\/wp-json\/wp\/v2\/tags?post=191711"},{"taxonomy":"mec_category","embeddable":true,"href":"https:\/\/eurecat.org\/es\/wp-json\/wp\/v2\/mec_category?post=191711"}],"curies":[{"name":"wp","href":"https:\/\/api.w.org\/{rel}","templated":true}]}}

<div class="fusion-fullwidth fullwidth-box fusion-builder-row-1 fusion-flex-container has-pattern-background has-mask-background nonhundred-percent-fullwidth non-hundred-percent-height-scrolling" style="--awb-border-radius-top-left:0px;--awb-border-radius-top-right:0px;--awb-border-radius-bottom-right:0px;--awb-border-radius-bottom-left:0px;--awb-flex-wrap:wrap;" ><div class="fusion-builder-row fusion-row fusion-flex-align-items-flex-start fusion-flex-content-wrap" style="max-width:1424.8px;margin-left: calc(-4% / 2 );margin-right: calc(-4% / 2 );"><div class="fusion-layout-column fusion_builder_column fusion-builder-column-0 fusion_builder_column_1_1 1_1 fusion-flex-column" style="--awb-bg-size:cover;--awb-width-large:100%;--awb-margin-top-large:0px;--awb-spacing-right-large:1.92%;--awb-margin-bottom-large:20px;--awb-spacing-left-large:1.92%;--awb-width-medium:100%;--awb-order-medium:0;--awb-spacing-right-medium:1.92%;--awb-spacing-left-medium:1.92%;--awb-width-small:100%;--awb-order-small:0;--awb-spacing-right-small:1.92%;--awb-spacing-left-small:1.92%;"><div class="fusion-column-wrapper fusion-column-has-shadow fusion-flex-justify-content-flex-start fusion-content-layout-column"><div class="fusion-text fusion-text-1"><p><strong>Eurecat estará presente como expositor en la BIEMH 2026, la feria dedicada a la fabricación avanzada</strong> que tendrá lugar <strong>en Bilbao del 2 al 6 de marzo</strong>. El centro tecnológico <strong>participa dentro de un estand agrupado con AER</strong>, la Asociación Española de Robótica y Automatización.</p>
<p><strong>La BIEMH es la feria manufacturera por excelencia</strong>, donde está representada toda la cadena de valor de la fabricación avanzada, desde máquina-herramienta y procesos, herramientas, componentes, accesorios, metrología, servicios por la producción, e incluso una área específica dedicada a la robótica, automatización y digitalización.</p>
<p>AER nos ha brindado la oportunidad de participar en un estand compartido, donde <strong>nuestro foco será la robótica y fabricación avanzada.</strong></p>
</div><div style="text-align:center;"><a class="fusion-button button-flat fusion-button-default-size button-default fusion-button-default button-1 fusion-button-default-span fusion-button-default-type" target="_blank" rel="noopener noreferrer" href="https://biemh.bilbaoexhibitioncentre.com/"><span class="fusion-button-text awb-button__text awb-button__text--default">Conoce más sobre BIEMH 2026</span></a></div></div></div></div></div>

<!-- This site is optimized with the Yoast SEO plugin v27.4 - https://yoast.com/product/yoast-seo-wordpress/ -->
<title>BIEMH 2026BIEMH 2026 - Eurecat</title>
<meta name="description" content="Eurecat estará como expositor en la BIEMH 2026, la feria dedicada a la fabricación avanzada que tendrá lugar en Bilbao del 2 al 6 de marzo" />
<meta name="robots" content="index, follow, max-snippet:-1, max-image-preview:large, max-video-preview:-1" />
<link rel="canonical" href="https://eurecat.org/es/calendario/biemh-2026/" />
<meta property="og:locale" content="es_ES" />
<meta property="og:type" content="article" />
<meta property="og:title" content="BIEMH 2026BIEMH 2026 - Eurecat" />
<meta property="og:description" content="Eurecat estará como expositor en la BIEMH 2026, la feria dedicada a la fabricación avanzada que tendrá lugar en Bilbao del 2 al 6 de marzo" />
<meta property="og:url" content="https://eurecat.org/es/calendario/biemh-2026/" />
<meta property="og:site_name" content="Eurecat" />
<meta property="article:modified_time" content="2026-01-22T08:41:30+00:00" />
<meta property="og:image" content="https://eurecat.org/wp-content/uploads/2026/01/BIEMH_web.jpg" />
	<meta property="og:image:width" content="750" />
	<meta property="og:image:height" content="400" />
	<meta property="og:image:type" content="image/jpeg" />
<meta name="twitter:card" content="summary_large_image" />
<meta name="twitter:label1" content="Tiempo de lectura" />
	<meta name="twitter:data1" content="1 minuto" />
<script type="application/ld+json" class="yoast-schema-graph">{"@context":"https:\/\/schema.org","@graph":[{"@type":"WebPage","@id":"https:\/\/eurecat.org\/es\/calendario\/biemh-2026\/","url":"https:\/\/eurecat.org\/es\/calendario\/biemh-2026\/","name":"BIEMH 2026BIEMH 2026 - Eurecat","isPartOf":{"@id":"https:\/\/eurecat.org\/es\/#website"},"primaryImageOfPage":{"@id":"https:\/\/eurecat.org\/es\/calendario\/biemh-2026\/#primaryimage"},"image":{"@id":"https:\/\/eurecat.org\/es\/calendario\/biemh-2026\/#primaryimage"},"thumbnailUrl":"https:\/\/eurecat.org\/wp-content\/uploads\/2026\/01\/BIEMH_web.jpg","datePublished":"2026-01-22T08:35:15+00:00","dateModified":"2026-01-22T08:41:30+00:00","description":"Eurecat estará como expositor en la BIEMH 2026, la feria dedicada a la fabricación avanzada que tendrá lugar en Bilbao del 2 al 6 de marzo","breadcrumb":{"@id":"https:\/\/eurecat.org\/es\/calendario\/biemh-2026\/#breadcrumb"},"inLanguage":"es","potentialAction":[{"@type":"ReadAction","target":["https:\/\/eurecat.org\/es\/calendario\/biemh-2026\/"]}]},{"@type":"ImageObject","inLanguage":"es","@id":"https:\/\/eurecat.org\/es\/calendario\/biemh-2026\/#primaryimage","url":"https:\/\/eurecat.org\/wp-content\/uploads\/2026\/01\/BIEMH_web.jpg","contentUrl":"https:\/\/eurecat.org\/wp-content\/uploads\/2026\/01\/BIEMH_web.jpg","width":750,"height":400},{"@type":"BreadcrumbList","@id":"https:\/\/eurecat.org\/es\/calendario\/biemh-2026\/#breadcrumb","itemListElement":[{"@type":"ListItem","position":1,"name":"Inici","item":"https:\/\/eurecat.org\/es\/"},{"@type":"ListItem","position":2,"name":"Eventos","item":"https:\/\/eurecat.org\/es\/calendario\/"},{"@type":"ListItem","position":3,"name":"BIEMH 2026"}]},{"@type":"WebSite","@id":"https:\/\/eurecat.org\/es\/#website","url":"https:\/\/eurecat.org\/es\/","name":"Eurecat","description":"Otro sitio realizado con WordPress","potentialAction":[{"@type":"SearchAction","target":{"@type":"EntryPoint","urlTemplate":"https:\/\/eurecat.org\/es\/?s={search_term_string}"},"query-input":{"@type":"PropertyValueSpecification","valueRequired":true,"valueName":"search_term_string"}}],"inLanguage":"es"}]}</script>
<!-- / Yoast SEO plugin. -->

Eurecat estará como expositor en la BIEMH 2026, la feria dedicada a la fabricación avanzada que tendrá lugar en Bilbao del 2 al 6 de marzo
