{"id":194532,"date":"2026-03-18T09:31:00","date_gmt":"2026-03-18T08:31:00","guid":{"rendered":"https:\/\/eurecat.org\/?post_type=mec-events&#038;p=194532"},"modified":"2026-03-18T09:53:30","modified_gmt":"2026-03-18T08:53:30","slug":"health-revolution-congress-2026","status":"publish","type":"mec-events","link":"https:\/\/eurecat.org\/es\/calendario\/health-revolution-congress-2026\/","title":{"rendered":"Health Revolution Congress 2026"},"content":{"rendered":"<div class=\"fusion-fullwidth fullwidth-box fusion-builder-row-1 fusion-flex-container has-pattern-background has-mask-background nonhundred-percent-fullwidth non-hundred-percent-height-scrolling\" style=\"--awb-border-radius-top-left:0px;--awb-border-radius-top-right:0px;--awb-border-radius-bottom-right:0px;--awb-border-radius-bottom-left:0px;--awb-flex-wrap:wrap;\" ><div class=\"fusion-builder-row fusion-row fusion-flex-align-items-flex-start fusion-flex-content-wrap\" style=\"max-width:1424.8px;margin-left: calc(-4% \/ 2 );margin-right: calc(-4% \/ 2 );\"><div class=\"fusion-layout-column fusion_builder_column fusion-builder-column-0 fusion_builder_column_1_1 1_1 fusion-flex-column\" style=\"--awb-bg-size:cover;--awb-width-large:100%;--awb-margin-top-large:0px;--awb-spacing-right-large:1.92%;--awb-margin-bottom-large:20px;--awb-spacing-left-large:1.92%;--awb-width-medium:100%;--awb-order-medium:0;--awb-spacing-right-medium:1.92%;--awb-spacing-left-medium:1.92%;--awb-width-small:100%;--awb-order-small:0;--awb-spacing-right-small:1.92%;--awb-spacing-left-small:1.92%;\"><div class=\"fusion-column-wrapper fusion-column-has-shadow fusion-flex-justify-content-flex-start fusion-content-layout-column\"><div class=\"fusion-text fusion-text-1\"><p><strong>Eurecat participa en la nueva edici\u00f3n del Health Revolution Congress<\/strong>, que tendr\u00e1 lugar los d\u00edas <strong>27 y 28 de mayo de 2026 en el Recinto Modernista de Sant Pau<\/strong>, en Barcelona.<\/p>\n<p>El Health Revolution Congress es la cumbre europea m\u00e1s grande en Salud Digital, donde startups y stakeholders globales unen fuerzas en la ciudad de Barcelona. El HRC no es solo un acontecimiento que da forma al futuro de la salud, sino que tambi\u00e9n redefine c\u00f3mo nos conectamos como industria para impulsar el impacto real.<\/p>\n<p>Se trata de un espacio dise\u00f1ado para conectar startups, centros de investigaci\u00f3n, profesionales cl\u00ednicos y organizaciones del sector salud para que puedan presentar sus propuestas, validarlas con expertos, y generar nuevas l\u00edneas de colaboraci\u00f3n. Nuestro objetivo es poner en valor la capacidad del ecosistema para desarrollar soluciones digitales de alto impacto en salud mental, as\u00ed como identificar oportunidades de escalabilidad y aplicaci\u00f3n en el mundo real en entornos sanitarios.<\/p>\n<ul>\n<li>Dentro del Congreso habr\u00e1 la <strong>Sala Eurecat<\/strong> donde llevaremos a cabo la sesi\u00f3n <em><strong>\u201cDigital Therapies to transform the Mental Health Care model\u201d<\/strong><\/em> con <a href=\"https:\/\/www.linkedin.com\/in\/gemma-batlle-523b36a\/\" target=\"_blank\" rel=\"noopener\"><strong>Gemma Batlle<\/strong><\/a>, directora de Startups Ecosystem como ponente. El objetivo de organizar una sesi\u00f3n tecnol\u00f3gica en el \u00e1mbito de la salud mental es dar visibilidad a las terapias digitales y a las soluciones tecnol\u00f3gicas emergentes dentro de nuestro ecosistema innovador.<\/li>\n<\/ul>\n<\/div><div style=\"text-align:center;\"><a class=\"fusion-button button-flat fusion-button-default-size button-default fusion-button-default button-1 fusion-button-default-span fusion-button-default-type\" target=\"_blank\" rel=\"noopener noreferrer\" href=\"https:\/\/healthrevolutioncongress.com\/en\/\"><span class=\"fusion-button-text awb-button__text awb-button__text--default\">Conoce aqu\u00ed el Health Revolution Congress<\/span><\/a><\/div><\/div><\/div><\/div><\/div>\n","protected":false},"excerpt":{"rendered":"","protected":false},"author":20,"featured_media":194531,"comment_status":"closed","ping_status":"closed","template":"","tags":[],"mec_category":[976],"class_list":["post-194532","mec-events","type-mec-events","status-publish","has-post-thumbnail","hentry","mec_category-congresos-organizados-por-eurecat-es"],"yoast_head":"<!-- This site is optimized with the Yoast SEO plugin v27.4 - https:\/\/yoast.com\/product\/yoast-seo-wordpress\/ -->\n<title>Health Revolution Congress 2026Health Revolution Congress 2026 - Eurecat<\/title>\n<meta name=\"description\" content=\"Eurecat participa en la nueva edici\u00f3n del Health Revolution Congress, que tendr\u00e1 lugar los d\u00edas 27 y 28 de mayo de 2026 en Barcelona\" \/>\n<meta name=\"robots\" content=\"index, follow, max-snippet:-1, max-image-preview:large, max-video-preview:-1\" \/>\n<link rel=\"canonical\" href=\"https:\/\/eurecat.org\/es\/calendario\/health-revolution-congress-2026\/\" \/>\n<meta property=\"og:locale\" content=\"es_ES\" \/>\n<meta property=\"og:type\" content=\"article\" \/>\n<meta property=\"og:title\" content=\"Health Revolution Congress 2026Health Revolution Congress 2026 - Eurecat\" \/>\n<meta property=\"og:description\" content=\"Eurecat participa en la nueva edici\u00f3n del Health Revolution Congress, que tendr\u00e1 lugar los d\u00edas 27 y 28 de mayo de 2026 en Barcelona\" \/>\n<meta property=\"og:url\" content=\"https:\/\/eurecat.org\/es\/calendario\/health-revolution-congress-2026\/\" \/>\n<meta property=\"og:site_name\" content=\"Eurecat\" \/>\n<meta property=\"article:modified_time\" content=\"2026-03-18T08:53:30+00:00\" \/>\n<meta property=\"og:image\" content=\"https:\/\/eurecat.org\/wp-content\/uploads\/2026\/03\/26_HealthRevolutionCongress_white.jpg\" \/>\n\t<meta property=\"og:image:width\" content=\"750\" \/>\n\t<meta property=\"og:image:height\" content=\"400\" \/>\n\t<meta property=\"og:image:type\" content=\"image\/jpeg\" \/>\n<meta name=\"twitter:card\" content=\"summary_large_image\" \/>\n<meta name=\"twitter:label1\" content=\"Tiempo de lectura\" \/>\n\t<meta name=\"twitter:data1\" content=\"2 minutos\" \/>\n<script type=\"application\/ld+json\" class=\"yoast-schema-graph\">{\"@context\":\"https:\\\/\\\/schema.org\",\"@graph\":[{\"@type\":\"WebPage\",\"@id\":\"https:\\\/\\\/eurecat.org\\\/es\\\/calendario\\\/health-revolution-congress-2026\\\/\",\"url\":\"https:\\\/\\\/eurecat.org\\\/es\\\/calendario\\\/health-revolution-congress-2026\\\/\",\"name\":\"Health Revolution Congress 2026Health Revolution Congress 2026 - Eurecat\",\"isPartOf\":{\"@id\":\"https:\\\/\\\/eurecat.org\\\/es\\\/#website\"},\"primaryImageOfPage\":{\"@id\":\"https:\\\/\\\/eurecat.org\\\/es\\\/calendario\\\/health-revolution-congress-2026\\\/#primaryimage\"},\"image\":{\"@id\":\"https:\\\/\\\/eurecat.org\\\/es\\\/calendario\\\/health-revolution-congress-2026\\\/#primaryimage\"},\"thumbnailUrl\":\"https:\\\/\\\/eurecat.org\\\/wp-content\\\/uploads\\\/2026\\\/03\\\/26_HealthRevolutionCongress_white.jpg\",\"datePublished\":\"2026-03-18T08:31:00+00:00\",\"dateModified\":\"2026-03-18T08:53:30+00:00\",\"description\":\"Eurecat participa en la nueva edici\u00f3n del Health Revolution Congress, que tendr\u00e1 lugar los d\u00edas 27 y 28 de mayo de 2026 en Barcelona\",\"breadcrumb\":{\"@id\":\"https:\\\/\\\/eurecat.org\\\/es\\\/calendario\\\/health-revolution-congress-2026\\\/#breadcrumb\"},\"inLanguage\":\"es\",\"potentialAction\":[{\"@type\":\"ReadAction\",\"target\":[\"https:\\\/\\\/eurecat.org\\\/es\\\/calendario\\\/health-revolution-congress-2026\\\/\"]}]},{\"@type\":\"ImageObject\",\"inLanguage\":\"es\",\"@id\":\"https:\\\/\\\/eurecat.org\\\/es\\\/calendario\\\/health-revolution-congress-2026\\\/#primaryimage\",\"url\":\"https:\\\/\\\/eurecat.org\\\/wp-content\\\/uploads\\\/2026\\\/03\\\/26_HealthRevolutionCongress_white.jpg\",\"contentUrl\":\"https:\\\/\\\/eurecat.org\\\/wp-content\\\/uploads\\\/2026\\\/03\\\/26_HealthRevolutionCongress_white.jpg\",\"width\":750,\"height\":400},{\"@type\":\"BreadcrumbList\",\"@id\":\"https:\\\/\\\/eurecat.org\\\/es\\\/calendario\\\/health-revolution-congress-2026\\\/#breadcrumb\",\"itemListElement\":[{\"@type\":\"ListItem\",\"position\":1,\"name\":\"Inici\",\"item\":\"https:\\\/\\\/eurecat.org\\\/es\\\/\"},{\"@type\":\"ListItem\",\"position\":2,\"name\":\"Eventos\",\"item\":\"https:\\\/\\\/eurecat.org\\\/es\\\/calendario\\\/\"},{\"@type\":\"ListItem\",\"position\":3,\"name\":\"Health Revolution Congress 2026\"}]},{\"@type\":\"WebSite\",\"@id\":\"https:\\\/\\\/eurecat.org\\\/es\\\/#website\",\"url\":\"https:\\\/\\\/eurecat.org\\\/es\\\/\",\"name\":\"Eurecat\",\"description\":\"Otro sitio realizado con WordPress\",\"potentialAction\":[{\"@type\":\"SearchAction\",\"target\":{\"@type\":\"EntryPoint\",\"urlTemplate\":\"https:\\\/\\\/eurecat.org\\\/es\\\/?s={search_term_string}\"},\"query-input\":{\"@type\":\"PropertyValueSpecification\",\"valueRequired\":true,\"valueName\":\"search_term_string\"}}],\"inLanguage\":\"es\"}]}<\/script>\n<!-- \/ Yoast SEO plugin. -->","yoast_head_json":{"title":"Health Revolution Congress 2026Health Revolution Congress 2026 - Eurecat","description":"Eurecat participa en la nueva edici\u00f3n del Health Revolution Congress, que tendr\u00e1 lugar los d\u00edas 27 y 28 de mayo de 2026 en Barcelona","robots":{"index":"index","follow":"follow","max-snippet":"max-snippet:-1","max-image-preview":"max-image-preview:large","max-video-preview":"max-video-preview:-1"},"canonical":"https:\/\/eurecat.org\/es\/calendario\/health-revolution-congress-2026\/","og_locale":"es_ES","og_type":"article","og_title":"Health Revolution Congress 2026Health Revolution Congress 2026 - Eurecat","og_description":"Eurecat participa en la nueva edici\u00f3n del Health Revolution Congress, que tendr\u00e1 lugar los d\u00edas 27 y 28 de mayo de 2026 en Barcelona","og_url":"https:\/\/eurecat.org\/es\/calendario\/health-revolution-congress-2026\/","og_site_name":"Eurecat","article_modified_time":"2026-03-18T08:53:30+00:00","og_image":[{"width":750,"height":400,"url":"https:\/\/eurecat.org\/wp-content\/uploads\/2026\/03\/26_HealthRevolutionCongress_white.jpg","type":"image\/jpeg"}],"twitter_card":"summary_large_image","twitter_misc":{"Tiempo de lectura":"2 minutos"},"schema":{"@context":"https:\/\/schema.org","@graph":[{"@type":"WebPage","@id":"https:\/\/eurecat.org\/es\/calendario\/health-revolution-congress-2026\/","url":"https:\/\/eurecat.org\/es\/calendario\/health-revolution-congress-2026\/","name":"Health Revolution Congress 2026Health Revolution Congress 2026 - Eurecat","isPartOf":{"@id":"https:\/\/eurecat.org\/es\/#website"},"primaryImageOfPage":{"@id":"https:\/\/eurecat.org\/es\/calendario\/health-revolution-congress-2026\/#primaryimage"},"image":{"@id":"https:\/\/eurecat.org\/es\/calendario\/health-revolution-congress-2026\/#primaryimage"},"thumbnailUrl":"https:\/\/eurecat.org\/wp-content\/uploads\/2026\/03\/26_HealthRevolutionCongress_white.jpg","datePublished":"2026-03-18T08:31:00+00:00","dateModified":"2026-03-18T08:53:30+00:00","description":"Eurecat participa en la nueva edici\u00f3n del Health Revolution Congress, que tendr\u00e1 lugar los d\u00edas 27 y 28 de mayo de 2026 en Barcelona","breadcrumb":{"@id":"https:\/\/eurecat.org\/es\/calendario\/health-revolution-congress-2026\/#breadcrumb"},"inLanguage":"es","potentialAction":[{"@type":"ReadAction","target":["https:\/\/eurecat.org\/es\/calendario\/health-revolution-congress-2026\/"]}]},{"@type":"ImageObject","inLanguage":"es","@id":"https:\/\/eurecat.org\/es\/calendario\/health-revolution-congress-2026\/#primaryimage","url":"https:\/\/eurecat.org\/wp-content\/uploads\/2026\/03\/26_HealthRevolutionCongress_white.jpg","contentUrl":"https:\/\/eurecat.org\/wp-content\/uploads\/2026\/03\/26_HealthRevolutionCongress_white.jpg","width":750,"height":400},{"@type":"BreadcrumbList","@id":"https:\/\/eurecat.org\/es\/calendario\/health-revolution-congress-2026\/#breadcrumb","itemListElement":[{"@type":"ListItem","position":1,"name":"Inici","item":"https:\/\/eurecat.org\/es\/"},{"@type":"ListItem","position":2,"name":"Eventos","item":"https:\/\/eurecat.org\/es\/calendario\/"},{"@type":"ListItem","position":3,"name":"Health Revolution Congress 2026"}]},{"@type":"WebSite","@id":"https:\/\/eurecat.org\/es\/#website","url":"https:\/\/eurecat.org\/es\/","name":"Eurecat","description":"Otro sitio realizado con WordPress","potentialAction":[{"@type":"SearchAction","target":{"@type":"EntryPoint","urlTemplate":"https:\/\/eurecat.org\/es\/?s={search_term_string}"},"query-input":{"@type":"PropertyValueSpecification","valueRequired":true,"valueName":"search_term_string"}}],"inLanguage":"es"}]}},"_links":{"self":[{"href":"https:\/\/eurecat.org\/es\/wp-json\/wp\/v2\/mec-events\/194532","targetHints":{"allow":["GET"]}}],"collection":[{"href":"https:\/\/eurecat.org\/es\/wp-json\/wp\/v2\/mec-events"}],"about":[{"href":"https:\/\/eurecat.org\/es\/wp-json\/wp\/v2\/types\/mec-events"}],"author":[{"embeddable":true,"href":"https:\/\/eurecat.org\/es\/wp-json\/wp\/v2\/users\/20"}],"replies":[{"embeddable":true,"href":"https:\/\/eurecat.org\/es\/wp-json\/wp\/v2\/comments?post=194532"}],"wp:featuredmedia":[{"embeddable":true,"href":"https:\/\/eurecat.org\/es\/wp-json\/wp\/v2\/media\/194531"}],"wp:attachment":[{"href":"https:\/\/eurecat.org\/es\/wp-json\/wp\/v2\/media?parent=194532"}],"wp:term":[{"taxonomy":"post_tag","embeddable":true,"href":"https:\/\/eurecat.org\/es\/wp-json\/wp\/v2\/tags?post=194532"},{"taxonomy":"mec_category","embeddable":true,"href":"https:\/\/eurecat.org\/es\/wp-json\/wp\/v2\/mec_category?post=194532"}],"curies":[{"name":"wp","href":"https:\/\/api.w.org\/{rel}","templated":true}]}}

<div class="fusion-fullwidth fullwidth-box fusion-builder-row-1 fusion-flex-container has-pattern-background has-mask-background nonhundred-percent-fullwidth non-hundred-percent-height-scrolling" style="--awb-border-radius-top-left:0px;--awb-border-radius-top-right:0px;--awb-border-radius-bottom-right:0px;--awb-border-radius-bottom-left:0px;--awb-flex-wrap:wrap;" ><div class="fusion-builder-row fusion-row fusion-flex-align-items-flex-start fusion-flex-content-wrap" style="max-width:1424.8px;margin-left: calc(-4% / 2 );margin-right: calc(-4% / 2 );"><div class="fusion-layout-column fusion_builder_column fusion-builder-column-0 fusion_builder_column_1_1 1_1 fusion-flex-column" style="--awb-bg-size:cover;--awb-width-large:100%;--awb-margin-top-large:0px;--awb-spacing-right-large:1.92%;--awb-margin-bottom-large:20px;--awb-spacing-left-large:1.92%;--awb-width-medium:100%;--awb-order-medium:0;--awb-spacing-right-medium:1.92%;--awb-spacing-left-medium:1.92%;--awb-width-small:100%;--awb-order-small:0;--awb-spacing-right-small:1.92%;--awb-spacing-left-small:1.92%;"><div class="fusion-column-wrapper fusion-column-has-shadow fusion-flex-justify-content-flex-start fusion-content-layout-column"><div class="fusion-text fusion-text-1"><p><strong>Eurecat participa en la nueva edición del Health Revolution Congress</strong>, que tendrá lugar los días <strong>27 y 28 de mayo de 2026 en el Recinto Modernista de Sant Pau</strong>, en Barcelona.</p>
<p>El Health Revolution Congress es la cumbre europea más grande en Salud Digital, donde startups y stakeholders globales unen fuerzas en la ciudad de Barcelona. El HRC no es solo un acontecimiento que da forma al futuro de la salud, sino que también redefine cómo nos conectamos como industria para impulsar el impacto real.</p>
<p>Se trata de un espacio diseñado para conectar startups, centros de investigación, profesionales clínicos y organizaciones del sector salud para que puedan presentar sus propuestas, validarlas con expertos, y generar nuevas líneas de colaboración. Nuestro objetivo es poner en valor la capacidad del ecosistema para desarrollar soluciones digitales de alto impacto en salud mental, así como identificar oportunidades de escalabilidad y aplicación en el mundo real en entornos sanitarios.</p>
<ul>
<li>Dentro del Congreso habrá la <strong>Sala Eurecat</strong> donde llevaremos a cabo la sesión <em><strong>“Digital Therapies to transform the Mental Health Care model”</strong></em> con <a href="https://www.linkedin.com/in/gemma-batlle-523b36a/" target="_blank" rel="noopener"><strong>Gemma Batlle</strong></a>, directora de Startups Ecosystem como ponente. El objetivo de organizar una sesión tecnológica en el ámbito de la salud mental es dar visibilidad a las terapias digitales y a las soluciones tecnológicas emergentes dentro de nuestro ecosistema innovador.</li>
</ul>
</div><div style="text-align:center;"><a class="fusion-button button-flat fusion-button-default-size button-default fusion-button-default button-1 fusion-button-default-span fusion-button-default-type" target="_blank" rel="noopener noreferrer" href="https://healthrevolutioncongress.com/en/"><span class="fusion-button-text awb-button__text awb-button__text--default">Conoce aquí el Health Revolution Congress</span></a></div></div></div></div></div>

<!-- This site is optimized with the Yoast SEO plugin v27.4 - https://yoast.com/product/yoast-seo-wordpress/ -->
<title>Health Revolution Congress 2026Health Revolution Congress 2026 - Eurecat</title>
<meta name="description" content="Eurecat participa en la nueva edición del Health Revolution Congress, que tendrá lugar los días 27 y 28 de mayo de 2026 en Barcelona" />
<meta name="robots" content="index, follow, max-snippet:-1, max-image-preview:large, max-video-preview:-1" />
<link rel="canonical" href="https://eurecat.org/es/calendario/health-revolution-congress-2026/" />
<meta property="og:locale" content="es_ES" />
<meta property="og:type" content="article" />
<meta property="og:title" content="Health Revolution Congress 2026Health Revolution Congress 2026 - Eurecat" />
<meta property="og:description" content="Eurecat participa en la nueva edición del Health Revolution Congress, que tendrá lugar los días 27 y 28 de mayo de 2026 en Barcelona" />
<meta property="og:url" content="https://eurecat.org/es/calendario/health-revolution-congress-2026/" />
<meta property="og:site_name" content="Eurecat" />
<meta property="article:modified_time" content="2026-03-18T08:53:30+00:00" />
<meta property="og:image" content="https://eurecat.org/wp-content/uploads/2026/03/26_HealthRevolutionCongress_white.jpg" />
	<meta property="og:image:width" content="750" />
	<meta property="og:image:height" content="400" />
	<meta property="og:image:type" content="image/jpeg" />
<meta name="twitter:card" content="summary_large_image" />
<meta name="twitter:label1" content="Tiempo de lectura" />
	<meta name="twitter:data1" content="2 minutos" />
<script type="application/ld+json" class="yoast-schema-graph">{"@context":"https:\/\/schema.org","@graph":[{"@type":"WebPage","@id":"https:\/\/eurecat.org\/es\/calendario\/health-revolution-congress-2026\/","url":"https:\/\/eurecat.org\/es\/calendario\/health-revolution-congress-2026\/","name":"Health Revolution Congress 2026Health Revolution Congress 2026 - Eurecat","isPartOf":{"@id":"https:\/\/eurecat.org\/es\/#website"},"primaryImageOfPage":{"@id":"https:\/\/eurecat.org\/es\/calendario\/health-revolution-congress-2026\/#primaryimage"},"image":{"@id":"https:\/\/eurecat.org\/es\/calendario\/health-revolution-congress-2026\/#primaryimage"},"thumbnailUrl":"https:\/\/eurecat.org\/wp-content\/uploads\/2026\/03\/26_HealthRevolutionCongress_white.jpg","datePublished":"2026-03-18T08:31:00+00:00","dateModified":"2026-03-18T08:53:30+00:00","description":"Eurecat participa en la nueva edición del Health Revolution Congress, que tendrá lugar los días 27 y 28 de mayo de 2026 en Barcelona","breadcrumb":{"@id":"https:\/\/eurecat.org\/es\/calendario\/health-revolution-congress-2026\/#breadcrumb"},"inLanguage":"es","potentialAction":[{"@type":"ReadAction","target":["https:\/\/eurecat.org\/es\/calendario\/health-revolution-congress-2026\/"]}]},{"@type":"ImageObject","inLanguage":"es","@id":"https:\/\/eurecat.org\/es\/calendario\/health-revolution-congress-2026\/#primaryimage","url":"https:\/\/eurecat.org\/wp-content\/uploads\/2026\/03\/26_HealthRevolutionCongress_white.jpg","contentUrl":"https:\/\/eurecat.org\/wp-content\/uploads\/2026\/03\/26_HealthRevolutionCongress_white.jpg","width":750,"height":400},{"@type":"BreadcrumbList","@id":"https:\/\/eurecat.org\/es\/calendario\/health-revolution-congress-2026\/#breadcrumb","itemListElement":[{"@type":"ListItem","position":1,"name":"Inici","item":"https:\/\/eurecat.org\/es\/"},{"@type":"ListItem","position":2,"name":"Eventos","item":"https:\/\/eurecat.org\/es\/calendario\/"},{"@type":"ListItem","position":3,"name":"Health Revolution Congress 2026"}]},{"@type":"WebSite","@id":"https:\/\/eurecat.org\/es\/#website","url":"https:\/\/eurecat.org\/es\/","name":"Eurecat","description":"Otro sitio realizado con WordPress","potentialAction":[{"@type":"SearchAction","target":{"@type":"EntryPoint","urlTemplate":"https:\/\/eurecat.org\/es\/?s={search_term_string}"},"query-input":{"@type":"PropertyValueSpecification","valueRequired":true,"valueName":"search_term_string"}}],"inLanguage":"es"}]}</script>
<!-- / Yoast SEO plugin. -->

Eurecat participa en la nueva edición del Health Revolution Congress, que tendrá lugar los días 27 y 28 de mayo de 2026 en Barcelona
