{"id":194735,"date":"2026-03-25T12:58:35","date_gmt":"2026-03-25T11:58:35","guid":{"rendered":"https:\/\/eurecat.org\/?post_type=mec-events&#038;p=194735"},"modified":"2026-03-25T13:07:04","modified_gmt":"2026-03-25T12:07:04","slug":"red-h2cat-demo-day-tarragona","status":"publish","type":"mec-events","link":"https:\/\/eurecat.org\/es\/calendario\/red-h2cat-demo-day-tarragona\/","title":{"rendered":"Red H2CAT Demo Day Tarragona"},"content":{"rendered":"<div class=\"fusion-fullwidth fullwidth-box fusion-builder-row-1 fusion-flex-container has-pattern-background has-mask-background nonhundred-percent-fullwidth non-hundred-percent-height-scrolling\" style=\"--awb-border-radius-top-left:0px;--awb-border-radius-top-right:0px;--awb-border-radius-bottom-right:0px;--awb-border-radius-bottom-left:0px;--awb-flex-wrap:wrap;\" ><div class=\"fusion-builder-row fusion-row fusion-flex-align-items-flex-start fusion-flex-content-wrap\" style=\"max-width:1424.8px;margin-left: calc(-4% \/ 2 );margin-right: calc(-4% \/ 2 );\"><div class=\"fusion-layout-column fusion_builder_column fusion-builder-column-0 fusion_builder_column_1_1 1_1 fusion-flex-column\" style=\"--awb-bg-size:cover;--awb-width-large:100%;--awb-margin-top-large:0px;--awb-spacing-right-large:1.92%;--awb-margin-bottom-large:20px;--awb-spacing-left-large:1.92%;--awb-width-medium:100%;--awb-order-medium:0;--awb-spacing-right-medium:1.92%;--awb-spacing-left-medium:1.92%;--awb-width-small:100%;--awb-order-small:0;--awb-spacing-right-small:1.92%;--awb-spacing-left-small:1.92%;\"><div class=\"fusion-column-wrapper fusion-column-has-shadow fusion-flex-justify-content-flex-start fusion-content-layout-column\"><div class=\"fusion-text fusion-text-1\"><p>Siguiendo el objetivo de la red H2CAT de <strong>dar respuesta a los grandes retos de descarbonizaci\u00f3n y reducci\u00f3n de emisiones de la industria catalana<\/strong>, el pr\u00f3ximo <strong>8 de abril<\/strong> se organiza el <strong>H2CAT Demo Day de la red en ICIQ<\/strong>.<\/p>\n<p>Esta jornada va dirigida a las empresas del tejido productivo del territorio y otros actores industriales interesados en las <strong>nuevas tecnolog\u00edas relacionadas con hidr\u00f3geno renovable, la captura y la conversi\u00f3n de CO\u2082<\/strong>.<\/p>\n<p>La jornada incluir\u00e1 <strong>presentaciones de tecnolog\u00edas innovadoras<\/strong> de los grupos investigaci\u00f3n de la red y empresas del sector, un <strong>espacio de demostraciones tecnol\u00f3gicas<\/strong> y prototipos, y una \u00faltima parte de networking con los investigadores de la red. La jornada se cerrar\u00e1 con una <strong>visita a los laboratorios del ICIQ<\/strong>, vinculados a los proyectos de descarbonizaci\u00f3n industrial.<\/p>\n<p>H2CAT es una iniciativa coordinada por\u00a0<strong>Eurecat<\/strong> en colaboraci\u00f3n con el<span data-teams=\"true\"><strong>Institut Catal\u00e0 d\u2019Investigaci\u00f3 Qu\u00edmica<\/strong><\/span>, el <span data-teams=\"true\"><strong>Institut de Recerca en Energia de Catalunya<\/strong><\/span>, la <strong>Universitat Polit\u00e8cnica de Catalunya<\/strong> <strong>y la Universitat Rovira Virgili<\/strong> en colaboraci\u00f3n con otras entidades e instituciones comprometidas con la sostenibilidad y el potencial del hidr\u00f3geno renovable.<\/p>\n<\/div><div style=\"text-align:center;\"><a class=\"fusion-button button-flat fusion-button-default-size button-default fusion-button-default button-1 fusion-button-default-span fusion-button-default-type\" target=\"_blank\" rel=\"noopener noreferrer\" href=\"https:\/\/xarxah2cat.org\/h2cat-demo-day-tarragona\/\"><span class=\"fusion-button-text awb-button__text awb-button__text--default\">Consulta el programa e inscr\u00edbete aqu\u00ed<\/span><\/a><\/div><\/div><\/div><\/div><\/div>\n","protected":false},"excerpt":{"rendered":"","protected":false},"author":20,"featured_media":194734,"comment_status":"closed","ping_status":"closed","template":"","tags":[],"mec_category":[986],"class_list":["post-194735","mec-events","type-mec-events","status-publish","has-post-thumbnail","hentry","mec_category-actos-cientificos-tecnologicos"],"yoast_head":"<!-- This site is optimized with the Yoast SEO plugin v27.4 - https:\/\/yoast.com\/product\/yoast-seo-wordpress\/ -->\n<title>Red H2CAT Demo Day Tarragona - Eurecat<\/title>\n<meta name=\"description\" content=\"Jornada dirigida a las empresas y otros actores industriales interesados en las nuevas tecnolog\u00edas relacionadas con hidr\u00f3geno renovable, la captura y la conversi\u00f3n de CO\u2082\" \/>\n<meta name=\"robots\" content=\"index, follow, max-snippet:-1, max-image-preview:large, max-video-preview:-1\" \/>\n<link rel=\"canonical\" href=\"https:\/\/eurecat.org\/es\/calendario\/red-h2cat-demo-day-tarragona\/\" \/>\n<meta property=\"og:locale\" content=\"es_ES\" \/>\n<meta property=\"og:type\" content=\"article\" \/>\n<meta property=\"og:title\" content=\"Red H2CAT Demo Day Tarragona - Eurecat\" \/>\n<meta property=\"og:description\" content=\"Jornada dirigida a las empresas y otros actores industriales interesados en las nuevas tecnolog\u00edas relacionadas con hidr\u00f3geno renovable, la captura y la conversi\u00f3n de CO\u2082\" \/>\n<meta property=\"og:url\" content=\"https:\/\/eurecat.org\/es\/calendario\/red-h2cat-demo-day-tarragona\/\" \/>\n<meta property=\"og:site_name\" content=\"Eurecat\" \/>\n<meta property=\"article:modified_time\" content=\"2026-03-25T12:07:04+00:00\" \/>\n<meta property=\"og:image\" content=\"https:\/\/eurecat.org\/wp-content\/uploads\/2026\/03\/26_XARXA_H2CAT_DemoDay.jpg\" \/>\n\t<meta property=\"og:image:width\" content=\"750\" \/>\n\t<meta property=\"og:image:height\" content=\"400\" \/>\n\t<meta property=\"og:image:type\" content=\"image\/jpeg\" \/>\n<meta name=\"twitter:card\" content=\"summary_large_image\" \/>\n<meta name=\"twitter:label1\" content=\"Tiempo de lectura\" \/>\n\t<meta name=\"twitter:data1\" content=\"2 minutos\" \/>\n<script type=\"application\/ld+json\" class=\"yoast-schema-graph\">{\"@context\":\"https:\\\/\\\/schema.org\",\"@graph\":[{\"@type\":\"WebPage\",\"@id\":\"https:\\\/\\\/eurecat.org\\\/es\\\/calendario\\\/red-h2cat-demo-day-tarragona\\\/\",\"url\":\"https:\\\/\\\/eurecat.org\\\/es\\\/calendario\\\/red-h2cat-demo-day-tarragona\\\/\",\"name\":\"Red H2CAT Demo Day Tarragona - Eurecat\",\"isPartOf\":{\"@id\":\"https:\\\/\\\/eurecat.org\\\/es\\\/#website\"},\"primaryImageOfPage\":{\"@id\":\"https:\\\/\\\/eurecat.org\\\/es\\\/calendario\\\/red-h2cat-demo-day-tarragona\\\/#primaryimage\"},\"image\":{\"@id\":\"https:\\\/\\\/eurecat.org\\\/es\\\/calendario\\\/red-h2cat-demo-day-tarragona\\\/#primaryimage\"},\"thumbnailUrl\":\"https:\\\/\\\/eurecat.org\\\/wp-content\\\/uploads\\\/2026\\\/03\\\/26_XARXA_H2CAT_DemoDay.jpg\",\"datePublished\":\"2026-03-25T11:58:35+00:00\",\"dateModified\":\"2026-03-25T12:07:04+00:00\",\"description\":\"Jornada dirigida a las empresas y otros actores industriales interesados en las nuevas tecnolog\u00edas relacionadas con hidr\u00f3geno renovable, la captura y la conversi\u00f3n de CO\u2082\",\"breadcrumb\":{\"@id\":\"https:\\\/\\\/eurecat.org\\\/es\\\/calendario\\\/red-h2cat-demo-day-tarragona\\\/#breadcrumb\"},\"inLanguage\":\"es\",\"potentialAction\":[{\"@type\":\"ReadAction\",\"target\":[\"https:\\\/\\\/eurecat.org\\\/es\\\/calendario\\\/red-h2cat-demo-day-tarragona\\\/\"]}]},{\"@type\":\"ImageObject\",\"inLanguage\":\"es\",\"@id\":\"https:\\\/\\\/eurecat.org\\\/es\\\/calendario\\\/red-h2cat-demo-day-tarragona\\\/#primaryimage\",\"url\":\"https:\\\/\\\/eurecat.org\\\/wp-content\\\/uploads\\\/2026\\\/03\\\/26_XARXA_H2CAT_DemoDay.jpg\",\"contentUrl\":\"https:\\\/\\\/eurecat.org\\\/wp-content\\\/uploads\\\/2026\\\/03\\\/26_XARXA_H2CAT_DemoDay.jpg\",\"width\":750,\"height\":400},{\"@type\":\"BreadcrumbList\",\"@id\":\"https:\\\/\\\/eurecat.org\\\/es\\\/calendario\\\/red-h2cat-demo-day-tarragona\\\/#breadcrumb\",\"itemListElement\":[{\"@type\":\"ListItem\",\"position\":1,\"name\":\"Inici\",\"item\":\"https:\\\/\\\/eurecat.org\\\/es\\\/\"},{\"@type\":\"ListItem\",\"position\":2,\"name\":\"Eventos\",\"item\":\"https:\\\/\\\/eurecat.org\\\/es\\\/calendario\\\/\"},{\"@type\":\"ListItem\",\"position\":3,\"name\":\"Red H2CAT Demo Day Tarragona\"}]},{\"@type\":\"WebSite\",\"@id\":\"https:\\\/\\\/eurecat.org\\\/es\\\/#website\",\"url\":\"https:\\\/\\\/eurecat.org\\\/es\\\/\",\"name\":\"Eurecat\",\"description\":\"Otro sitio realizado con WordPress\",\"potentialAction\":[{\"@type\":\"SearchAction\",\"target\":{\"@type\":\"EntryPoint\",\"urlTemplate\":\"https:\\\/\\\/eurecat.org\\\/es\\\/?s={search_term_string}\"},\"query-input\":{\"@type\":\"PropertyValueSpecification\",\"valueRequired\":true,\"valueName\":\"search_term_string\"}}],\"inLanguage\":\"es\"}]}<\/script>\n<!-- \/ Yoast SEO plugin. -->","yoast_head_json":{"title":"Red H2CAT Demo Day Tarragona - Eurecat","description":"Jornada dirigida a las empresas y otros actores industriales interesados en las nuevas tecnolog\u00edas relacionadas con hidr\u00f3geno renovable, la captura y la conversi\u00f3n de CO\u2082","robots":{"index":"index","follow":"follow","max-snippet":"max-snippet:-1","max-image-preview":"max-image-preview:large","max-video-preview":"max-video-preview:-1"},"canonical":"https:\/\/eurecat.org\/es\/calendario\/red-h2cat-demo-day-tarragona\/","og_locale":"es_ES","og_type":"article","og_title":"Red H2CAT Demo Day Tarragona - Eurecat","og_description":"Jornada dirigida a las empresas y otros actores industriales interesados en las nuevas tecnolog\u00edas relacionadas con hidr\u00f3geno renovable, la captura y la conversi\u00f3n de CO\u2082","og_url":"https:\/\/eurecat.org\/es\/calendario\/red-h2cat-demo-day-tarragona\/","og_site_name":"Eurecat","article_modified_time":"2026-03-25T12:07:04+00:00","og_image":[{"width":750,"height":400,"url":"https:\/\/eurecat.org\/wp-content\/uploads\/2026\/03\/26_XARXA_H2CAT_DemoDay.jpg","type":"image\/jpeg"}],"twitter_card":"summary_large_image","twitter_misc":{"Tiempo de lectura":"2 minutos"},"schema":{"@context":"https:\/\/schema.org","@graph":[{"@type":"WebPage","@id":"https:\/\/eurecat.org\/es\/calendario\/red-h2cat-demo-day-tarragona\/","url":"https:\/\/eurecat.org\/es\/calendario\/red-h2cat-demo-day-tarragona\/","name":"Red H2CAT Demo Day Tarragona - Eurecat","isPartOf":{"@id":"https:\/\/eurecat.org\/es\/#website"},"primaryImageOfPage":{"@id":"https:\/\/eurecat.org\/es\/calendario\/red-h2cat-demo-day-tarragona\/#primaryimage"},"image":{"@id":"https:\/\/eurecat.org\/es\/calendario\/red-h2cat-demo-day-tarragona\/#primaryimage"},"thumbnailUrl":"https:\/\/eurecat.org\/wp-content\/uploads\/2026\/03\/26_XARXA_H2CAT_DemoDay.jpg","datePublished":"2026-03-25T11:58:35+00:00","dateModified":"2026-03-25T12:07:04+00:00","description":"Jornada dirigida a las empresas y otros actores industriales interesados en las nuevas tecnolog\u00edas relacionadas con hidr\u00f3geno renovable, la captura y la conversi\u00f3n de CO\u2082","breadcrumb":{"@id":"https:\/\/eurecat.org\/es\/calendario\/red-h2cat-demo-day-tarragona\/#breadcrumb"},"inLanguage":"es","potentialAction":[{"@type":"ReadAction","target":["https:\/\/eurecat.org\/es\/calendario\/red-h2cat-demo-day-tarragona\/"]}]},{"@type":"ImageObject","inLanguage":"es","@id":"https:\/\/eurecat.org\/es\/calendario\/red-h2cat-demo-day-tarragona\/#primaryimage","url":"https:\/\/eurecat.org\/wp-content\/uploads\/2026\/03\/26_XARXA_H2CAT_DemoDay.jpg","contentUrl":"https:\/\/eurecat.org\/wp-content\/uploads\/2026\/03\/26_XARXA_H2CAT_DemoDay.jpg","width":750,"height":400},{"@type":"BreadcrumbList","@id":"https:\/\/eurecat.org\/es\/calendario\/red-h2cat-demo-day-tarragona\/#breadcrumb","itemListElement":[{"@type":"ListItem","position":1,"name":"Inici","item":"https:\/\/eurecat.org\/es\/"},{"@type":"ListItem","position":2,"name":"Eventos","item":"https:\/\/eurecat.org\/es\/calendario\/"},{"@type":"ListItem","position":3,"name":"Red H2CAT Demo Day Tarragona"}]},{"@type":"WebSite","@id":"https:\/\/eurecat.org\/es\/#website","url":"https:\/\/eurecat.org\/es\/","name":"Eurecat","description":"Otro sitio realizado con WordPress","potentialAction":[{"@type":"SearchAction","target":{"@type":"EntryPoint","urlTemplate":"https:\/\/eurecat.org\/es\/?s={search_term_string}"},"query-input":{"@type":"PropertyValueSpecification","valueRequired":true,"valueName":"search_term_string"}}],"inLanguage":"es"}]}},"_links":{"self":[{"href":"https:\/\/eurecat.org\/es\/wp-json\/wp\/v2\/mec-events\/194735","targetHints":{"allow":["GET"]}}],"collection":[{"href":"https:\/\/eurecat.org\/es\/wp-json\/wp\/v2\/mec-events"}],"about":[{"href":"https:\/\/eurecat.org\/es\/wp-json\/wp\/v2\/types\/mec-events"}],"author":[{"embeddable":true,"href":"https:\/\/eurecat.org\/es\/wp-json\/wp\/v2\/users\/20"}],"replies":[{"embeddable":true,"href":"https:\/\/eurecat.org\/es\/wp-json\/wp\/v2\/comments?post=194735"}],"wp:featuredmedia":[{"embeddable":true,"href":"https:\/\/eurecat.org\/es\/wp-json\/wp\/v2\/media\/194734"}],"wp:attachment":[{"href":"https:\/\/eurecat.org\/es\/wp-json\/wp\/v2\/media?parent=194735"}],"wp:term":[{"taxonomy":"post_tag","embeddable":true,"href":"https:\/\/eurecat.org\/es\/wp-json\/wp\/v2\/tags?post=194735"},{"taxonomy":"mec_category","embeddable":true,"href":"https:\/\/eurecat.org\/es\/wp-json\/wp\/v2\/mec_category?post=194735"}],"curies":[{"name":"wp","href":"https:\/\/api.w.org\/{rel}","templated":true}]}}

<div class="fusion-fullwidth fullwidth-box fusion-builder-row-1 fusion-flex-container has-pattern-background has-mask-background nonhundred-percent-fullwidth non-hundred-percent-height-scrolling" style="--awb-border-radius-top-left:0px;--awb-border-radius-top-right:0px;--awb-border-radius-bottom-right:0px;--awb-border-radius-bottom-left:0px;--awb-flex-wrap:wrap;" ><div class="fusion-builder-row fusion-row fusion-flex-align-items-flex-start fusion-flex-content-wrap" style="max-width:1424.8px;margin-left: calc(-4% / 2 );margin-right: calc(-4% / 2 );"><div class="fusion-layout-column fusion_builder_column fusion-builder-column-0 fusion_builder_column_1_1 1_1 fusion-flex-column" style="--awb-bg-size:cover;--awb-width-large:100%;--awb-margin-top-large:0px;--awb-spacing-right-large:1.92%;--awb-margin-bottom-large:20px;--awb-spacing-left-large:1.92%;--awb-width-medium:100%;--awb-order-medium:0;--awb-spacing-right-medium:1.92%;--awb-spacing-left-medium:1.92%;--awb-width-small:100%;--awb-order-small:0;--awb-spacing-right-small:1.92%;--awb-spacing-left-small:1.92%;"><div class="fusion-column-wrapper fusion-column-has-shadow fusion-flex-justify-content-flex-start fusion-content-layout-column"><div class="fusion-text fusion-text-1"><p>Siguiendo el objetivo de la red H2CAT de <strong>dar respuesta a los grandes retos de descarbonización y reducción de emisiones de la industria catalana</strong>, el próximo <strong>8 de abril</strong> se organiza el <strong>H2CAT Demo Day de la red en ICIQ</strong>.</p>
<p>Esta jornada va dirigida a las empresas del tejido productivo del territorio y otros actores industriales interesados en las <strong>nuevas tecnologías relacionadas con hidrógeno renovable, la captura y la conversión de CO₂</strong>.</p>
<p>La jornada incluirá <strong>presentaciones de tecnologías innovadoras</strong> de los grupos investigación de la red y empresas del sector, un <strong>espacio de demostraciones tecnológicas</strong> y prototipos, y una última parte de networking con los investigadores de la red. La jornada se cerrará con una <strong>visita a los laboratorios del ICIQ</strong>, vinculados a los proyectos de descarbonización industrial.</p>
<p>H2CAT es una iniciativa coordinada por <strong>Eurecat</strong> en colaboración con el<span data-teams="true"><strong>Institut Català d’Investigació Química</strong></span>, el <span data-teams="true"><strong>Institut de Recerca en Energia de Catalunya</strong></span>, la <strong>Universitat Politècnica de Catalunya</strong> <strong>y la Universitat Rovira Virgili</strong> en colaboración con otras entidades e instituciones comprometidas con la sostenibilidad y el potencial del hidrógeno renovable.</p>
</div><div style="text-align:center;"><a class="fusion-button button-flat fusion-button-default-size button-default fusion-button-default button-1 fusion-button-default-span fusion-button-default-type" target="_blank" rel="noopener noreferrer" href="https://xarxah2cat.org/h2cat-demo-day-tarragona/"><span class="fusion-button-text awb-button__text awb-button__text--default">Consulta el programa e inscríbete aquí</span></a></div></div></div></div></div>

<!-- This site is optimized with the Yoast SEO plugin v27.4 - https://yoast.com/product/yoast-seo-wordpress/ -->
<title>Red H2CAT Demo Day Tarragona - Eurecat</title>
<meta name="description" content="Jornada dirigida a las empresas y otros actores industriales interesados en las nuevas tecnologías relacionadas con hidrógeno renovable, la captura y la conversión de CO₂" />
<meta name="robots" content="index, follow, max-snippet:-1, max-image-preview:large, max-video-preview:-1" />
<link rel="canonical" href="https://eurecat.org/es/calendario/red-h2cat-demo-day-tarragona/" />
<meta property="og:locale" content="es_ES" />
<meta property="og:type" content="article" />
<meta property="og:title" content="Red H2CAT Demo Day Tarragona - Eurecat" />
<meta property="og:description" content="Jornada dirigida a las empresas y otros actores industriales interesados en las nuevas tecnologías relacionadas con hidrógeno renovable, la captura y la conversión de CO₂" />
<meta property="og:url" content="https://eurecat.org/es/calendario/red-h2cat-demo-day-tarragona/" />
<meta property="og:site_name" content="Eurecat" />
<meta property="article:modified_time" content="2026-03-25T12:07:04+00:00" />
<meta property="og:image" content="https://eurecat.org/wp-content/uploads/2026/03/26_XARXA_H2CAT_DemoDay.jpg" />
	<meta property="og:image:width" content="750" />
	<meta property="og:image:height" content="400" />
	<meta property="og:image:type" content="image/jpeg" />
<meta name="twitter:card" content="summary_large_image" />
<meta name="twitter:label1" content="Tiempo de lectura" />
	<meta name="twitter:data1" content="2 minutos" />
<script type="application/ld+json" class="yoast-schema-graph">{"@context":"https:\/\/schema.org","@graph":[{"@type":"WebPage","@id":"https:\/\/eurecat.org\/es\/calendario\/red-h2cat-demo-day-tarragona\/","url":"https:\/\/eurecat.org\/es\/calendario\/red-h2cat-demo-day-tarragona\/","name":"Red H2CAT Demo Day Tarragona - Eurecat","isPartOf":{"@id":"https:\/\/eurecat.org\/es\/#website"},"primaryImageOfPage":{"@id":"https:\/\/eurecat.org\/es\/calendario\/red-h2cat-demo-day-tarragona\/#primaryimage"},"image":{"@id":"https:\/\/eurecat.org\/es\/calendario\/red-h2cat-demo-day-tarragona\/#primaryimage"},"thumbnailUrl":"https:\/\/eurecat.org\/wp-content\/uploads\/2026\/03\/26_XARXA_H2CAT_DemoDay.jpg","datePublished":"2026-03-25T11:58:35+00:00","dateModified":"2026-03-25T12:07:04+00:00","description":"Jornada dirigida a las empresas y otros actores industriales interesados en las nuevas tecnologías relacionadas con hidrógeno renovable, la captura y la conversión de CO₂","breadcrumb":{"@id":"https:\/\/eurecat.org\/es\/calendario\/red-h2cat-demo-day-tarragona\/#breadcrumb"},"inLanguage":"es","potentialAction":[{"@type":"ReadAction","target":["https:\/\/eurecat.org\/es\/calendario\/red-h2cat-demo-day-tarragona\/"]}]},{"@type":"ImageObject","inLanguage":"es","@id":"https:\/\/eurecat.org\/es\/calendario\/red-h2cat-demo-day-tarragona\/#primaryimage","url":"https:\/\/eurecat.org\/wp-content\/uploads\/2026\/03\/26_XARXA_H2CAT_DemoDay.jpg","contentUrl":"https:\/\/eurecat.org\/wp-content\/uploads\/2026\/03\/26_XARXA_H2CAT_DemoDay.jpg","width":750,"height":400},{"@type":"BreadcrumbList","@id":"https:\/\/eurecat.org\/es\/calendario\/red-h2cat-demo-day-tarragona\/#breadcrumb","itemListElement":[{"@type":"ListItem","position":1,"name":"Inici","item":"https:\/\/eurecat.org\/es\/"},{"@type":"ListItem","position":2,"name":"Eventos","item":"https:\/\/eurecat.org\/es\/calendario\/"},{"@type":"ListItem","position":3,"name":"Red H2CAT Demo Day Tarragona"}]},{"@type":"WebSite","@id":"https:\/\/eurecat.org\/es\/#website","url":"https:\/\/eurecat.org\/es\/","name":"Eurecat","description":"Otro sitio realizado con WordPress","potentialAction":[{"@type":"SearchAction","target":{"@type":"EntryPoint","urlTemplate":"https:\/\/eurecat.org\/es\/?s={search_term_string}"},"query-input":{"@type":"PropertyValueSpecification","valueRequired":true,"valueName":"search_term_string"}}],"inLanguage":"es"}]}</script>
<!-- / Yoast SEO plugin. -->

Jornada dirigida a las empresas y otros actores industriales interesados en las nuevas tecnologías relacionadas con hidrógeno renovable, la captura y la conversión de CO₂
