{"id":195029,"date":"2026-04-01T10:29:14","date_gmt":"2026-04-01T08:29:14","guid":{"rendered":"https:\/\/eurecat.org\/?post_type=mec-events&#038;p=195029"},"modified":"2026-04-01T10:33:33","modified_gmt":"2026-04-01T08:33:33","slug":"techtextil-2026","status":"publish","type":"mec-events","link":"https:\/\/eurecat.org\/es\/calendario\/techtextil-2026\/","title":{"rendered":"Techtextil 2026"},"content":{"rendered":"<div class=\"fusion-fullwidth fullwidth-box fusion-builder-row-1 fusion-flex-container has-pattern-background has-mask-background nonhundred-percent-fullwidth non-hundred-percent-height-scrolling\" style=\"--awb-border-radius-top-left:0px;--awb-border-radius-top-right:0px;--awb-border-radius-bottom-right:0px;--awb-border-radius-bottom-left:0px;--awb-flex-wrap:wrap;\" ><div class=\"fusion-builder-row fusion-row fusion-flex-align-items-flex-start fusion-flex-content-wrap\" style=\"max-width:1424.8px;margin-left: calc(-4% \/ 2 );margin-right: calc(-4% \/ 2 );\"><div class=\"fusion-layout-column fusion_builder_column fusion-builder-column-0 fusion_builder_column_1_1 1_1 fusion-flex-column\" style=\"--awb-bg-size:cover;--awb-width-large:100%;--awb-margin-top-large:0px;--awb-spacing-right-large:1.92%;--awb-margin-bottom-large:20px;--awb-spacing-left-large:1.92%;--awb-width-medium:100%;--awb-order-medium:0;--awb-spacing-right-medium:1.92%;--awb-spacing-left-medium:1.92%;--awb-width-small:100%;--awb-order-small:0;--awb-spacing-right-small:1.92%;--awb-spacing-left-small:1.92%;\"><div class=\"fusion-column-wrapper fusion-column-has-shadow fusion-flex-justify-content-flex-start fusion-content-layout-column\"><div class=\"fusion-text fusion-text-1\"><p><strong>Eurecat\u00a0volver\u00e1 a estar presente a la\u00a0Techtextil\u00a0de Frankfurt del pr\u00f3ximo 21 al 24 de abril<\/strong>. En esta ocasi\u00f3n participamos dentro del espacio agrupado de la Asociaci\u00f3n Agrupaci\u00f3n de Empresas Innovadoras Textiles y nos podr\u00e9is encontrar en el <strong>hall 12.1, estand D39<\/strong>.<\/p>\n<p>En la Techtextil 2026 mostraremos<strong> textiles funcionales<\/strong> que permiten soluciones m\u00e1s eficientes en t\u00e9rminos de costes y propiedades funcionales y estructurales, dadas las limitaciones inherentes en las tecnolog\u00edas tradicionales, que son generalmente r\u00edgidas y caras.<\/p>\n<p><img decoding=\"async\" class=\"aligncenter size-full wp-image-195025\" src=\"https:\/\/eurecat.org\/wp-content\/uploads\/2026\/04\/26_techtextil_contentimage.jpg\" alt=\"\" width=\"579\" height=\"579\" srcset=\"https:\/\/eurecat.org\/wp-content\/uploads\/2026\/04\/26_techtextil_contentimage-66x66.jpg 66w, https:\/\/eurecat.org\/wp-content\/uploads\/2026\/04\/26_techtextil_contentimage-150x150.jpg 150w, https:\/\/eurecat.org\/wp-content\/uploads\/2026\/04\/26_techtextil_contentimage-300x300.jpg 300w, https:\/\/eurecat.org\/wp-content\/uploads\/2026\/04\/26_techtextil_contentimage-500x500.jpg 500w, https:\/\/eurecat.org\/wp-content\/uploads\/2026\/04\/26_techtextil_contentimage.jpg 579w\" sizes=\"(max-width: 579px) 100vw, 579px\" \/><\/p>\n<\/div><\/div><\/div><\/div><\/div>\n","protected":false},"excerpt":{"rendered":"","protected":false},"author":20,"featured_media":195028,"comment_status":"closed","ping_status":"closed","template":"","tags":[],"mec_category":[975],"class_list":["post-195029","mec-events","type-mec-events","status-publish","has-post-thumbnail","hentry","mec_category-fires-on-participa-eurecat"],"yoast_head":"<!-- This site is optimized with the Yoast SEO plugin v27.5 - https:\/\/yoast.com\/product\/yoast-seo-wordpress\/ -->\n<title>Techtextil 2026Techtextil 2026 - Eurecat<\/title>\n<meta name=\"description\" content=\"Eurecat volver\u00e1 a estar presente a la Techtextil de Frankfurt del 21 al 24 de abril y nos podr\u00e9is encontrar al hall 12.1, estand D39\" \/>\n<meta name=\"robots\" content=\"index, follow, max-snippet:-1, max-image-preview:large, max-video-preview:-1\" \/>\n<link rel=\"canonical\" href=\"https:\/\/eurecat.org\/es\/calendario\/techtextil-2026\/\" \/>\n<meta property=\"og:locale\" content=\"es_ES\" \/>\n<meta property=\"og:type\" content=\"article\" \/>\n<meta property=\"og:title\" content=\"Techtextil 2026Techtextil 2026 - Eurecat\" \/>\n<meta property=\"og:description\" content=\"Eurecat volver\u00e1 a estar presente a la Techtextil de Frankfurt del 21 al 24 de abril y nos podr\u00e9is encontrar al hall 12.1, estand D39\" \/>\n<meta property=\"og:url\" content=\"https:\/\/eurecat.org\/es\/calendario\/techtextil-2026\/\" \/>\n<meta property=\"og:site_name\" content=\"Eurecat\" \/>\n<meta property=\"article:modified_time\" content=\"2026-04-01T08:33:33+00:00\" \/>\n<meta property=\"og:image\" content=\"https:\/\/eurecat.org\/wp-content\/uploads\/2026\/04\/26_Techtextil_2.jpg\" \/>\n\t<meta property=\"og:image:width\" content=\"750\" \/>\n\t<meta property=\"og:image:height\" content=\"400\" \/>\n\t<meta property=\"og:image:type\" content=\"image\/jpeg\" \/>\n<meta name=\"twitter:card\" content=\"summary_large_image\" \/>\n<meta name=\"twitter:label1\" content=\"Tiempo de lectura\" \/>\n\t<meta name=\"twitter:data1\" content=\"1 minuto\" \/>\n<script type=\"application\/ld+json\" class=\"yoast-schema-graph\">{\"@context\":\"https:\\\/\\\/schema.org\",\"@graph\":[{\"@type\":\"WebPage\",\"@id\":\"https:\\\/\\\/eurecat.org\\\/es\\\/calendario\\\/techtextil-2026\\\/\",\"url\":\"https:\\\/\\\/eurecat.org\\\/es\\\/calendario\\\/techtextil-2026\\\/\",\"name\":\"Techtextil 2026Techtextil 2026 - Eurecat\",\"isPartOf\":{\"@id\":\"https:\\\/\\\/eurecat.org\\\/es\\\/#website\"},\"primaryImageOfPage\":{\"@id\":\"https:\\\/\\\/eurecat.org\\\/es\\\/calendario\\\/techtextil-2026\\\/#primaryimage\"},\"image\":{\"@id\":\"https:\\\/\\\/eurecat.org\\\/es\\\/calendario\\\/techtextil-2026\\\/#primaryimage\"},\"thumbnailUrl\":\"https:\\\/\\\/eurecat.org\\\/wp-content\\\/uploads\\\/2026\\\/04\\\/26_Techtextil_2.jpg\",\"datePublished\":\"2026-04-01T08:29:14+00:00\",\"dateModified\":\"2026-04-01T08:33:33+00:00\",\"description\":\"Eurecat volver\u00e1 a estar presente a la Techtextil de Frankfurt del 21 al 24 de abril y nos podr\u00e9is encontrar al hall 12.1, estand D39\",\"breadcrumb\":{\"@id\":\"https:\\\/\\\/eurecat.org\\\/es\\\/calendario\\\/techtextil-2026\\\/#breadcrumb\"},\"inLanguage\":\"es\",\"potentialAction\":[{\"@type\":\"ReadAction\",\"target\":[\"https:\\\/\\\/eurecat.org\\\/es\\\/calendario\\\/techtextil-2026\\\/\"]}]},{\"@type\":\"ImageObject\",\"inLanguage\":\"es\",\"@id\":\"https:\\\/\\\/eurecat.org\\\/es\\\/calendario\\\/techtextil-2026\\\/#primaryimage\",\"url\":\"https:\\\/\\\/eurecat.org\\\/wp-content\\\/uploads\\\/2026\\\/04\\\/26_Techtextil_2.jpg\",\"contentUrl\":\"https:\\\/\\\/eurecat.org\\\/wp-content\\\/uploads\\\/2026\\\/04\\\/26_Techtextil_2.jpg\",\"width\":750,\"height\":400},{\"@type\":\"BreadcrumbList\",\"@id\":\"https:\\\/\\\/eurecat.org\\\/es\\\/calendario\\\/techtextil-2026\\\/#breadcrumb\",\"itemListElement\":[{\"@type\":\"ListItem\",\"position\":1,\"name\":\"Inici\",\"item\":\"https:\\\/\\\/eurecat.org\\\/es\\\/\"},{\"@type\":\"ListItem\",\"position\":2,\"name\":\"Eventos\",\"item\":\"https:\\\/\\\/eurecat.org\\\/es\\\/calendario\\\/\"},{\"@type\":\"ListItem\",\"position\":3,\"name\":\"Techtextil 2026\"}]},{\"@type\":\"WebSite\",\"@id\":\"https:\\\/\\\/eurecat.org\\\/es\\\/#website\",\"url\":\"https:\\\/\\\/eurecat.org\\\/es\\\/\",\"name\":\"Eurecat\",\"description\":\"Otro sitio realizado con WordPress\",\"potentialAction\":[{\"@type\":\"SearchAction\",\"target\":{\"@type\":\"EntryPoint\",\"urlTemplate\":\"https:\\\/\\\/eurecat.org\\\/es\\\/?s={search_term_string}\"},\"query-input\":{\"@type\":\"PropertyValueSpecification\",\"valueRequired\":true,\"valueName\":\"search_term_string\"}}],\"inLanguage\":\"es\"}]}<\/script>\n<!-- \/ Yoast SEO plugin. -->","yoast_head_json":{"title":"Techtextil 2026Techtextil 2026 - Eurecat","description":"Eurecat volver\u00e1 a estar presente a la Techtextil de Frankfurt del 21 al 24 de abril y nos podr\u00e9is encontrar al hall 12.1, estand D39","robots":{"index":"index","follow":"follow","max-snippet":"max-snippet:-1","max-image-preview":"max-image-preview:large","max-video-preview":"max-video-preview:-1"},"canonical":"https:\/\/eurecat.org\/es\/calendario\/techtextil-2026\/","og_locale":"es_ES","og_type":"article","og_title":"Techtextil 2026Techtextil 2026 - Eurecat","og_description":"Eurecat volver\u00e1 a estar presente a la Techtextil de Frankfurt del 21 al 24 de abril y nos podr\u00e9is encontrar al hall 12.1, estand D39","og_url":"https:\/\/eurecat.org\/es\/calendario\/techtextil-2026\/","og_site_name":"Eurecat","article_modified_time":"2026-04-01T08:33:33+00:00","og_image":[{"width":750,"height":400,"url":"https:\/\/eurecat.org\/wp-content\/uploads\/2026\/04\/26_Techtextil_2.jpg","type":"image\/jpeg"}],"twitter_card":"summary_large_image","twitter_misc":{"Tiempo de lectura":"1 minuto"},"schema":{"@context":"https:\/\/schema.org","@graph":[{"@type":"WebPage","@id":"https:\/\/eurecat.org\/es\/calendario\/techtextil-2026\/","url":"https:\/\/eurecat.org\/es\/calendario\/techtextil-2026\/","name":"Techtextil 2026Techtextil 2026 - Eurecat","isPartOf":{"@id":"https:\/\/eurecat.org\/es\/#website"},"primaryImageOfPage":{"@id":"https:\/\/eurecat.org\/es\/calendario\/techtextil-2026\/#primaryimage"},"image":{"@id":"https:\/\/eurecat.org\/es\/calendario\/techtextil-2026\/#primaryimage"},"thumbnailUrl":"https:\/\/eurecat.org\/wp-content\/uploads\/2026\/04\/26_Techtextil_2.jpg","datePublished":"2026-04-01T08:29:14+00:00","dateModified":"2026-04-01T08:33:33+00:00","description":"Eurecat volver\u00e1 a estar presente a la Techtextil de Frankfurt del 21 al 24 de abril y nos podr\u00e9is encontrar al hall 12.1, estand D39","breadcrumb":{"@id":"https:\/\/eurecat.org\/es\/calendario\/techtextil-2026\/#breadcrumb"},"inLanguage":"es","potentialAction":[{"@type":"ReadAction","target":["https:\/\/eurecat.org\/es\/calendario\/techtextil-2026\/"]}]},{"@type":"ImageObject","inLanguage":"es","@id":"https:\/\/eurecat.org\/es\/calendario\/techtextil-2026\/#primaryimage","url":"https:\/\/eurecat.org\/wp-content\/uploads\/2026\/04\/26_Techtextil_2.jpg","contentUrl":"https:\/\/eurecat.org\/wp-content\/uploads\/2026\/04\/26_Techtextil_2.jpg","width":750,"height":400},{"@type":"BreadcrumbList","@id":"https:\/\/eurecat.org\/es\/calendario\/techtextil-2026\/#breadcrumb","itemListElement":[{"@type":"ListItem","position":1,"name":"Inici","item":"https:\/\/eurecat.org\/es\/"},{"@type":"ListItem","position":2,"name":"Eventos","item":"https:\/\/eurecat.org\/es\/calendario\/"},{"@type":"ListItem","position":3,"name":"Techtextil 2026"}]},{"@type":"WebSite","@id":"https:\/\/eurecat.org\/es\/#website","url":"https:\/\/eurecat.org\/es\/","name":"Eurecat","description":"Otro sitio realizado con WordPress","potentialAction":[{"@type":"SearchAction","target":{"@type":"EntryPoint","urlTemplate":"https:\/\/eurecat.org\/es\/?s={search_term_string}"},"query-input":{"@type":"PropertyValueSpecification","valueRequired":true,"valueName":"search_term_string"}}],"inLanguage":"es"}]}},"_links":{"self":[{"href":"https:\/\/eurecat.org\/es\/wp-json\/wp\/v2\/mec-events\/195029","targetHints":{"allow":["GET"]}}],"collection":[{"href":"https:\/\/eurecat.org\/es\/wp-json\/wp\/v2\/mec-events"}],"about":[{"href":"https:\/\/eurecat.org\/es\/wp-json\/wp\/v2\/types\/mec-events"}],"author":[{"embeddable":true,"href":"https:\/\/eurecat.org\/es\/wp-json\/wp\/v2\/users\/20"}],"replies":[{"embeddable":true,"href":"https:\/\/eurecat.org\/es\/wp-json\/wp\/v2\/comments?post=195029"}],"wp:featuredmedia":[{"embeddable":true,"href":"https:\/\/eurecat.org\/es\/wp-json\/wp\/v2\/media\/195028"}],"wp:attachment":[{"href":"https:\/\/eurecat.org\/es\/wp-json\/wp\/v2\/media?parent=195029"}],"wp:term":[{"taxonomy":"post_tag","embeddable":true,"href":"https:\/\/eurecat.org\/es\/wp-json\/wp\/v2\/tags?post=195029"},{"taxonomy":"mec_category","embeddable":true,"href":"https:\/\/eurecat.org\/es\/wp-json\/wp\/v2\/mec_category?post=195029"}],"curies":[{"name":"wp","href":"https:\/\/api.w.org\/{rel}","templated":true}]}}

<div class="fusion-fullwidth fullwidth-box fusion-builder-row-1 fusion-flex-container has-pattern-background has-mask-background nonhundred-percent-fullwidth non-hundred-percent-height-scrolling" style="--awb-border-radius-top-left:0px;--awb-border-radius-top-right:0px;--awb-border-radius-bottom-right:0px;--awb-border-radius-bottom-left:0px;--awb-flex-wrap:wrap;" ><div class="fusion-builder-row fusion-row fusion-flex-align-items-flex-start fusion-flex-content-wrap" style="max-width:1424.8px;margin-left: calc(-4% / 2 );margin-right: calc(-4% / 2 );"><div class="fusion-layout-column fusion_builder_column fusion-builder-column-0 fusion_builder_column_1_1 1_1 fusion-flex-column" style="--awb-bg-size:cover;--awb-width-large:100%;--awb-margin-top-large:0px;--awb-spacing-right-large:1.92%;--awb-margin-bottom-large:20px;--awb-spacing-left-large:1.92%;--awb-width-medium:100%;--awb-order-medium:0;--awb-spacing-right-medium:1.92%;--awb-spacing-left-medium:1.92%;--awb-width-small:100%;--awb-order-small:0;--awb-spacing-right-small:1.92%;--awb-spacing-left-small:1.92%;"><div class="fusion-column-wrapper fusion-column-has-shadow fusion-flex-justify-content-flex-start fusion-content-layout-column"><div class="fusion-text fusion-text-1"><p><strong>Eurecat volverá a estar presente a la Techtextil de Frankfurt del próximo 21 al 24 de abril</strong>. En esta ocasión participamos dentro del espacio agrupado de la Asociación Agrupación de Empresas Innovadoras Textiles y nos podréis encontrar en el <strong>hall 12.1, estand D39</strong>.</p>
<p>En la Techtextil 2026 mostraremos<strong> textiles funcionales</strong> que permiten soluciones más eficientes en términos de costes y propiedades funcionales y estructurales, dadas las limitaciones inherentes en las tecnologías tradicionales, que son generalmente rígidas y caras.</p>
<p><img decoding="async" class="aligncenter size-full wp-image-195025" src="https://eurecat.org/wp-content/uploads/2026/04/26_techtextil_contentimage.jpg" alt="" width="579" height="579" srcset="https://eurecat.org/wp-content/uploads/2026/04/26_techtextil_contentimage-66x66.jpg 66w, https://eurecat.org/wp-content/uploads/2026/04/26_techtextil_contentimage-150x150.jpg 150w, https://eurecat.org/wp-content/uploads/2026/04/26_techtextil_contentimage-300x300.jpg 300w, https://eurecat.org/wp-content/uploads/2026/04/26_techtextil_contentimage-500x500.jpg 500w, https://eurecat.org/wp-content/uploads/2026/04/26_techtextil_contentimage.jpg 579w" sizes="(max-width: 579px) 100vw, 579px" /></p>
</div></div></div></div></div>

<!-- This site is optimized with the Yoast SEO plugin v27.5 - https://yoast.com/product/yoast-seo-wordpress/ -->
<title>Techtextil 2026Techtextil 2026 - Eurecat</title>
<meta name="description" content="Eurecat volverá a estar presente a la Techtextil de Frankfurt del 21 al 24 de abril y nos podréis encontrar al hall 12.1, estand D39" />
<meta name="robots" content="index, follow, max-snippet:-1, max-image-preview:large, max-video-preview:-1" />
<link rel="canonical" href="https://eurecat.org/es/calendario/techtextil-2026/" />
<meta property="og:locale" content="es_ES" />
<meta property="og:type" content="article" />
<meta property="og:title" content="Techtextil 2026Techtextil 2026 - Eurecat" />
<meta property="og:description" content="Eurecat volverá a estar presente a la Techtextil de Frankfurt del 21 al 24 de abril y nos podréis encontrar al hall 12.1, estand D39" />
<meta property="og:url" content="https://eurecat.org/es/calendario/techtextil-2026/" />
<meta property="og:site_name" content="Eurecat" />
<meta property="article:modified_time" content="2026-04-01T08:33:33+00:00" />
<meta property="og:image" content="https://eurecat.org/wp-content/uploads/2026/04/26_Techtextil_2.jpg" />
	<meta property="og:image:width" content="750" />
	<meta property="og:image:height" content="400" />
	<meta property="og:image:type" content="image/jpeg" />
<meta name="twitter:card" content="summary_large_image" />
<meta name="twitter:label1" content="Tiempo de lectura" />
	<meta name="twitter:data1" content="1 minuto" />
<script type="application/ld+json" class="yoast-schema-graph">{"@context":"https:\/\/schema.org","@graph":[{"@type":"WebPage","@id":"https:\/\/eurecat.org\/es\/calendario\/techtextil-2026\/","url":"https:\/\/eurecat.org\/es\/calendario\/techtextil-2026\/","name":"Techtextil 2026Techtextil 2026 - Eurecat","isPartOf":{"@id":"https:\/\/eurecat.org\/es\/#website"},"primaryImageOfPage":{"@id":"https:\/\/eurecat.org\/es\/calendario\/techtextil-2026\/#primaryimage"},"image":{"@id":"https:\/\/eurecat.org\/es\/calendario\/techtextil-2026\/#primaryimage"},"thumbnailUrl":"https:\/\/eurecat.org\/wp-content\/uploads\/2026\/04\/26_Techtextil_2.jpg","datePublished":"2026-04-01T08:29:14+00:00","dateModified":"2026-04-01T08:33:33+00:00","description":"Eurecat volverá a estar presente a la Techtextil de Frankfurt del 21 al 24 de abril y nos podréis encontrar al hall 12.1, estand D39","breadcrumb":{"@id":"https:\/\/eurecat.org\/es\/calendario\/techtextil-2026\/#breadcrumb"},"inLanguage":"es","potentialAction":[{"@type":"ReadAction","target":["https:\/\/eurecat.org\/es\/calendario\/techtextil-2026\/"]}]},{"@type":"ImageObject","inLanguage":"es","@id":"https:\/\/eurecat.org\/es\/calendario\/techtextil-2026\/#primaryimage","url":"https:\/\/eurecat.org\/wp-content\/uploads\/2026\/04\/26_Techtextil_2.jpg","contentUrl":"https:\/\/eurecat.org\/wp-content\/uploads\/2026\/04\/26_Techtextil_2.jpg","width":750,"height":400},{"@type":"BreadcrumbList","@id":"https:\/\/eurecat.org\/es\/calendario\/techtextil-2026\/#breadcrumb","itemListElement":[{"@type":"ListItem","position":1,"name":"Inici","item":"https:\/\/eurecat.org\/es\/"},{"@type":"ListItem","position":2,"name":"Eventos","item":"https:\/\/eurecat.org\/es\/calendario\/"},{"@type":"ListItem","position":3,"name":"Techtextil 2026"}]},{"@type":"WebSite","@id":"https:\/\/eurecat.org\/es\/#website","url":"https:\/\/eurecat.org\/es\/","name":"Eurecat","description":"Otro sitio realizado con WordPress","potentialAction":[{"@type":"SearchAction","target":{"@type":"EntryPoint","urlTemplate":"https:\/\/eurecat.org\/es\/?s={search_term_string}"},"query-input":{"@type":"PropertyValueSpecification","valueRequired":true,"valueName":"search_term_string"}}],"inLanguage":"es"}]}</script>
<!-- / Yoast SEO plugin. -->

Eurecat volverá a estar presente a la Techtextil de Frankfurt del 21 al 24 de abril y nos podréis encontrar al hall 12.1, estand D39
