{"id":196084,"date":"2026-04-27T15:24:20","date_gmt":"2026-04-27T13:24:20","guid":{"rendered":"https:\/\/eurecat.org\/?post_type=mec-events&#038;p=196084"},"modified":"2026-04-28T08:19:54","modified_gmt":"2026-04-28T06:19:54","slug":"innovation-factory-02-de-que-estara-fabricado-el-transporte-publico-del-futuro","status":"publish","type":"mec-events","link":"https:\/\/eurecat.org\/es\/calendario\/innovation-factory-02-de-que-estara-fabricado-el-transporte-publico-del-futuro\/","title":{"rendered":"Innovation Factory #02 &#8211; \u00bfDe qu\u00e9 estar\u00e1 fabricado el transporte p\u00fablico del futuro?"},"content":{"rendered":"<div class=\"fusion-fullwidth fullwidth-box fusion-builder-row-1 fusion-flex-container has-pattern-background has-mask-background nonhundred-percent-fullwidth non-hundred-percent-height-scrolling\" style=\"--awb-border-radius-top-left:0px;--awb-border-radius-top-right:0px;--awb-border-radius-bottom-right:0px;--awb-border-radius-bottom-left:0px;--awb-flex-wrap:wrap;\" ><div class=\"fusion-builder-row fusion-row fusion-flex-align-items-flex-start fusion-flex-content-wrap\" style=\"max-width:1424.8px;margin-left: calc(-4% \/ 2 );margin-right: calc(-4% \/ 2 );\"><div class=\"fusion-layout-column fusion_builder_column fusion-builder-column-0 fusion_builder_column_1_1 1_1 fusion-flex-column\" style=\"--awb-bg-size:cover;--awb-width-large:100%;--awb-margin-top-large:0px;--awb-spacing-right-large:1.92%;--awb-margin-bottom-large:20px;--awb-spacing-left-large:1.92%;--awb-width-medium:100%;--awb-order-medium:0;--awb-spacing-right-medium:1.92%;--awb-spacing-left-medium:1.92%;--awb-width-small:100%;--awb-order-small:0;--awb-spacing-right-small:1.92%;--awb-spacing-left-small:1.92%;\"><div class=\"fusion-column-wrapper fusion-column-has-shadow fusion-flex-justify-content-flex-start fusion-content-layout-column\"><div class=\"fusion-text fusion-text-1\"><p>En el C<strong>ap\u00edtulo #2 de InnovationFactory<\/strong> ponemos el foco en <strong>el futuro de la movilidad<\/strong>. M\u00e1s en concreto, en las mejoras que aportan nuevos materiales como por ejemplo la plastr\u00f3nica, capaces de adherir funcionalidades a superficies pl\u00e1sticas. Esta capacidad de conexi\u00f3n permitir\u00e1 optimizar varios aspectos, como la monitorizaci\u00f3n de incidencias e incidencias en tiempo real.<\/p>\n<p>Contaremos con la participaci\u00f3n de\u00a0<strong>Ester Cierco<\/strong>, responsable de I+D+i de\u00a0<strong>ICR<\/strong>\u00a0y de\u00a0<strong>Cristina Casellas<\/strong>, directora de la Unidad de Impresi\u00f3n Funcional y Dispositivos Integrados de <strong>Eurecat<\/strong>.\u00a0<strong>Joan Cardona<\/strong>, responsable del Mercado de Movilidad de <strong>Eurecat<\/strong>\u00a0ser\u00e1 el presentador de este cap\u00edtulo.<\/p>\n<\/div><div style=\"text-align:center;\"><a class=\"fusion-button button-flat fusion-button-default-size button-default fusion-button-default button-1 fusion-button-default-span fusion-button-default-type\" target=\"_blank\" rel=\"noopener noreferrer\" href=\"https:\/\/www.linkedin.com\/events\/7450196133269712897\/\"><span class=\"fusion-button-text awb-button__text awb-button__text--default\">Inscr\u00edbete aqu\u00ed<\/span><\/a><\/div><\/div><\/div><\/div><\/div>\n","protected":false},"excerpt":{"rendered":"","protected":false},"author":20,"featured_media":196090,"comment_status":"closed","ping_status":"closed","template":"","tags":[],"mec_category":[986],"class_list":["post-196084","mec-events","type-mec-events","status-publish","has-post-thumbnail","hentry","mec_category-actos-cientificos-tecnologicos"],"yoast_head":"<!-- This site is optimized with the Yoast SEO plugin v27.4 - https:\/\/yoast.com\/product\/yoast-seo-wordpress\/ -->\n<title>Innovation Factory #02 - \u00bfDe qu\u00e9 estar\u00e1 fabricado el transporte p\u00fablico del futuro? - Eurecat<\/title>\n<meta name=\"robots\" content=\"index, follow, max-snippet:-1, max-image-preview:large, max-video-preview:-1\" \/>\n<link rel=\"canonical\" href=\"https:\/\/eurecat.org\/es\/calendario\/innovation-factory-02-de-que-estara-fabricado-el-transporte-publico-del-futuro\/\" \/>\n<meta property=\"og:locale\" content=\"es_ES\" \/>\n<meta property=\"og:type\" content=\"article\" \/>\n<meta property=\"og:title\" content=\"Innovation Factory #02 - \u00bfDe qu\u00e9 estar\u00e1 fabricado el transporte p\u00fablico del futuro? - Eurecat\" \/>\n<meta property=\"og:url\" content=\"https:\/\/eurecat.org\/es\/calendario\/innovation-factory-02-de-que-estara-fabricado-el-transporte-publico-del-futuro\/\" \/>\n<meta property=\"og:site_name\" content=\"Eurecat\" \/>\n<meta property=\"article:modified_time\" content=\"2026-04-28T06:19:54+00:00\" \/>\n<meta property=\"og:image\" content=\"https:\/\/eurecat.org\/wp-content\/uploads\/2026\/04\/26_INNOVATION-FACTORY_2-1.jpg\" \/>\n\t<meta property=\"og:image:width\" content=\"750\" \/>\n\t<meta property=\"og:image:height\" content=\"400\" \/>\n\t<meta property=\"og:image:type\" content=\"image\/jpeg\" \/>\n<meta name=\"twitter:card\" content=\"summary_large_image\" \/>\n<meta name=\"twitter:label1\" content=\"Tiempo de lectura\" \/>\n\t<meta name=\"twitter:data1\" content=\"1 minuto\" \/>\n<script type=\"application\/ld+json\" class=\"yoast-schema-graph\">{\"@context\":\"https:\\\/\\\/schema.org\",\"@graph\":[{\"@type\":\"WebPage\",\"@id\":\"https:\\\/\\\/eurecat.org\\\/es\\\/calendario\\\/innovation-factory-02-de-que-estara-fabricado-el-transporte-publico-del-futuro\\\/\",\"url\":\"https:\\\/\\\/eurecat.org\\\/es\\\/calendario\\\/innovation-factory-02-de-que-estara-fabricado-el-transporte-publico-del-futuro\\\/\",\"name\":\"Innovation Factory #02 - \u00bfDe qu\u00e9 estar\u00e1 fabricado el transporte p\u00fablico del futuro? - Eurecat\",\"isPartOf\":{\"@id\":\"https:\\\/\\\/eurecat.org\\\/es\\\/#website\"},\"primaryImageOfPage\":{\"@id\":\"https:\\\/\\\/eurecat.org\\\/es\\\/calendario\\\/innovation-factory-02-de-que-estara-fabricado-el-transporte-publico-del-futuro\\\/#primaryimage\"},\"image\":{\"@id\":\"https:\\\/\\\/eurecat.org\\\/es\\\/calendario\\\/innovation-factory-02-de-que-estara-fabricado-el-transporte-publico-del-futuro\\\/#primaryimage\"},\"thumbnailUrl\":\"https:\\\/\\\/eurecat.org\\\/wp-content\\\/uploads\\\/2026\\\/04\\\/26_INNOVATION-FACTORY_2-1.jpg\",\"datePublished\":\"2026-04-27T13:24:20+00:00\",\"dateModified\":\"2026-04-28T06:19:54+00:00\",\"breadcrumb\":{\"@id\":\"https:\\\/\\\/eurecat.org\\\/es\\\/calendario\\\/innovation-factory-02-de-que-estara-fabricado-el-transporte-publico-del-futuro\\\/#breadcrumb\"},\"inLanguage\":\"es\",\"potentialAction\":[{\"@type\":\"ReadAction\",\"target\":[\"https:\\\/\\\/eurecat.org\\\/es\\\/calendario\\\/innovation-factory-02-de-que-estara-fabricado-el-transporte-publico-del-futuro\\\/\"]}]},{\"@type\":\"ImageObject\",\"inLanguage\":\"es\",\"@id\":\"https:\\\/\\\/eurecat.org\\\/es\\\/calendario\\\/innovation-factory-02-de-que-estara-fabricado-el-transporte-publico-del-futuro\\\/#primaryimage\",\"url\":\"https:\\\/\\\/eurecat.org\\\/wp-content\\\/uploads\\\/2026\\\/04\\\/26_INNOVATION-FACTORY_2-1.jpg\",\"contentUrl\":\"https:\\\/\\\/eurecat.org\\\/wp-content\\\/uploads\\\/2026\\\/04\\\/26_INNOVATION-FACTORY_2-1.jpg\",\"width\":750,\"height\":400},{\"@type\":\"BreadcrumbList\",\"@id\":\"https:\\\/\\\/eurecat.org\\\/es\\\/calendario\\\/innovation-factory-02-de-que-estara-fabricado-el-transporte-publico-del-futuro\\\/#breadcrumb\",\"itemListElement\":[{\"@type\":\"ListItem\",\"position\":1,\"name\":\"Inici\",\"item\":\"https:\\\/\\\/eurecat.org\\\/es\\\/\"},{\"@type\":\"ListItem\",\"position\":2,\"name\":\"Eventos\",\"item\":\"https:\\\/\\\/eurecat.org\\\/es\\\/calendario\\\/\"},{\"@type\":\"ListItem\",\"position\":3,\"name\":\"Innovation Factory #02 &#8211; \u00bfDe qu\u00e9 estar\u00e1 fabricado el transporte p\u00fablico del futuro?\"}]},{\"@type\":\"WebSite\",\"@id\":\"https:\\\/\\\/eurecat.org\\\/es\\\/#website\",\"url\":\"https:\\\/\\\/eurecat.org\\\/es\\\/\",\"name\":\"Eurecat\",\"description\":\"Otro sitio realizado con WordPress\",\"potentialAction\":[{\"@type\":\"SearchAction\",\"target\":{\"@type\":\"EntryPoint\",\"urlTemplate\":\"https:\\\/\\\/eurecat.org\\\/es\\\/?s={search_term_string}\"},\"query-input\":{\"@type\":\"PropertyValueSpecification\",\"valueRequired\":true,\"valueName\":\"search_term_string\"}}],\"inLanguage\":\"es\"}]}<\/script>\n<!-- \/ Yoast SEO plugin. -->","yoast_head_json":{"title":"Innovation Factory #02 - \u00bfDe qu\u00e9 estar\u00e1 fabricado el transporte p\u00fablico del futuro? - Eurecat","robots":{"index":"index","follow":"follow","max-snippet":"max-snippet:-1","max-image-preview":"max-image-preview:large","max-video-preview":"max-video-preview:-1"},"canonical":"https:\/\/eurecat.org\/es\/calendario\/innovation-factory-02-de-que-estara-fabricado-el-transporte-publico-del-futuro\/","og_locale":"es_ES","og_type":"article","og_title":"Innovation Factory #02 - \u00bfDe qu\u00e9 estar\u00e1 fabricado el transporte p\u00fablico del futuro? - Eurecat","og_url":"https:\/\/eurecat.org\/es\/calendario\/innovation-factory-02-de-que-estara-fabricado-el-transporte-publico-del-futuro\/","og_site_name":"Eurecat","article_modified_time":"2026-04-28T06:19:54+00:00","og_image":[{"width":750,"height":400,"url":"https:\/\/eurecat.org\/wp-content\/uploads\/2026\/04\/26_INNOVATION-FACTORY_2-1.jpg","type":"image\/jpeg"}],"twitter_card":"summary_large_image","twitter_misc":{"Tiempo de lectura":"1 minuto"},"schema":{"@context":"https:\/\/schema.org","@graph":[{"@type":"WebPage","@id":"https:\/\/eurecat.org\/es\/calendario\/innovation-factory-02-de-que-estara-fabricado-el-transporte-publico-del-futuro\/","url":"https:\/\/eurecat.org\/es\/calendario\/innovation-factory-02-de-que-estara-fabricado-el-transporte-publico-del-futuro\/","name":"Innovation Factory #02 - \u00bfDe qu\u00e9 estar\u00e1 fabricado el transporte p\u00fablico del futuro? - Eurecat","isPartOf":{"@id":"https:\/\/eurecat.org\/es\/#website"},"primaryImageOfPage":{"@id":"https:\/\/eurecat.org\/es\/calendario\/innovation-factory-02-de-que-estara-fabricado-el-transporte-publico-del-futuro\/#primaryimage"},"image":{"@id":"https:\/\/eurecat.org\/es\/calendario\/innovation-factory-02-de-que-estara-fabricado-el-transporte-publico-del-futuro\/#primaryimage"},"thumbnailUrl":"https:\/\/eurecat.org\/wp-content\/uploads\/2026\/04\/26_INNOVATION-FACTORY_2-1.jpg","datePublished":"2026-04-27T13:24:20+00:00","dateModified":"2026-04-28T06:19:54+00:00","breadcrumb":{"@id":"https:\/\/eurecat.org\/es\/calendario\/innovation-factory-02-de-que-estara-fabricado-el-transporte-publico-del-futuro\/#breadcrumb"},"inLanguage":"es","potentialAction":[{"@type":"ReadAction","target":["https:\/\/eurecat.org\/es\/calendario\/innovation-factory-02-de-que-estara-fabricado-el-transporte-publico-del-futuro\/"]}]},{"@type":"ImageObject","inLanguage":"es","@id":"https:\/\/eurecat.org\/es\/calendario\/innovation-factory-02-de-que-estara-fabricado-el-transporte-publico-del-futuro\/#primaryimage","url":"https:\/\/eurecat.org\/wp-content\/uploads\/2026\/04\/26_INNOVATION-FACTORY_2-1.jpg","contentUrl":"https:\/\/eurecat.org\/wp-content\/uploads\/2026\/04\/26_INNOVATION-FACTORY_2-1.jpg","width":750,"height":400},{"@type":"BreadcrumbList","@id":"https:\/\/eurecat.org\/es\/calendario\/innovation-factory-02-de-que-estara-fabricado-el-transporte-publico-del-futuro\/#breadcrumb","itemListElement":[{"@type":"ListItem","position":1,"name":"Inici","item":"https:\/\/eurecat.org\/es\/"},{"@type":"ListItem","position":2,"name":"Eventos","item":"https:\/\/eurecat.org\/es\/calendario\/"},{"@type":"ListItem","position":3,"name":"Innovation Factory #02 &#8211; \u00bfDe qu\u00e9 estar\u00e1 fabricado el transporte p\u00fablico del futuro?"}]},{"@type":"WebSite","@id":"https:\/\/eurecat.org\/es\/#website","url":"https:\/\/eurecat.org\/es\/","name":"Eurecat","description":"Otro sitio realizado con WordPress","potentialAction":[{"@type":"SearchAction","target":{"@type":"EntryPoint","urlTemplate":"https:\/\/eurecat.org\/es\/?s={search_term_string}"},"query-input":{"@type":"PropertyValueSpecification","valueRequired":true,"valueName":"search_term_string"}}],"inLanguage":"es"}]}},"_links":{"self":[{"href":"https:\/\/eurecat.org\/es\/wp-json\/wp\/v2\/mec-events\/196084","targetHints":{"allow":["GET"]}}],"collection":[{"href":"https:\/\/eurecat.org\/es\/wp-json\/wp\/v2\/mec-events"}],"about":[{"href":"https:\/\/eurecat.org\/es\/wp-json\/wp\/v2\/types\/mec-events"}],"author":[{"embeddable":true,"href":"https:\/\/eurecat.org\/es\/wp-json\/wp\/v2\/users\/20"}],"replies":[{"embeddable":true,"href":"https:\/\/eurecat.org\/es\/wp-json\/wp\/v2\/comments?post=196084"}],"wp:featuredmedia":[{"embeddable":true,"href":"https:\/\/eurecat.org\/es\/wp-json\/wp\/v2\/media\/196090"}],"wp:attachment":[{"href":"https:\/\/eurecat.org\/es\/wp-json\/wp\/v2\/media?parent=196084"}],"wp:term":[{"taxonomy":"post_tag","embeddable":true,"href":"https:\/\/eurecat.org\/es\/wp-json\/wp\/v2\/tags?post=196084"},{"taxonomy":"mec_category","embeddable":true,"href":"https:\/\/eurecat.org\/es\/wp-json\/wp\/v2\/mec_category?post=196084"}],"curies":[{"name":"wp","href":"https:\/\/api.w.org\/{rel}","templated":true}]}}

Innovation Factory #02 &#8211; ¿De qué estará fabricado el transporte público del futuro?

<div class="fusion-fullwidth fullwidth-box fusion-builder-row-1 fusion-flex-container has-pattern-background has-mask-background nonhundred-percent-fullwidth non-hundred-percent-height-scrolling" style="--awb-border-radius-top-left:0px;--awb-border-radius-top-right:0px;--awb-border-radius-bottom-right:0px;--awb-border-radius-bottom-left:0px;--awb-flex-wrap:wrap;" ><div class="fusion-builder-row fusion-row fusion-flex-align-items-flex-start fusion-flex-content-wrap" style="max-width:1424.8px;margin-left: calc(-4% / 2 );margin-right: calc(-4% / 2 );"><div class="fusion-layout-column fusion_builder_column fusion-builder-column-0 fusion_builder_column_1_1 1_1 fusion-flex-column" style="--awb-bg-size:cover;--awb-width-large:100%;--awb-margin-top-large:0px;--awb-spacing-right-large:1.92%;--awb-margin-bottom-large:20px;--awb-spacing-left-large:1.92%;--awb-width-medium:100%;--awb-order-medium:0;--awb-spacing-right-medium:1.92%;--awb-spacing-left-medium:1.92%;--awb-width-small:100%;--awb-order-small:0;--awb-spacing-right-small:1.92%;--awb-spacing-left-small:1.92%;"><div class="fusion-column-wrapper fusion-column-has-shadow fusion-flex-justify-content-flex-start fusion-content-layout-column"><div class="fusion-text fusion-text-1"><p>En el C<strong>apítulo #2 de InnovationFactory</strong> ponemos el foco en <strong>el futuro de la movilidad</strong>. Más en concreto, en las mejoras que aportan nuevos materiales como por ejemplo la plastrónica, capaces de adherir funcionalidades a superficies plásticas. Esta capacidad de conexión permitirá optimizar varios aspectos, como la monitorización de incidencias e incidencias en tiempo real.</p>
<p>Contaremos con la participación de <strong>Ester Cierco</strong>, responsable de I+D+i de <strong>ICR</strong> y de <strong>Cristina Casellas</strong>, directora de la Unidad de Impresión Funcional y Dispositivos Integrados de <strong>Eurecat</strong>. <strong>Joan Cardona</strong>, responsable del Mercado de Movilidad de <strong>Eurecat</strong> será el presentador de este capítulo.</p>
</div><div style="text-align:center;"><a class="fusion-button button-flat fusion-button-default-size button-default fusion-button-default button-1 fusion-button-default-span fusion-button-default-type" target="_blank" rel="noopener noreferrer" href="https://www.linkedin.com/events/7450196133269712897/"><span class="fusion-button-text awb-button__text awb-button__text--default">Inscríbete aquí</span></a></div></div></div></div></div>

<!-- This site is optimized with the Yoast SEO plugin v27.4 - https://yoast.com/product/yoast-seo-wordpress/ -->
<title>Innovation Factory #02 - ¿De qué estará fabricado el transporte público del futuro? - Eurecat</title>
<meta name="robots" content="index, follow, max-snippet:-1, max-image-preview:large, max-video-preview:-1" />
<link rel="canonical" href="https://eurecat.org/es/calendario/innovation-factory-02-de-que-estara-fabricado-el-transporte-publico-del-futuro/" />
<meta property="og:locale" content="es_ES" />
<meta property="og:type" content="article" />
<meta property="og:title" content="Innovation Factory #02 - ¿De qué estará fabricado el transporte público del futuro? - Eurecat" />
<meta property="og:url" content="https://eurecat.org/es/calendario/innovation-factory-02-de-que-estara-fabricado-el-transporte-publico-del-futuro/" />
<meta property="og:site_name" content="Eurecat" />
<meta property="article:modified_time" content="2026-04-28T06:19:54+00:00" />
<meta property="og:image" content="https://eurecat.org/wp-content/uploads/2026/04/26_INNOVATION-FACTORY_2-1.jpg" />
	<meta property="og:image:width" content="750" />
	<meta property="og:image:height" content="400" />
	<meta property="og:image:type" content="image/jpeg" />
<meta name="twitter:card" content="summary_large_image" />
<meta name="twitter:label1" content="Tiempo de lectura" />
	<meta name="twitter:data1" content="1 minuto" />
<script type="application/ld+json" class="yoast-schema-graph">{"@context":"https:\/\/schema.org","@graph":[{"@type":"WebPage","@id":"https:\/\/eurecat.org\/es\/calendario\/innovation-factory-02-de-que-estara-fabricado-el-transporte-publico-del-futuro\/","url":"https:\/\/eurecat.org\/es\/calendario\/innovation-factory-02-de-que-estara-fabricado-el-transporte-publico-del-futuro\/","name":"Innovation Factory #02 - ¿De qué estará fabricado el transporte público del futuro? - Eurecat","isPartOf":{"@id":"https:\/\/eurecat.org\/es\/#website"},"primaryImageOfPage":{"@id":"https:\/\/eurecat.org\/es\/calendario\/innovation-factory-02-de-que-estara-fabricado-el-transporte-publico-del-futuro\/#primaryimage"},"image":{"@id":"https:\/\/eurecat.org\/es\/calendario\/innovation-factory-02-de-que-estara-fabricado-el-transporte-publico-del-futuro\/#primaryimage"},"thumbnailUrl":"https:\/\/eurecat.org\/wp-content\/uploads\/2026\/04\/26_INNOVATION-FACTORY_2-1.jpg","datePublished":"2026-04-27T13:24:20+00:00","dateModified":"2026-04-28T06:19:54+00:00","breadcrumb":{"@id":"https:\/\/eurecat.org\/es\/calendario\/innovation-factory-02-de-que-estara-fabricado-el-transporte-publico-del-futuro\/#breadcrumb"},"inLanguage":"es","potentialAction":[{"@type":"ReadAction","target":["https:\/\/eurecat.org\/es\/calendario\/innovation-factory-02-de-que-estara-fabricado-el-transporte-publico-del-futuro\/"]}]},{"@type":"ImageObject","inLanguage":"es","@id":"https:\/\/eurecat.org\/es\/calendario\/innovation-factory-02-de-que-estara-fabricado-el-transporte-publico-del-futuro\/#primaryimage","url":"https:\/\/eurecat.org\/wp-content\/uploads\/2026\/04\/26_INNOVATION-FACTORY_2-1.jpg","contentUrl":"https:\/\/eurecat.org\/wp-content\/uploads\/2026\/04\/26_INNOVATION-FACTORY_2-1.jpg","width":750,"height":400},{"@type":"BreadcrumbList","@id":"https:\/\/eurecat.org\/es\/calendario\/innovation-factory-02-de-que-estara-fabricado-el-transporte-publico-del-futuro\/#breadcrumb","itemListElement":[{"@type":"ListItem","position":1,"name":"Inici","item":"https:\/\/eurecat.org\/es\/"},{"@type":"ListItem","position":2,"name":"Eventos","item":"https:\/\/eurecat.org\/es\/calendario\/"},{"@type":"ListItem","position":3,"name":"Innovation Factory #02 &#8211; ¿De qué estará fabricado el transporte público del futuro?"}]},{"@type":"WebSite","@id":"https:\/\/eurecat.org\/es\/#website","url":"https:\/\/eurecat.org\/es\/","name":"Eurecat","description":"Otro sitio realizado con WordPress","potentialAction":[{"@type":"SearchAction","target":{"@type":"EntryPoint","urlTemplate":"https:\/\/eurecat.org\/es\/?s={search_term_string}"},"query-input":{"@type":"PropertyValueSpecification","valueRequired":true,"valueName":"search_term_string"}}],"inLanguage":"es"}]}</script>
<!-- / Yoast SEO plugin. -->

Innovation Factory #02 - ¿De qué estará fabricado el transporte público del futuro? - Eurecat
