{"id":78933,"date":"2019-03-25T13:20:21","date_gmt":"2019-03-25T13:20:21","guid":{"rendered":"https:\/\/eurecat.org\/?post_type=mec-events&#038;p=78933"},"modified":"2021-02-16T11:59:35","modified_gmt":"2021-02-16T11:59:35","slug":"hannover-messe","status":"publish","type":"mec-events","link":"https:\/\/eurecat.org\/es\/calendario\/hannover-messe\/","title":{"rendered":"Hannover Messe &#8211; virtual"},"content":{"rendered":"<p>Eurecat participa en la Hannover Messe que tendr\u00e1 lugar en <strong>formato on line entre el 12 i el 16 de abril<\/strong>, la feria m\u00e1s importante a nivel mundial para el \u00e1mbito industrial y tecnol\u00f3gico. <strong>Eurecat estar\u00e1 presente de forma conjunta en la misi\u00f3n organizada por ACCI\u00d3<\/strong> de la Generalitat de Catalunya.<\/p>\n<p>La Feria Hannover Messe se celebra en Alemania desde hace 60 a\u00f1os y es el principal mercado de tecnolog\u00edas punta, materiales e ideas. La exposici\u00f3n re\u00fane ocho importantes ferias en un \u00fanico alquilado y permite la interacci\u00f3n e integraci\u00f3n entre diferentes industrias y \u00e1mbitos de aplicaci\u00f3n. La Hannover Messe ofrece: automatizaci\u00f3n de procesos industriales, producci\u00f3n y automatizaci\u00f3n de edificios, una amplia gama de tecnolog\u00edas energ\u00e9ticas, software industrial y de servicios y mucho m\u00e1s.<\/p>\n<div class=\"fusion-button-wrapper fusion-aligncenter\"><a class=\"fusion-button button-flat fusion-button-default-size button-default fusion-button-default button-1 fusion-button-default-span fusion-button-default-type\" target=\"_blank\" rel=\"noopener noreferrer\" href=\"https:\/\/www.hannovermesse.de\/home\"><span class=\"fusion-button-text awb-button__text awb-button__text--default\">Visita la web del evento<\/span><\/a><\/div>\n","protected":false},"excerpt":{"rendered":"<p>Eurecat participa en la Hannover Messe que tendr\u00e1 lugar en formato on line entre el 12 i el 16 de abril, la feria m\u00e1s importante a nivel mundial para el \u00e1mbito industrial y tecnol\u00f3gico. Eurecat estar\u00e1 presente de forma conjunta en la misi\u00f3n organizada por ACCI\u00d3 de la Generalitat de Catalunya. La Feria Hannover Messe  [&#8230;]<\/p>\n","protected":false},"author":20,"featured_media":78932,"comment_status":"closed","ping_status":"closed","template":"","tags":[],"mec_category":[976,975],"class_list":["post-78933","mec-events","type-mec-events","status-publish","has-post-thumbnail","hentry","mec_category-congresos-organizados-por-eurecat-es","mec_category-fires-on-participa-eurecat"],"yoast_head":"<!-- This site is optimized with the Yoast SEO plugin v27.4 - https:\/\/yoast.com\/product\/yoast-seo-wordpress\/ -->\n<title>Hannover MesseHannover Messe - virtual - Eurecat<\/title>\n<meta name=\"description\" content=\"Eurecat participa en la Hannover Messe que tendr\u00e1 lugar en formato on line entre el 12 i el 16 de abril.\" \/>\n<meta name=\"robots\" content=\"index, follow, max-snippet:-1, max-image-preview:large, max-video-preview:-1\" \/>\n<link rel=\"canonical\" href=\"https:\/\/eurecat.org\/es\/calendario\/hannover-messe\/\" \/>\n<meta property=\"og:locale\" content=\"es_ES\" \/>\n<meta property=\"og:type\" content=\"article\" \/>\n<meta property=\"og:title\" content=\"Hannover MesseHannover Messe - virtual - Eurecat\" \/>\n<meta property=\"og:description\" content=\"Eurecat participa en la Hannover Messe que tendr\u00e1 lugar en formato on line entre el 12 i el 16 de abril.\" \/>\n<meta property=\"og:url\" content=\"https:\/\/eurecat.org\/es\/calendario\/hannover-messe\/\" \/>\n<meta property=\"og:site_name\" content=\"Eurecat\" \/>\n<meta property=\"article:modified_time\" content=\"2021-02-16T11:59:35+00:00\" \/>\n<meta property=\"og:image\" content=\"https:\/\/eurecat.org\/wp-content\/uploads\/2019\/03\/hannover-mess_ok.jpg\" \/>\n\t<meta property=\"og:image:width\" content=\"700\" \/>\n\t<meta property=\"og:image:height\" content=\"450\" \/>\n\t<meta property=\"og:image:type\" content=\"image\/jpeg\" \/>\n<meta name=\"twitter:card\" content=\"summary_large_image\" \/>\n<meta name=\"twitter:label1\" content=\"Tiempo de lectura\" \/>\n\t<meta name=\"twitter:data1\" content=\"1 minuto\" \/>\n<script type=\"application\/ld+json\" class=\"yoast-schema-graph\">{\"@context\":\"https:\\\/\\\/schema.org\",\"@graph\":[{\"@type\":\"WebPage\",\"@id\":\"https:\\\/\\\/eurecat.org\\\/es\\\/calendario\\\/hannover-messe\\\/\",\"url\":\"https:\\\/\\\/eurecat.org\\\/es\\\/calendario\\\/hannover-messe\\\/\",\"name\":\"Hannover MesseHannover Messe - virtual - Eurecat\",\"isPartOf\":{\"@id\":\"https:\\\/\\\/eurecat.org\\\/es\\\/#website\"},\"primaryImageOfPage\":{\"@id\":\"https:\\\/\\\/eurecat.org\\\/es\\\/calendario\\\/hannover-messe\\\/#primaryimage\"},\"image\":{\"@id\":\"https:\\\/\\\/eurecat.org\\\/es\\\/calendario\\\/hannover-messe\\\/#primaryimage\"},\"thumbnailUrl\":\"https:\\\/\\\/eurecat.org\\\/wp-content\\\/uploads\\\/2019\\\/03\\\/hannover-mess_ok.jpg\",\"datePublished\":\"2019-03-25T13:20:21+00:00\",\"dateModified\":\"2021-02-16T11:59:35+00:00\",\"description\":\"Eurecat participa en la Hannover Messe que tendr\u00e1 lugar en formato on line entre el 12 i el 16 de abril.\",\"breadcrumb\":{\"@id\":\"https:\\\/\\\/eurecat.org\\\/es\\\/calendario\\\/hannover-messe\\\/#breadcrumb\"},\"inLanguage\":\"es\",\"potentialAction\":[{\"@type\":\"ReadAction\",\"target\":[\"https:\\\/\\\/eurecat.org\\\/es\\\/calendario\\\/hannover-messe\\\/\"]}]},{\"@type\":\"ImageObject\",\"inLanguage\":\"es\",\"@id\":\"https:\\\/\\\/eurecat.org\\\/es\\\/calendario\\\/hannover-messe\\\/#primaryimage\",\"url\":\"https:\\\/\\\/eurecat.org\\\/wp-content\\\/uploads\\\/2019\\\/03\\\/hannover-mess_ok.jpg\",\"contentUrl\":\"https:\\\/\\\/eurecat.org\\\/wp-content\\\/uploads\\\/2019\\\/03\\\/hannover-mess_ok.jpg\",\"width\":700,\"height\":450},{\"@type\":\"BreadcrumbList\",\"@id\":\"https:\\\/\\\/eurecat.org\\\/es\\\/calendario\\\/hannover-messe\\\/#breadcrumb\",\"itemListElement\":[{\"@type\":\"ListItem\",\"position\":1,\"name\":\"Inici\",\"item\":\"https:\\\/\\\/eurecat.org\\\/es\\\/\"},{\"@type\":\"ListItem\",\"position\":2,\"name\":\"Eventos\",\"item\":\"https:\\\/\\\/eurecat.org\\\/es\\\/calendario\\\/\"},{\"@type\":\"ListItem\",\"position\":3,\"name\":\"Hannover Messe &#8211; virtual\"}]},{\"@type\":\"WebSite\",\"@id\":\"https:\\\/\\\/eurecat.org\\\/es\\\/#website\",\"url\":\"https:\\\/\\\/eurecat.org\\\/es\\\/\",\"name\":\"Eurecat\",\"description\":\"Otro sitio realizado con WordPress\",\"potentialAction\":[{\"@type\":\"SearchAction\",\"target\":{\"@type\":\"EntryPoint\",\"urlTemplate\":\"https:\\\/\\\/eurecat.org\\\/es\\\/?s={search_term_string}\"},\"query-input\":{\"@type\":\"PropertyValueSpecification\",\"valueRequired\":true,\"valueName\":\"search_term_string\"}}],\"inLanguage\":\"es\"}]}<\/script>\n<!-- \/ Yoast SEO plugin. -->","yoast_head_json":{"title":"Hannover MesseHannover Messe - virtual - Eurecat","description":"Eurecat participa en la Hannover Messe que tendr\u00e1 lugar en formato on line entre el 12 i el 16 de abril.","robots":{"index":"index","follow":"follow","max-snippet":"max-snippet:-1","max-image-preview":"max-image-preview:large","max-video-preview":"max-video-preview:-1"},"canonical":"https:\/\/eurecat.org\/es\/calendario\/hannover-messe\/","og_locale":"es_ES","og_type":"article","og_title":"Hannover MesseHannover Messe - virtual - Eurecat","og_description":"Eurecat participa en la Hannover Messe que tendr\u00e1 lugar en formato on line entre el 12 i el 16 de abril.","og_url":"https:\/\/eurecat.org\/es\/calendario\/hannover-messe\/","og_site_name":"Eurecat","article_modified_time":"2021-02-16T11:59:35+00:00","og_image":[{"width":700,"height":450,"url":"https:\/\/eurecat.org\/wp-content\/uploads\/2019\/03\/hannover-mess_ok.jpg","type":"image\/jpeg"}],"twitter_card":"summary_large_image","twitter_misc":{"Tiempo de lectura":"1 minuto"},"schema":{"@context":"https:\/\/schema.org","@graph":[{"@type":"WebPage","@id":"https:\/\/eurecat.org\/es\/calendario\/hannover-messe\/","url":"https:\/\/eurecat.org\/es\/calendario\/hannover-messe\/","name":"Hannover MesseHannover Messe - virtual - Eurecat","isPartOf":{"@id":"https:\/\/eurecat.org\/es\/#website"},"primaryImageOfPage":{"@id":"https:\/\/eurecat.org\/es\/calendario\/hannover-messe\/#primaryimage"},"image":{"@id":"https:\/\/eurecat.org\/es\/calendario\/hannover-messe\/#primaryimage"},"thumbnailUrl":"https:\/\/eurecat.org\/wp-content\/uploads\/2019\/03\/hannover-mess_ok.jpg","datePublished":"2019-03-25T13:20:21+00:00","dateModified":"2021-02-16T11:59:35+00:00","description":"Eurecat participa en la Hannover Messe que tendr\u00e1 lugar en formato on line entre el 12 i el 16 de abril.","breadcrumb":{"@id":"https:\/\/eurecat.org\/es\/calendario\/hannover-messe\/#breadcrumb"},"inLanguage":"es","potentialAction":[{"@type":"ReadAction","target":["https:\/\/eurecat.org\/es\/calendario\/hannover-messe\/"]}]},{"@type":"ImageObject","inLanguage":"es","@id":"https:\/\/eurecat.org\/es\/calendario\/hannover-messe\/#primaryimage","url":"https:\/\/eurecat.org\/wp-content\/uploads\/2019\/03\/hannover-mess_ok.jpg","contentUrl":"https:\/\/eurecat.org\/wp-content\/uploads\/2019\/03\/hannover-mess_ok.jpg","width":700,"height":450},{"@type":"BreadcrumbList","@id":"https:\/\/eurecat.org\/es\/calendario\/hannover-messe\/#breadcrumb","itemListElement":[{"@type":"ListItem","position":1,"name":"Inici","item":"https:\/\/eurecat.org\/es\/"},{"@type":"ListItem","position":2,"name":"Eventos","item":"https:\/\/eurecat.org\/es\/calendario\/"},{"@type":"ListItem","position":3,"name":"Hannover Messe &#8211; virtual"}]},{"@type":"WebSite","@id":"https:\/\/eurecat.org\/es\/#website","url":"https:\/\/eurecat.org\/es\/","name":"Eurecat","description":"Otro sitio realizado con WordPress","potentialAction":[{"@type":"SearchAction","target":{"@type":"EntryPoint","urlTemplate":"https:\/\/eurecat.org\/es\/?s={search_term_string}"},"query-input":{"@type":"PropertyValueSpecification","valueRequired":true,"valueName":"search_term_string"}}],"inLanguage":"es"}]}},"_links":{"self":[{"href":"https:\/\/eurecat.org\/es\/wp-json\/wp\/v2\/mec-events\/78933","targetHints":{"allow":["GET"]}}],"collection":[{"href":"https:\/\/eurecat.org\/es\/wp-json\/wp\/v2\/mec-events"}],"about":[{"href":"https:\/\/eurecat.org\/es\/wp-json\/wp\/v2\/types\/mec-events"}],"author":[{"embeddable":true,"href":"https:\/\/eurecat.org\/es\/wp-json\/wp\/v2\/users\/20"}],"replies":[{"embeddable":true,"href":"https:\/\/eurecat.org\/es\/wp-json\/wp\/v2\/comments?post=78933"}],"wp:featuredmedia":[{"embeddable":true,"href":"https:\/\/eurecat.org\/es\/wp-json\/wp\/v2\/media\/78932"}],"wp:attachment":[{"href":"https:\/\/eurecat.org\/es\/wp-json\/wp\/v2\/media?parent=78933"}],"wp:term":[{"taxonomy":"post_tag","embeddable":true,"href":"https:\/\/eurecat.org\/es\/wp-json\/wp\/v2\/tags?post=78933"},{"taxonomy":"mec_category","embeddable":true,"href":"https:\/\/eurecat.org\/es\/wp-json\/wp\/v2\/mec_category?post=78933"}],"curies":[{"name":"wp","href":"https:\/\/api.w.org\/{rel}","templated":true}]}}

<p>Eurecat participa en la Hannover Messe que tendrá lugar en <strong>formato on line entre el 12 i el 16 de abril</strong>, la feria más importante a nivel mundial para el ámbito industrial y tecnológico. <strong>Eurecat estará presente de forma conjunta en la misión organizada por ACCIÓ</strong> de la Generalitat de Catalunya.</p>
<p>La Feria Hannover Messe se celebra en Alemania desde hace 60 años y es el principal mercado de tecnologías punta, materiales e ideas. La exposición reúne ocho importantes ferias en un único alquilado y permite la interacción e integración entre diferentes industrias y ámbitos de aplicación. La Hannover Messe ofrece: automatización de procesos industriales, producción y automatización de edificios, una amplia gama de tecnologías energéticas, software industrial y de servicios y mucho más.</p>
<div class="fusion-button-wrapper fusion-aligncenter"><a class="fusion-button button-flat fusion-button-default-size button-default fusion-button-default button-1 fusion-button-default-span fusion-button-default-type" target="_blank" rel="noopener noreferrer" href="https://www.hannovermesse.de/home"><span class="fusion-button-text awb-button__text awb-button__text--default">Visita la web del evento</span></a></div>

<p>Eurecat participa en la Hannover Messe que tendrá lugar en formato on line entre el 12 i el 16 de abril, la feria más importante a nivel mundial para el ámbito industrial y tecnológico. Eurecat estará presente de forma conjunta en la misión organizada por ACCIÓ de la Generalitat de Catalunya. La Feria Hannover Messe  [&#8230;]</p>

<!-- This site is optimized with the Yoast SEO plugin v27.4 - https://yoast.com/product/yoast-seo-wordpress/ -->
<title>Hannover MesseHannover Messe - virtual - Eurecat</title>
<meta name="description" content="Eurecat participa en la Hannover Messe que tendrá lugar en formato on line entre el 12 i el 16 de abril." />
<meta name="robots" content="index, follow, max-snippet:-1, max-image-preview:large, max-video-preview:-1" />
<link rel="canonical" href="https://eurecat.org/es/calendario/hannover-messe/" />
<meta property="og:locale" content="es_ES" />
<meta property="og:type" content="article" />
<meta property="og:title" content="Hannover MesseHannover Messe - virtual - Eurecat" />
<meta property="og:description" content="Eurecat participa en la Hannover Messe que tendrá lugar en formato on line entre el 12 i el 16 de abril." />
<meta property="og:url" content="https://eurecat.org/es/calendario/hannover-messe/" />
<meta property="og:site_name" content="Eurecat" />
<meta property="article:modified_time" content="2021-02-16T11:59:35+00:00" />
<meta property="og:image" content="https://eurecat.org/wp-content/uploads/2019/03/hannover-mess_ok.jpg" />
	<meta property="og:image:width" content="700" />
	<meta property="og:image:height" content="450" />
	<meta property="og:image:type" content="image/jpeg" />
<meta name="twitter:card" content="summary_large_image" />
<meta name="twitter:label1" content="Tiempo de lectura" />
	<meta name="twitter:data1" content="1 minuto" />
<script type="application/ld+json" class="yoast-schema-graph">{"@context":"https:\/\/schema.org","@graph":[{"@type":"WebPage","@id":"https:\/\/eurecat.org\/es\/calendario\/hannover-messe\/","url":"https:\/\/eurecat.org\/es\/calendario\/hannover-messe\/","name":"Hannover MesseHannover Messe - virtual - Eurecat","isPartOf":{"@id":"https:\/\/eurecat.org\/es\/#website"},"primaryImageOfPage":{"@id":"https:\/\/eurecat.org\/es\/calendario\/hannover-messe\/#primaryimage"},"image":{"@id":"https:\/\/eurecat.org\/es\/calendario\/hannover-messe\/#primaryimage"},"thumbnailUrl":"https:\/\/eurecat.org\/wp-content\/uploads\/2019\/03\/hannover-mess_ok.jpg","datePublished":"2019-03-25T13:20:21+00:00","dateModified":"2021-02-16T11:59:35+00:00","description":"Eurecat participa en la Hannover Messe que tendrá lugar en formato on line entre el 12 i el 16 de abril.","breadcrumb":{"@id":"https:\/\/eurecat.org\/es\/calendario\/hannover-messe\/#breadcrumb"},"inLanguage":"es","potentialAction":[{"@type":"ReadAction","target":["https:\/\/eurecat.org\/es\/calendario\/hannover-messe\/"]}]},{"@type":"ImageObject","inLanguage":"es","@id":"https:\/\/eurecat.org\/es\/calendario\/hannover-messe\/#primaryimage","url":"https:\/\/eurecat.org\/wp-content\/uploads\/2019\/03\/hannover-mess_ok.jpg","contentUrl":"https:\/\/eurecat.org\/wp-content\/uploads\/2019\/03\/hannover-mess_ok.jpg","width":700,"height":450},{"@type":"BreadcrumbList","@id":"https:\/\/eurecat.org\/es\/calendario\/hannover-messe\/#breadcrumb","itemListElement":[{"@type":"ListItem","position":1,"name":"Inici","item":"https:\/\/eurecat.org\/es\/"},{"@type":"ListItem","position":2,"name":"Eventos","item":"https:\/\/eurecat.org\/es\/calendario\/"},{"@type":"ListItem","position":3,"name":"Hannover Messe &#8211; virtual"}]},{"@type":"WebSite","@id":"https:\/\/eurecat.org\/es\/#website","url":"https:\/\/eurecat.org\/es\/","name":"Eurecat","description":"Otro sitio realizado con WordPress","potentialAction":[{"@type":"SearchAction","target":{"@type":"EntryPoint","urlTemplate":"https:\/\/eurecat.org\/es\/?s={search_term_string}"},"query-input":{"@type":"PropertyValueSpecification","valueRequired":true,"valueName":"search_term_string"}}],"inLanguage":"es"}]}</script>
<!-- / Yoast SEO plugin. -->

Eurecat participa en la Hannover Messe que tendrá lugar en formato on line entre el 12 i el 16 de abril.
