{"id":2567,"date":"2024-06-19T10:28:41","date_gmt":"2024-06-19T08:28:41","guid":{"rendered":"https:\/\/eurecat.org\/home\/?page_id=2567"},"modified":"2025-09-26T10:33:52","modified_gmt":"2025-09-26T08:33:52","slug":"politica-de-cookies","status":"publish","type":"page","link":"https:\/\/eurecat.org\/home\/politica-de-cookies\/","title":{"rendered":"Pol\u00edtica de cookies"},"content":{"rendered":"\t\t<div data-elementor-type=\"wp-page\" data-elementor-id=\"2567\" class=\"elementor elementor-2567\" data-elementor-post-type=\"page\">\n\t\t\t\t<div class=\"elementor-element elementor-element-adac2bb e-flex e-con-boxed e-con e-parent\" data-id=\"adac2bb\" data-element_type=\"container\" data-e-type=\"container\">\n\t\t\t\t\t<div class=\"e-con-inner\">\n\t\t\t\t<div class=\"elementor-element elementor-element-96d2cee elementor-widget elementor-widget-heading\" data-id=\"96d2cee\" data-element_type=\"widget\" data-e-type=\"widget\" data-widget_type=\"heading.default\">\n\t\t\t\t<div class=\"elementor-widget-container\">\n\t\t\t\t\t<h1 class=\"elementor-heading-title elementor-size-default\">Pol\u00edtica de cookies<\/h1>\t\t\t\t<\/div>\n\t\t\t\t<\/div>\n\t\t\t\t<div class=\"elementor-element elementor-element-2449406 elementor-widget elementor-widget-text-editor\" data-id=\"2449406\" data-element_type=\"widget\" data-e-type=\"widget\" data-widget_type=\"text-editor.default\">\n\t\t\t\t<div class=\"elementor-widget-container\">\n\t\t\t\t\t\t\t\t\t<p><strong>Qu\u00e8 s\u00f3n les cookies i perqu\u00e8 s\u2019utilitzen?<\/strong><\/p><p>Una cookie \u00e9s un fitxer que es descarrega al dispositiu de l\u2019usuari a l\u2019accedir a determinats lloc web per emmagatzemar i recuperar informaci\u00f3 sobre la navegaci\u00f3 que s\u2019efectua des del seu equip.<\/p><p>Les cookies permeten a aquest web, entre altres coses, emmagatzemar i recuperar informaci\u00f3 sobre les decisions i h\u00e0bits de l\u2019usuari. Algunes de les cookies utilitzades al web s\u00f3n necess\u00e0ries per al funcionament d\u2019aquesta.<\/p><p>\u00c9s important destacar que l\u2019\u00fas de cookies no proporciona dades personals de l\u2019usuari.<\/p><p>Aquest web utilitza cookies pr\u00f2pies i de tercers les quals es detallen m\u00e9s endavant, tingui en compte que la instal\u00b7laci\u00f3 d\u2019algunes de les cookies que figuren a la Web s\u00f3n necess\u00e0ries per al funcionament i la seva instal\u00b7laci\u00f3 no requereix el consentiment.<\/p><p><strong>Quins tipus de cookies existeixen?<\/strong><\/p><p>Las cookies, en funci\u00f3 del temps que estan activades, poden dividir-se en cookies de sessi\u00f3 o permanents:<\/p><ul><li><strong>Cookies de sessi\u00f3: <\/strong>les dades que recaven i emmagatzemen aquestes cookies es recullen mentre l\u2019usuari navega per la Web i son eliminades al tancar el navegador. Acostumen a utilitzar-se per emmagatzemar informaci\u00f3 que interessa conservar per la prestaci\u00f3 del servei per a l\u2019usuari\u00a0 sol\u00b7licita puntualment.<\/li><li><strong>Cookies persistents:<\/strong> amb aquestes cookies les dades continuant emmagatzemades a l\u2019equip de l\u2019usuari durant un per\u00edode de temps determinat, facilitant aix\u00ed el control de les prefer\u00e8ncies escollides per l\u2019usuari sense haver de repetir certa par\u00e0metres cada cop que aquest visita la Web.<\/li><\/ul><p>Addicionalment, segons l\u2019entat que les gestioni, les cookies poden classificar-se com pr\u00f2pies o de tercers:<\/p><ul><li><strong>Cookies pr\u00f2pies: <\/strong>aquestes cookies s\u2019envien a l\u2019equip de l\u2019usuari des de un domini o terminal per el propi editor i des de el qual es presta el servei sol\u00b7licitat per<\/li><li><strong>Cookies de tercers:<\/strong> aquestes cookies s\u2019envien a l\u2019equip del usuari des de un equip o domini que no est\u00e0 gestionat per l\u2019editor, sin\u00f3 que est\u00e0 gestionar per un altra entitat que tracte les dades obtingudes a trav\u00e9s de les cookies.<\/li><\/ul><p>Respecte a la finalitat, las cookies poden ser:<\/p><ul><li><strong>Cookies t\u00e8cniques: <\/strong>aquestes cookies permeten controlar el tr\u00e0nsit i la comunicaci\u00f3 de dades<\/li><li><strong>Cookies de personalitzaci\u00f3: <\/strong>aquestes cookies deixen accedir als usuaris segons algunes caracter\u00edstiques pr\u00f2pies que es recullen (navegador, idioma, etc.).<\/li><li><strong>Cookies de an\u00e0lisis: <\/strong>aquestes cookies permeten al responsable d\u2019aquestes, el seguiment y an\u00e0lisis del comportament dels\u00a0 usuaris de les webs y permeten elaborar un perfil de usuari.<\/li><li><strong>Cookies publicit\u00e0ries:<\/strong> aquestes cookies recullen dades sobre la gesti\u00f3 dels espais publicitaris de la web<\/li><\/ul><p><strong>Quines cookies utilitza la web?<\/strong><\/p><p>L\u2019usuari pot consultar i configurar l\u2019\u00fas de las cookies del web al [wcc_preference_button]<\/p><p>\u00c9s important que l\u2019usuari tingui en compte que tot i configurar les cookies de la Web, algunes de les cookies instal\u00b7lades s\u00f3n necess\u00e0ries per a poder utilitzar correctament la web, aquestes cookies no requereixen del seu consentiment ni gesti\u00f3.<\/p>\t\t\t\t\t\t\t\t<\/div>\n\t\t\t\t<\/div>\n\t\t\t\t<div class=\"elementor-element elementor-element-3daac1f elementor-widget elementor-widget-text-editor\" data-id=\"3daac1f\" data-element_type=\"widget\" data-e-type=\"widget\" data-widget_type=\"text-editor.default\">\n\t\t\t\t<div class=\"elementor-widget-container\">\n\t\t\t\t\t\t\t\t\t<p>[wcc_category_list]<\/p>\t\t\t\t\t\t\t\t<\/div>\n\t\t\t\t<\/div>\n\t\t\t\t<div class=\"elementor-element elementor-element-392e113 elementor-widget elementor-widget-text-editor\" data-id=\"392e113\" data-element_type=\"widget\" data-e-type=\"widget\" data-widget_type=\"text-editor.default\">\n\t\t\t\t<div class=\"elementor-widget-container\">\n\t\t\t\t\t\t\t\t\t<p><strong>Como des habilitar las cookies al seu navegador?<\/strong><\/p><p>La configuraci\u00f3 de les cookies es veu reflectida en el navegador utilitzat per l\u2019usuari, tot i aix\u00f2 s\u2019informa a l\u2019usuari de com\u00a0 pot permetre, bloquejar o eliminar les cookies en el seu equip mitjan\u00e7ant la configuraci\u00f3 de les opcions del seu navegador escollit per a navegar. Llegeixi atentament la secci\u00f3 d\u2019ajuda del navegador per con\u00e8ixer amb detall com activar el \u201cmode privat\u201d o desbloquejar determinades cookies.<\/p><p>En funci\u00f3 del navegador utilitzat per l\u2019usuari i les seves funcionalitat, pot suposar la instal\u00b7laci\u00f3 de cookies les quals s\u00f3n considerades de tercers. Per exemple, si l\u2019usuari utilitza el navegador de Google i utilitza l\u2019opci\u00f3 d\u2019aquest de traduir el idioma del lloc web, Google instal\u00b7la cookies a l\u2019equip de l\u2019usuari les quals no estan gestionades per el responsable d\u2019aquesta Web i de les quals tampoc en te responsabilitat.<\/p><p>A continuaci\u00f3 els links a les instruccions de configuraci\u00f3 de cookies de los navegadors:<\/p><ul><li>Informaci\u00f3 sobre cookies per <a href=\"https:\/\/support.microsoft.com\/es-es\/help\/17442\/windows-internet-explorer-delete-manage-cookies\">Internet Explorer<\/a>.<\/li><li>Informaci\u00f3 sobre cookies per <a href=\"https:\/\/support.mozilla.org\/es\/kb\/habilitar-y-deshabilitar-cookies-que-los-sitios-we\">Mozilla Firefox<\/a>.<\/li><li>Informaci\u00f3 sobre cookies per <a href=\"http:\/\/help.opera.com\/Windows\/11.50\/es-ES\/cookies.html\">Opera<\/a>.<\/li><li>Informaci\u00f3 sobre cookies per <a href=\"https:\/\/support.google.com\/accounts\/answer\/61416?hl=es\">Google Chrome<\/a>.<\/li><li>Informaci\u00f3 sobre cookies per <a href=\"https:\/\/support.apple.com\/es-es\/HT201265\">Safari<\/a>.<\/li><\/ul><p><strong>Informaci\u00f3 addicional<\/strong><\/p><p>Per a una major informaci\u00f3 sobre l\u2019\u00fas de les cookies i com bloquejar-les, accedeix a <a href=\"http:\/\/www.allaboutcookies.org\">www.allaboutcookies.org<\/a>, <a href=\"http:\/\/www.youronlinechoices.eu\">www.youronlinechoices.eu<\/a>. Si teniu qualsevol pregunta o comentari sobre el nostre \u00fas de cookies, si us plau contacteu amb nosaltres via correu electr\u00f2nic a\u00a0 <a href=\"mailto:info@eurecat.org\">info@eurecat.org<\/a> com a responsable de la web o b\u00e9 com a prove\u00efdor del servei de gesti\u00f3 d\u2019aquesta web.<\/p>\t\t\t\t\t\t\t\t<\/div>\n\t\t\t\t<\/div>\n\t\t\t\t\t<\/div>\n\t\t\t\t<\/div>\n\t\t\t\t<\/div>\n\t\t","protected":false},"excerpt":{"rendered":"<p>Qu\u00e8 s\u00f3n les cookies i perqu\u00e8 s\u2019utilitzen? Una cookie \u00e9s un fitxer que es descarrega al dispositiu de l\u2019usuari a l\u2019accedir a determinats lloc web per emmagatzemar i recuperar informaci\u00f3 sobre la navegaci\u00f3 que s\u2019efectua des del seu equip. Les cookies permeten a aquest web, entre altres coses, emmagatzemar i recuperar informaci\u00f3 sobre les decisions [&hellip;]<\/p>\n","protected":false},"author":4,"featured_media":0,"parent":0,"menu_order":0,"comment_status":"closed","ping_status":"closed","template":"","meta":{"footnotes":""},"class_list":["post-2567","page","type-page","status-publish","hentry"],"yoast_head":"<!-- This site is optimized with the Yoast SEO plugin v27.3 - https:\/\/yoast.com\/product\/yoast-seo-wordpress\/ -->\n<title>Pol\u00edtica de cookies - Eurecat Centre Tecnol\u00f2gic<\/title>\n<meta name=\"robots\" content=\"index, follow, max-snippet:-1, max-image-preview:large, max-video-preview:-1\" \/>\n<link rel=\"canonical\" href=\"https:\/\/eurecat.org\/home\/politica-de-cookies\/\" \/>\n<meta property=\"og:locale\" content=\"ca_ES\" \/>\n<meta property=\"og:type\" content=\"article\" \/>\n<meta property=\"og:title\" content=\"Pol\u00edtica de cookies - Eurecat Centre Tecnol\u00f2gic\" \/>\n<meta property=\"og:description\" content=\"Qu\u00e8 s\u00f3n les cookies i perqu\u00e8 s\u2019utilitzen? Una cookie \u00e9s un fitxer que es descarrega al dispositiu de l\u2019usuari a l\u2019accedir a determinats lloc web per emmagatzemar i recuperar informaci\u00f3 sobre la navegaci\u00f3 que s\u2019efectua des del seu equip. Les cookies permeten a aquest web, entre altres coses, emmagatzemar i recuperar informaci\u00f3 sobre les decisions [&hellip;]\" \/>\n<meta property=\"og:url\" content=\"https:\/\/eurecat.org\/home\/politica-de-cookies\/\" \/>\n<meta property=\"og:site_name\" content=\"Eurecat Centre Tecnol\u00f2gic\" \/>\n<meta property=\"article:modified_time\" content=\"2025-09-26T08:33:52+00:00\" \/>\n<meta name=\"twitter:card\" content=\"summary_large_image\" \/>\n<meta name=\"twitter:site\" content=\"@Eurecat_news\" \/>\n<meta name=\"twitter:label1\" content=\"Temps estimat de lectura\" \/>\n\t<meta name=\"twitter:data1\" content=\"4 minuts\" \/>\n<script type=\"application\/ld+json\" class=\"yoast-schema-graph\">{\"@context\":\"https:\\\/\\\/schema.org\",\"@graph\":[{\"@type\":\"WebPage\",\"@id\":\"https:\\\/\\\/eurecat.org\\\/home\\\/politica-de-cookies\\\/\",\"url\":\"https:\\\/\\\/eurecat.org\\\/home\\\/politica-de-cookies\\\/\",\"name\":\"Pol\u00edtica de cookies - Eurecat Centre Tecnol\u00f2gic\",\"isPartOf\":{\"@id\":\"https:\\\/\\\/eurecat.org\\\/home\\\/#website\"},\"datePublished\":\"2024-06-19T08:28:41+00:00\",\"dateModified\":\"2025-09-26T08:33:52+00:00\",\"breadcrumb\":{\"@id\":\"https:\\\/\\\/eurecat.org\\\/home\\\/politica-de-cookies\\\/#breadcrumb\"},\"inLanguage\":\"ca\",\"potentialAction\":[{\"@type\":\"ReadAction\",\"target\":[\"https:\\\/\\\/eurecat.org\\\/home\\\/politica-de-cookies\\\/\"]}]},{\"@type\":\"BreadcrumbList\",\"@id\":\"https:\\\/\\\/eurecat.org\\\/home\\\/politica-de-cookies\\\/#breadcrumb\",\"itemListElement\":[{\"@type\":\"ListItem\",\"position\":1,\"name\":\"Inici\",\"item\":\"https:\\\/\\\/eurecat.org\\\/home\\\/\"},{\"@type\":\"ListItem\",\"position\":2,\"name\":\"Pol\u00edtica de cookies\"}]},{\"@type\":\"WebSite\",\"@id\":\"https:\\\/\\\/eurecat.org\\\/home\\\/#website\",\"url\":\"https:\\\/\\\/eurecat.org\\\/home\\\/\",\"name\":\"Eurecat Centre Tecnol\u00f2gic\",\"description\":\"Centre Tecnol\u00f2gic de Catalunya\",\"publisher\":{\"@id\":\"https:\\\/\\\/eurecat.org\\\/home\\\/#organization\"},\"potentialAction\":[{\"@type\":\"SearchAction\",\"target\":{\"@type\":\"EntryPoint\",\"urlTemplate\":\"https:\\\/\\\/eurecat.org\\\/home\\\/?s={search_term_string}\"},\"query-input\":{\"@type\":\"PropertyValueSpecification\",\"valueRequired\":true,\"valueName\":\"search_term_string\"}}],\"inLanguage\":\"ca\"},{\"@type\":\"Organization\",\"@id\":\"https:\\\/\\\/eurecat.org\\\/home\\\/#organization\",\"name\":\"Eurecat Centre Tecnol\u00f2gic\",\"url\":\"https:\\\/\\\/eurecat.org\\\/home\\\/\",\"logo\":{\"@type\":\"ImageObject\",\"inLanguage\":\"ca\",\"@id\":\"https:\\\/\\\/eurecat.org\\\/home\\\/#\\\/schema\\\/logo\\\/image\\\/\",\"url\":\"https:\\\/\\\/eurecat.org\\\/home\\\/wp-content\\\/uploads\\\/2023\\\/11\\\/eurecat-header-CAT.svg\",\"contentUrl\":\"https:\\\/\\\/eurecat.org\\\/home\\\/wp-content\\\/uploads\\\/2023\\\/11\\\/eurecat-header-CAT.svg\",\"caption\":\"Eurecat Centre Tecnol\u00f2gic\"},\"image\":{\"@id\":\"https:\\\/\\\/eurecat.org\\\/home\\\/#\\\/schema\\\/logo\\\/image\\\/\"},\"sameAs\":[\"https:\\\/\\\/x.com\\\/Eurecat_news\",\"https:\\\/\\\/www.youtube.com\\\/channel\\\/UCWeVIFJ___t_6ozc7bDaKZw\",\"https:\\\/\\\/www.linkedin.com\\\/company\\\/eurecat?trk=biz-companies-cym\",\"https:\\\/\\\/www.instagram.com\\\/eurecat_org\",\"https:\\\/\\\/www.tiktok.com\\\/@eurecat_org\"]}]}<\/script>\n<!-- \/ Yoast SEO plugin. -->","yoast_head_json":{"title":"Pol\u00edtica de cookies - Eurecat Centre Tecnol\u00f2gic","robots":{"index":"index","follow":"follow","max-snippet":"max-snippet:-1","max-image-preview":"max-image-preview:large","max-video-preview":"max-video-preview:-1"},"canonical":"https:\/\/eurecat.org\/home\/politica-de-cookies\/","og_locale":"ca_ES","og_type":"article","og_title":"Pol\u00edtica de cookies - Eurecat Centre Tecnol\u00f2gic","og_description":"Qu\u00e8 s\u00f3n les cookies i perqu\u00e8 s\u2019utilitzen? Una cookie \u00e9s un fitxer que es descarrega al dispositiu de l\u2019usuari a l\u2019accedir a determinats lloc web per emmagatzemar i recuperar informaci\u00f3 sobre la navegaci\u00f3 que s\u2019efectua des del seu equip. Les cookies permeten a aquest web, entre altres coses, emmagatzemar i recuperar informaci\u00f3 sobre les decisions [&hellip;]","og_url":"https:\/\/eurecat.org\/home\/politica-de-cookies\/","og_site_name":"Eurecat Centre Tecnol\u00f2gic","article_modified_time":"2025-09-26T08:33:52+00:00","twitter_card":"summary_large_image","twitter_site":"@Eurecat_news","twitter_misc":{"Temps estimat de lectura":"4 minuts"},"schema":{"@context":"https:\/\/schema.org","@graph":[{"@type":"WebPage","@id":"https:\/\/eurecat.org\/home\/politica-de-cookies\/","url":"https:\/\/eurecat.org\/home\/politica-de-cookies\/","name":"Pol\u00edtica de cookies - Eurecat Centre Tecnol\u00f2gic","isPartOf":{"@id":"https:\/\/eurecat.org\/home\/#website"},"datePublished":"2024-06-19T08:28:41+00:00","dateModified":"2025-09-26T08:33:52+00:00","breadcrumb":{"@id":"https:\/\/eurecat.org\/home\/politica-de-cookies\/#breadcrumb"},"inLanguage":"ca","potentialAction":[{"@type":"ReadAction","target":["https:\/\/eurecat.org\/home\/politica-de-cookies\/"]}]},{"@type":"BreadcrumbList","@id":"https:\/\/eurecat.org\/home\/politica-de-cookies\/#breadcrumb","itemListElement":[{"@type":"ListItem","position":1,"name":"Inici","item":"https:\/\/eurecat.org\/home\/"},{"@type":"ListItem","position":2,"name":"Pol\u00edtica de cookies"}]},{"@type":"WebSite","@id":"https:\/\/eurecat.org\/home\/#website","url":"https:\/\/eurecat.org\/home\/","name":"Eurecat Centre Tecnol\u00f2gic","description":"Centre Tecnol\u00f2gic de Catalunya","publisher":{"@id":"https:\/\/eurecat.org\/home\/#organization"},"potentialAction":[{"@type":"SearchAction","target":{"@type":"EntryPoint","urlTemplate":"https:\/\/eurecat.org\/home\/?s={search_term_string}"},"query-input":{"@type":"PropertyValueSpecification","valueRequired":true,"valueName":"search_term_string"}}],"inLanguage":"ca"},{"@type":"Organization","@id":"https:\/\/eurecat.org\/home\/#organization","name":"Eurecat Centre Tecnol\u00f2gic","url":"https:\/\/eurecat.org\/home\/","logo":{"@type":"ImageObject","inLanguage":"ca","@id":"https:\/\/eurecat.org\/home\/#\/schema\/logo\/image\/","url":"https:\/\/eurecat.org\/home\/wp-content\/uploads\/2023\/11\/eurecat-header-CAT.svg","contentUrl":"https:\/\/eurecat.org\/home\/wp-content\/uploads\/2023\/11\/eurecat-header-CAT.svg","caption":"Eurecat Centre Tecnol\u00f2gic"},"image":{"@id":"https:\/\/eurecat.org\/home\/#\/schema\/logo\/image\/"},"sameAs":["https:\/\/x.com\/Eurecat_news","https:\/\/www.youtube.com\/channel\/UCWeVIFJ___t_6ozc7bDaKZw","https:\/\/www.linkedin.com\/company\/eurecat?trk=biz-companies-cym","https:\/\/www.instagram.com\/eurecat_org","https:\/\/www.tiktok.com\/@eurecat_org"]}]}},"_links":{"self":[{"href":"https:\/\/eurecat.org\/home\/wp-json\/wp\/v2\/pages\/2567","targetHints":{"allow":["GET"]}}],"collection":[{"href":"https:\/\/eurecat.org\/home\/wp-json\/wp\/v2\/pages"}],"about":[{"href":"https:\/\/eurecat.org\/home\/wp-json\/wp\/v2\/types\/page"}],"author":[{"embeddable":true,"href":"https:\/\/eurecat.org\/home\/wp-json\/wp\/v2\/users\/4"}],"replies":[{"embeddable":true,"href":"https:\/\/eurecat.org\/home\/wp-json\/wp\/v2\/comments?post=2567"}],"version-history":[{"count":52,"href":"https:\/\/eurecat.org\/home\/wp-json\/wp\/v2\/pages\/2567\/revisions"}],"predecessor-version":[{"id":3955,"href":"https:\/\/eurecat.org\/home\/wp-json\/wp\/v2\/pages\/2567\/revisions\/3955"}],"wp:attachment":[{"href":"https:\/\/eurecat.org\/home\/wp-json\/wp\/v2\/media?parent=2567"}],"curies":[{"name":"wp","href":"https:\/\/api.w.org\/{rel}","templated":true}]}}